{"id":31877,"date":"2026-04-17T00:37:12","date_gmt":"2026-04-17T00:37:12","guid":{"rendered":"https:\/\/singuli.wpress.me\/index.php\/proizvod\/domo-friteza-8-l-1800w\/"},"modified":"2026-04-20T12:33:06","modified_gmt":"2026-04-20T12:33:06","slug":"domo-friteza-8-l-1800w","status":"publish","type":"product","link":"https:\/\/singuli.wpress.me\/index.php\/proizvod\/domo-friteza-8-l-1800w\/","title":{"rendered":"DOMO, friteza, 8 l &#8211; 1800W"},"content":{"rendered":"<p>\u2022 Friteza na vru\u0107i zrak: do 80% manje masno\u0107e od uobi\u010dajenog pr\u017eenja<br \/>\n\u2022 Brza cirkulacija zraka za brzo i nisko energetsko pr\u017eenje<br \/>\n\u2022 Za krumpiri\u0107e, krokete i grickalice, ali i piletinu, meso, quiche, kola\u010de i dr.<br \/>\n\u2022 Zapremina: 8 l<br \/>\n\u2022 2 kg<br \/>\n\u2022 Podesiva temperatura od 80\u00b0C do 220\u00b0C<br \/>\n\u2022 Tajmer do 60 minuta sa signalom za kraj<br \/>\n\u2022 8 automatski programa<br \/>\n\u2022 Funkcija podsjetnika za protresanje hrane<br \/>\n\u2022 Zaslon s upravlja\u010dkom plo\u010dom osjetljivom na dodir: digitalno pode\u0161avanje vremena i temperature<br \/>\n\u2022 Unutarnje svjetlo<br \/>\n\u2022 Prozor za provjeru procesa pe\u010denja<br \/>\n\u2022 Hladno ku\u0107i\u0161te i ru\u010dka na dodir<br \/>\n\u2022 Tava sa \u017earom i bez -stick premaz<br \/>\n\u2022 Za\u0161tita od pregrijavanja<br \/>\n\u2022 1800 W<br \/>\n\u2022Dimenzije:37,5 x 35,3 x 34 cm<\/p>\n","protected":false},"excerpt":{"rendered":"<p>Friteza na vru\u0107i zrak: do 80% manje masno\u0107e od uobi\u010dajenog pr\u017eenja<br \/>\nZapremina: 8 l<br \/>\nBrza cirkulacija zraka za brzo i nisko energetsko pr\u017eenje<\/p>\n","protected":false},"featured_media":31879,"template":"","meta":{"_seopress_robots_primary_cat":"","_seopress_titles_title":"","_seopress_titles_desc":"","_seopress_robots_index":"","iawp_total_views":0},"product_brand":[255],"product_cat":[266,265,160],"product_tag":[],"class_list":{"0":"post-31877","1":"product","2":"type-product","3":"status-publish","4":"has-post-thumbnail","6":"product_brand-domo","7":"product_cat-aparati-za-kuhanje-265","8":"product_cat-kuhinjski-aparati-160","9":"product_cat-mali-kucanski-aparati","11":"first","12":"instock","13":"shipping-taxable","14":"purchasable","15":"product-type-simple"},"_links":{"self":[{"href":"https:\/\/singuli.wpress.me\/index.php\/wp-json\/wp\/v2\/product\/31877","targetHints":{"allow":["GET"]}}],"collection":[{"href":"https:\/\/singuli.wpress.me\/index.php\/wp-json\/wp\/v2\/product"}],"about":[{"href":"https:\/\/singuli.wpress.me\/index.php\/wp-json\/wp\/v2\/types\/product"}],"version-history":[{"count":0,"href":"https:\/\/singuli.wpress.me\/index.php\/wp-json\/wp\/v2\/product\/31877\/revisions"}],"wp:featuredmedia":[{"embeddable":true,"href":"https:\/\/singuli.wpress.me\/index.php\/wp-json\/wp\/v2\/media\/31879"}],"wp:attachment":[{"href":"https:\/\/singuli.wpress.me\/index.php\/wp-json\/wp\/v2\/media?parent=31877"}],"wp:term":[{"taxonomy":"product_brand","embeddable":true,"href":"https:\/\/singuli.wpress.me\/index.php\/wp-json\/wp\/v2\/product_brand?post=31877"},{"taxonomy":"product_cat","embeddable":true,"href":"https:\/\/singuli.wpress.me\/index.php\/wp-json\/wp\/v2\/product_cat?post=31877"},{"taxonomy":"product_tag","embeddable":true,"href":"https:\/\/singuli.wpress.me\/index.php\/wp-json\/wp\/v2\/product_tag?post=31877"}],"curies":[{"name":"wp","href":"https:\/\/api.w.org\/{rel}","templated":true}]}}