{"id":31895,"date":"2026-04-17T00:37:20","date_gmt":"2026-04-17T00:37:20","guid":{"rendered":"https:\/\/singuli.wpress.me\/index.php\/proizvod\/monster-high-strugalica-high-friends-forever\/"},"modified":"2026-04-20T12:33:06","modified_gmt":"2026-04-20T12:33:06","slug":"monster-high-strugalica-high-friends-forever","status":"publish","type":"product","link":"https:\/\/singuli.wpress.me\/index.php\/proizvod\/monster-high-strugalica-high-friends-forever\/","title":{"rendered":"MONSTER HIGH, strugalica, High Friends Forever"},"content":{"rendered":"<p>U ovoj strugalici, prona\u0107i \u0107ete mno\u0161tvo slika koje \u0107ete otkriti grebanjem crne povr\u0161ine, otkrivaju\u0107i nevjerojatne efekte boja. Prepustite se svojoj kreativnosti dok va\u0161e umjetni\u010dke kreacije postupno izlaze na vidjelo, stvaraju\u0107i \u010darobne slike koje \u0107e vas o\u010darati svojom jedinstveno\u0161\u0107u. Uronite u svijet boja i ma\u0161te! <\/p>\n<p>Sadr\u017eaj pakiranja: Bilje\u017enica od 44 stranice formata 23&#215;18 cm, olovka za struganje<\/p>\n<p>Dob: 5+ god<\/p>\n","protected":false},"excerpt":{"rendered":"<p>Svijet boja i ma\u0161te<br \/>\nPoticanje kreativnosti<br \/>\nDob: 5+ god<\/p>\n","protected":false},"featured_media":31897,"template":"","meta":{"_seopress_robots_primary_cat":"","_seopress_titles_title":"","_seopress_titles_desc":"","_seopress_robots_index":"","iawp_total_views":0},"product_brand":[430],"product_cat":[221,291],"product_tag":[],"class_list":{"0":"post-31895","1":"product","2":"type-product","3":"status-publish","4":"has-post-thumbnail","6":"product_brand-monster-high","7":"product_cat-igracke","8":"product_cat-igracke-za-djecu-221","10":"first","11":"instock","12":"shipping-taxable","13":"purchasable","14":"product-type-simple"},"_links":{"self":[{"href":"https:\/\/singuli.wpress.me\/index.php\/wp-json\/wp\/v2\/product\/31895","targetHints":{"allow":["GET"]}}],"collection":[{"href":"https:\/\/singuli.wpress.me\/index.php\/wp-json\/wp\/v2\/product"}],"about":[{"href":"https:\/\/singuli.wpress.me\/index.php\/wp-json\/wp\/v2\/types\/product"}],"version-history":[{"count":0,"href":"https:\/\/singuli.wpress.me\/index.php\/wp-json\/wp\/v2\/product\/31895\/revisions"}],"wp:featuredmedia":[{"embeddable":true,"href":"https:\/\/singuli.wpress.me\/index.php\/wp-json\/wp\/v2\/media\/31897"}],"wp:attachment":[{"href":"https:\/\/singuli.wpress.me\/index.php\/wp-json\/wp\/v2\/media?parent=31895"}],"wp:term":[{"taxonomy":"product_brand","embeddable":true,"href":"https:\/\/singuli.wpress.me\/index.php\/wp-json\/wp\/v2\/product_brand?post=31895"},{"taxonomy":"product_cat","embeddable":true,"href":"https:\/\/singuli.wpress.me\/index.php\/wp-json\/wp\/v2\/product_cat?post=31895"},{"taxonomy":"product_tag","embeddable":true,"href":"https:\/\/singuli.wpress.me\/index.php\/wp-json\/wp\/v2\/product_tag?post=31895"}],"curies":[{"name":"wp","href":"https:\/\/api.w.org\/{rel}","templated":true}]}}