{"id":31908,"date":"2026-04-17T00:37:26","date_gmt":"2026-04-17T00:37:26","guid":{"rendered":"https:\/\/singuli.wpress.me\/index.php\/proizvod\/gdh-edukativna-igra-super-stol-igara\/"},"modified":"2026-04-20T12:33:06","modified_gmt":"2026-04-20T12:33:06","slug":"gdh-edukativna-igra-super-stol-igara","status":"publish","type":"product","link":"https:\/\/singuli.wpress.me\/index.php\/proizvod\/gdh-edukativna-igra-super-stol-igara\/","title":{"rendered":"GDH, edukativna igra, super stol igara"},"content":{"rendered":"<p>Do\u0111ite i istra\u017eite \u010darobni svijet u\u010denja na na\u0161em fantasti\u010dnom stolu, savr\u0161enom za djecu! Ovdje se prve spoznaje logike, pam\u0107enja i pa\u017enje pretvaraju u zabavne avanture pune ma\u0161te. S vi\u0161e od 10 edukativnih igara koje su jednostavne za u\u010denje i u\u017eivanje, ovaj stol je pravo blago za mlade istra\u017eiva\u010de. S mno\u0161tvom scena i likova iz animirane serije Gabby&#8217;s Dollhouse, djeca \u0107e zaroniti u svijet ma\u0161te dok istovremeno razvijaju klju\u010dne vje\u0161tine. Do\u017eivite u\u010denje na potpuno nov na\u010din uz na\u0161 fantasti\u010dni stol! <\/p>\n<p>Sadr\u017eaj pakiranja: edukacijski stol, obrazovne igre, marker za pisanje i brisanje, upute<\/p>\n<p>Dob: 2+ god<\/p>\n","protected":false},"excerpt":{"rendered":"<p>Spoznaja logike, pam\u0107enja i pa\u017enje<br \/>\nVi\u0161e od 10 edukativnih igara<br \/>\nDob: 2+ god<\/p>\n","protected":false},"featured_media":31910,"template":"","meta":{"_seopress_robots_primary_cat":"","_seopress_titles_title":"","_seopress_titles_desc":"","_seopress_robots_index":"","iawp_total_views":0},"product_brand":[489],"product_cat":[290,221],"product_tag":[],"class_list":{"0":"post-31908","1":"product","2":"type-product","3":"status-publish","4":"has-post-thumbnail","6":"product_brand-gdh","7":"product_cat-drustvene-igre-221","8":"product_cat-igracke","10":"first","11":"instock","12":"shipping-taxable","13":"purchasable","14":"product-type-simple"},"_links":{"self":[{"href":"https:\/\/singuli.wpress.me\/index.php\/wp-json\/wp\/v2\/product\/31908","targetHints":{"allow":["GET"]}}],"collection":[{"href":"https:\/\/singuli.wpress.me\/index.php\/wp-json\/wp\/v2\/product"}],"about":[{"href":"https:\/\/singuli.wpress.me\/index.php\/wp-json\/wp\/v2\/types\/product"}],"version-history":[{"count":0,"href":"https:\/\/singuli.wpress.me\/index.php\/wp-json\/wp\/v2\/product\/31908\/revisions"}],"wp:featuredmedia":[{"embeddable":true,"href":"https:\/\/singuli.wpress.me\/index.php\/wp-json\/wp\/v2\/media\/31910"}],"wp:attachment":[{"href":"https:\/\/singuli.wpress.me\/index.php\/wp-json\/wp\/v2\/media?parent=31908"}],"wp:term":[{"taxonomy":"product_brand","embeddable":true,"href":"https:\/\/singuli.wpress.me\/index.php\/wp-json\/wp\/v2\/product_brand?post=31908"},{"taxonomy":"product_cat","embeddable":true,"href":"https:\/\/singuli.wpress.me\/index.php\/wp-json\/wp\/v2\/product_cat?post=31908"},{"taxonomy":"product_tag","embeddable":true,"href":"https:\/\/singuli.wpress.me\/index.php\/wp-json\/wp\/v2\/product_tag?post=31908"}],"curies":[{"name":"wp","href":"https:\/\/api.w.org\/{rel}","templated":true}]}}