{"id":31925,"date":"2026-04-17T00:37:33","date_gmt":"2026-04-17T00:37:33","guid":{"rendered":"https:\/\/singuli.wpress.me\/index.php\/proizvod\/monster-high-blok-za-crtanje-monster-cute\/"},"modified":"2026-04-21T00:26:36","modified_gmt":"2026-04-21T00:26:36","slug":"monster-high-blok-za-crtanje-monster-cute","status":"publish","type":"product","link":"https:\/\/singuli.wpress.me\/index.php\/proizvod\/monster-high-blok-za-crtanje-monster-cute\/","title":{"rendered":"MONSTER HIGH, blok za crtanje, Monster Cute"},"content":{"rendered":"<p>U misterioznom bloku za crtanje, otvaraju se vrata za nevjerojatne avanture u <span style=\"font-weight: bold\">Monster High svijetu<\/span>! Zakora\u010di u \u010darobni svijet i pridru\u017ei se omiljenim likovima iz serije u mno\u0161tvu zabavnih aktivnosti. Odijevaj likove u blje\u0161tave naljepnice i stvaraj modne kombinacije koje \u0107e\u0161 voljeti! Zatim, o\u017eivi svoju ma\u0161tu bojanjem slika pomo\u0107u prilo\u017eenih olovaka. No, tu nije kraj! Specijalne ljepljive stranice \u010dekaju tvoje umjetni\u010dko nadahnu\u0107e &#8211; ukrasi ih metalik i holografskim folijama, sjajnim prahom i blistavim kristalima! U\u017eivaj u \u010daroliji Monster High svijeta dok stvara\u0161 vlastita remek-djela!<\/p>\n<p>Sadr\u017eaj pakiranja: Blok za crtanje s unutarnjom mapom s tvrdim uvezom i magnetskim zatvaranjem, 30 stranica za bojanje s raznovrsnim kreativnim aktivnostima veli\u010dine 16&#215;22 cm,  5 posebnih ljepljivih stranica, 6 flomastera, svjetlucave naljepnice, ljepljivi kristali, svjetlucavi prah<\/p>\n<p> Dob: 5+ god<\/p>\n","protected":false},"excerpt":{"rendered":"<p>Stvaranje vlastitih remek djela<br \/>\nNevjerojatne avanture u Monster High svijetu<br \/>\nDob: 5+ god<\/p>\n","protected":false},"featured_media":31927,"template":"","meta":{"_seopress_robots_primary_cat":"","_seopress_titles_title":"","_seopress_titles_desc":"","_seopress_robots_index":"","iawp_total_views":0},"product_brand":[430],"product_cat":[221,291],"product_tag":[],"class_list":{"0":"post-31925","1":"product","2":"type-product","3":"status-publish","4":"has-post-thumbnail","6":"product_brand-monster-high","7":"product_cat-igracke","8":"product_cat-igracke-za-djecu-221","10":"first","11":"instock","12":"shipping-taxable","13":"purchasable","14":"product-type-simple"},"_links":{"self":[{"href":"https:\/\/singuli.wpress.me\/index.php\/wp-json\/wp\/v2\/product\/31925","targetHints":{"allow":["GET"]}}],"collection":[{"href":"https:\/\/singuli.wpress.me\/index.php\/wp-json\/wp\/v2\/product"}],"about":[{"href":"https:\/\/singuli.wpress.me\/index.php\/wp-json\/wp\/v2\/types\/product"}],"version-history":[{"count":0,"href":"https:\/\/singuli.wpress.me\/index.php\/wp-json\/wp\/v2\/product\/31925\/revisions"}],"wp:featuredmedia":[{"embeddable":true,"href":"https:\/\/singuli.wpress.me\/index.php\/wp-json\/wp\/v2\/media\/31927"}],"wp:attachment":[{"href":"https:\/\/singuli.wpress.me\/index.php\/wp-json\/wp\/v2\/media?parent=31925"}],"wp:term":[{"taxonomy":"product_brand","embeddable":true,"href":"https:\/\/singuli.wpress.me\/index.php\/wp-json\/wp\/v2\/product_brand?post=31925"},{"taxonomy":"product_cat","embeddable":true,"href":"https:\/\/singuli.wpress.me\/index.php\/wp-json\/wp\/v2\/product_cat?post=31925"},{"taxonomy":"product_tag","embeddable":true,"href":"https:\/\/singuli.wpress.me\/index.php\/wp-json\/wp\/v2\/product_tag?post=31925"}],"curies":[{"name":"wp","href":"https:\/\/api.w.org\/{rel}","templated":true}]}}