{"id":31956,"date":"2026-04-17T00:37:55","date_gmt":"2026-04-17T00:37:55","guid":{"rendered":"https:\/\/singuli.wpress.me\/index.php\/proizvod\/twistshake-inovativna-360-salica-plava-230-ml\/"},"modified":"2026-04-21T00:26:36","modified_gmt":"2026-04-21T00:26:36","slug":"twistshake-inovativna-360-salica-plava-230-ml","status":"publish","type":"product","link":"https:\/\/singuli.wpress.me\/index.php\/proizvod\/twistshake-inovativna-360-salica-plava-230-ml\/","title":{"rendered":"TWISTSHAKE inovativna 360\u00b0, \u0161alica, plava, 230\u00a0ml"},"content":{"rendered":"<p><span style=\"font-weight: bold\">Twistshakes inovativna \u0161alica 360\u00b0<\/span> je idealna \u0161alica kojom \u0107e Va\u0161e dijete nau\u010diti samostalno piti bez prolijevanja. <\/p>\n<p>Krug od 360\u00b0 omogu\u0107uje pijenje sa svih strana, ba\u0161 kao i obi\u010dna \u010da\u0161a za pi\u0107e. Otporan je na prolijevanje i ima dvije ergonomski oblikovane ru\u010dke koje se lako dr\u017ee. \u0160alica ima 230 ml i namijenjena je djeci od 6 mjeseci.<\/p>\n<p>\u2665\ufe0e Lako se pije sa svih strana<br \/>\n\u2665\ufe0e Savr\u0161ena \u0161alica za u\u010denje samostalnog pijenja<br \/>\n\u2665\ufe0e Dizajn otporan na prolijevanje<br \/>\n\u2665\ufe0e Bo\u010dne ru\u010dke &#8211; lako dr\u017eanje za malu djecu<br \/>\n\u2665\ufe0e Bez BPA. Mo\u017ee se prati u perilici posu\u0111a<\/p>\n<p>Na\u0161a \u0161alica 360\u00b0 ima sve pametne zna\u010dajke koje mo\u017eete po\u017eeljeti, dok Va\u0161em djetetu omogu\u0107uje vje\u017ebanje tehnike pijenja iz obi\u010dne \u010da\u0161e. Sa svojom posebnom silikonskom brtvom, izljev se automatski zatvara \u010dim Va\u0161e dijete prestane piti, \u0161to djetetu olak\u0161ava kontrolu protoka.<\/p>\n","protected":false},"excerpt":{"rendered":"<p>Inovativna \u0161alica 360\u00b0<br \/>\nSavr\u0161ena \u0161alica za u\u010denje samostalnog pijenja<br \/>\nDizajn otporan na prolijevanje<\/p>\n","protected":false},"featured_media":31957,"template":"","meta":{"_seopress_robots_primary_cat":"","_seopress_titles_title":"","_seopress_titles_desc":"","_seopress_robots_index":"","iawp_total_views":0},"product_brand":[433],"product_cat":[274,238],"product_tag":[],"class_list":{"0":"post-31956","1":"product","2":"type-product","3":"status-publish","4":"has-post-thumbnail","6":"product_brand-twistshake","7":"product_cat-kucanski-pribor-238","8":"product_cat-sve-za-dom","10":"first","11":"instock","12":"shipping-taxable","13":"purchasable","14":"product-type-simple"},"_links":{"self":[{"href":"https:\/\/singuli.wpress.me\/index.php\/wp-json\/wp\/v2\/product\/31956","targetHints":{"allow":["GET"]}}],"collection":[{"href":"https:\/\/singuli.wpress.me\/index.php\/wp-json\/wp\/v2\/product"}],"about":[{"href":"https:\/\/singuli.wpress.me\/index.php\/wp-json\/wp\/v2\/types\/product"}],"version-history":[{"count":0,"href":"https:\/\/singuli.wpress.me\/index.php\/wp-json\/wp\/v2\/product\/31956\/revisions"}],"wp:featuredmedia":[{"embeddable":true,"href":"https:\/\/singuli.wpress.me\/index.php\/wp-json\/wp\/v2\/media\/31957"}],"wp:attachment":[{"href":"https:\/\/singuli.wpress.me\/index.php\/wp-json\/wp\/v2\/media?parent=31956"}],"wp:term":[{"taxonomy":"product_brand","embeddable":true,"href":"https:\/\/singuli.wpress.me\/index.php\/wp-json\/wp\/v2\/product_brand?post=31956"},{"taxonomy":"product_cat","embeddable":true,"href":"https:\/\/singuli.wpress.me\/index.php\/wp-json\/wp\/v2\/product_cat?post=31956"},{"taxonomy":"product_tag","embeddable":true,"href":"https:\/\/singuli.wpress.me\/index.php\/wp-json\/wp\/v2\/product_tag?post=31956"}],"curies":[{"name":"wp","href":"https:\/\/api.w.org\/{rel}","templated":true}]}}