{"id":32077,"date":"2026-04-17T00:39:13","date_gmt":"2026-04-17T00:39:13","guid":{"rendered":"https:\/\/singuli.wpress.me\/index.php\/proizvod\/barbie-dreamtopia-princeza-lutka\/"},"modified":"2026-04-21T00:26:36","modified_gmt":"2026-04-21T00:26:36","slug":"barbie-dreamtopia-princeza-lutka","status":"publish","type":"product","link":"https:\/\/singuli.wpress.me\/index.php\/proizvod\/barbie-dreamtopia-princeza-lutka\/","title":{"rendered":"BARBIE Dreamtopia princeza, lutka"},"content":{"rendered":"<p>\n    Barbie\u00ae lutka u korzetu s motivom leptira i raznobojnim dodacima<\/p>\n<p>\n    Ova Barbie\u00ae lutka je spremna za igru u elegantnom kraljevskom izdanju! Ima jarko obojene pramenove u kosi i nosi prekrasno detaljiran ombre korzet s pripadaju\u0107om suknjom s motivom leptira.<\/p>\n<p>\n    Lutka dolazi s raznobojnim dodacima za jo\u0161 vi\u0161e zabave u presvla\u010denju, uklju\u010duju\u0107i traku za kosu s leptirima, ogrlicu i cipele.<\/p>\n<p>\n    Djeca mogu otkriti i druge kraljevske lutke iz kolekcije te osmisliti pri\u010de o prijateljstvu i pro\u0161iriti svoj ma\u0161toviti svijet! (Napomena: Svaka se prodaje zasebno, ovisno o dostupnosti. Boje i ukrasi mogu varirati. Lutke ne mogu samostalno stajati.)<\/p>\n","protected":false},"excerpt":{"rendered":"<p>Modno izdanje: Ombre korzet i suknja s motivom leptira<br \/>\nBogati dodaci: Uklju\u010deni raznobojni dodaci (traka za kosu s leptirima, ogrlica, cipele)<br \/>\nDetalj frizure: Kosa s jarko obojenim pramenovima<\/p>\n","protected":false},"featured_media":32079,"template":"","meta":{"_seopress_robots_primary_cat":"","_seopress_titles_title":"","_seopress_titles_desc":"","_seopress_robots_index":"","iawp_total_views":0},"product_brand":[324],"product_cat":[221,291],"product_tag":[],"class_list":{"0":"post-32077","1":"product","2":"type-product","3":"status-publish","4":"has-post-thumbnail","6":"product_brand-barbie","7":"product_cat-igracke","8":"product_cat-igracke-za-djecu-221","10":"first","11":"instock","12":"shipping-taxable","13":"purchasable","14":"product-type-simple"},"_links":{"self":[{"href":"https:\/\/singuli.wpress.me\/index.php\/wp-json\/wp\/v2\/product\/32077","targetHints":{"allow":["GET"]}}],"collection":[{"href":"https:\/\/singuli.wpress.me\/index.php\/wp-json\/wp\/v2\/product"}],"about":[{"href":"https:\/\/singuli.wpress.me\/index.php\/wp-json\/wp\/v2\/types\/product"}],"version-history":[{"count":0,"href":"https:\/\/singuli.wpress.me\/index.php\/wp-json\/wp\/v2\/product\/32077\/revisions"}],"wp:featuredmedia":[{"embeddable":true,"href":"https:\/\/singuli.wpress.me\/index.php\/wp-json\/wp\/v2\/media\/32079"}],"wp:attachment":[{"href":"https:\/\/singuli.wpress.me\/index.php\/wp-json\/wp\/v2\/media?parent=32077"}],"wp:term":[{"taxonomy":"product_brand","embeddable":true,"href":"https:\/\/singuli.wpress.me\/index.php\/wp-json\/wp\/v2\/product_brand?post=32077"},{"taxonomy":"product_cat","embeddable":true,"href":"https:\/\/singuli.wpress.me\/index.php\/wp-json\/wp\/v2\/product_cat?post=32077"},{"taxonomy":"product_tag","embeddable":true,"href":"https:\/\/singuli.wpress.me\/index.php\/wp-json\/wp\/v2\/product_tag?post=32077"}],"curies":[{"name":"wp","href":"https:\/\/api.w.org\/{rel}","templated":true}]}}