{"id":32103,"date":"2026-04-17T00:39:27","date_gmt":"2026-04-17T00:39:27","guid":{"rendered":"https:\/\/singuli.wpress.me\/index.php\/proizvod\/wahl-extreme-grip-trimer-za-bradu\/"},"modified":"2026-04-20T12:33:07","modified_gmt":"2026-04-20T12:33:07","slug":"wahl-extreme-grip-trimer-za-bradu","status":"publish","type":"product","link":"https:\/\/singuli.wpress.me\/index.php\/proizvod\/wahl-extreme-grip-trimer-za-bradu\/","title":{"rendered":"WAHL Extreme Grip, trimer za bradu"},"content":{"rendered":"<p>Izvrsna izvedba svaki put:<br \/>\nZahvaljuju\u0107i sna\u017enom motoru i precizno izra\u0111enim o\u0161tricama od nehr\u0111aju\u0107eg \u010delika.<\/p>\n<p>Izdr\u017eljiva neklizaju\u0107a podloga:<br \/>\nTrajna i izdr\u017eljiva podloga osigurava potpunu kontrolu tijekom kori\u0161tenja.<\/p>\n<p>Oja\u010dane vodilice s \u010de\u0161ljem:<br \/>\nOtporne vodilice dizajnirane s kra\u0107im zubima za bolju vidljivost.<\/p>\n","protected":false},"excerpt":{"rendered":"<p>Izvrsna izvedba svaki put<br \/>\nIzdr\u017eljiva neklizaju\u0107a podloga<br \/>\nOja\u010dane vodilice s \u010de\u0161ljem<\/p>\n","protected":false},"featured_media":32105,"template":"","meta":{"_seopress_robots_primary_cat":"","_seopress_titles_title":"","_seopress_titles_desc":"","_seopress_robots_index":"","iawp_total_views":0},"product_brand":[159],"product_cat":[280,192,279],"product_tag":[],"class_list":{"0":"post-32103","1":"product","2":"type-product","3":"status-publish","4":"has-post-thumbnail","6":"product_brand-wahl","7":"product_cat-aparati-za-muskarce-279","8":"product_cat-aparati-za-osobnu-njegu","9":"product_cat-brijanje-i-sisanje-192","11":"first","12":"outofstock","13":"shipping-taxable","14":"purchasable","15":"product-type-simple"},"_links":{"self":[{"href":"https:\/\/singuli.wpress.me\/index.php\/wp-json\/wp\/v2\/product\/32103","targetHints":{"allow":["GET"]}}],"collection":[{"href":"https:\/\/singuli.wpress.me\/index.php\/wp-json\/wp\/v2\/product"}],"about":[{"href":"https:\/\/singuli.wpress.me\/index.php\/wp-json\/wp\/v2\/types\/product"}],"version-history":[{"count":0,"href":"https:\/\/singuli.wpress.me\/index.php\/wp-json\/wp\/v2\/product\/32103\/revisions"}],"wp:featuredmedia":[{"embeddable":true,"href":"https:\/\/singuli.wpress.me\/index.php\/wp-json\/wp\/v2\/media\/32105"}],"wp:attachment":[{"href":"https:\/\/singuli.wpress.me\/index.php\/wp-json\/wp\/v2\/media?parent=32103"}],"wp:term":[{"taxonomy":"product_brand","embeddable":true,"href":"https:\/\/singuli.wpress.me\/index.php\/wp-json\/wp\/v2\/product_brand?post=32103"},{"taxonomy":"product_cat","embeddable":true,"href":"https:\/\/singuli.wpress.me\/index.php\/wp-json\/wp\/v2\/product_cat?post=32103"},{"taxonomy":"product_tag","embeddable":true,"href":"https:\/\/singuli.wpress.me\/index.php\/wp-json\/wp\/v2\/product_tag?post=32103"}],"curies":[{"name":"wp","href":"https:\/\/api.w.org\/{rel}","templated":true}]}}