{"id":32137,"date":"2026-04-17T00:39:42","date_gmt":"2026-04-17T00:39:42","guid":{"rendered":"https:\/\/singuli.wpress.me\/index.php\/proizvod\/revlon-style-twist-susilo-za-kosu\/"},"modified":"2026-04-20T12:33:07","modified_gmt":"2026-04-20T12:33:07","slug":"revlon-style-twist-susilo-za-kosu","status":"publish","type":"product","link":"https:\/\/singuli.wpress.me\/index.php\/proizvod\/revlon-style-twist-susilo-za-kosu\/","title":{"rendered":"REVLON Style Twist, su\u0161ilo za kosu"},"content":{"rendered":"<p>Prilagodba temperature<br \/>\nTri postavke temperature i brzine te gumb za hladni zrak omogu\u0107uju prilagodbu su\u0161enja kose prema va\u0161im potrebama i \u017eeljama.<br \/>\nPrakti\u010dno odlaganje<br \/>\nVje\u0161alica omogu\u0107uje jednostavno i prakti\u010dno odlaganje ure\u0111aja nakon upotrebe, \u0161tede\u0107i prostor i olak\u0161avaju\u0107i pristup tijekom svakodnevne rutine njege kose.<br \/>\nUnutra\u0161nji koncetrator<br \/>\nUgra\u0111eni koncentrator se rotira za 90\u00b0 kako bi usmjerio zrak to\u010dno tamo gdje \u017eelite, za potpunu kontrolu.<br \/>\n\u0160ira dvostruka glava<br \/>\nOmogu\u0107uje precizno oblikovanje, usmjeravanje zraka i ve\u0107e pokrivanje za br\u017ee, bolje su\u0161enje.<br \/>\n3X kerami\u010dka turmalinska tehnologija<br \/>\nObuzdava neposlu\u0161nu kosu, pobolj\u0161ava sjaj.<br \/>\nDiffuser za pobolj\u0161anje kovr\u010da<br \/>\nDefinira oblik va\u0161ih kovr\u010da i smanjuje neposlu\u0161nost.<br \/>\nSnaga od 2000 vata<br \/>\nBrzo su\u0161enje kose.<br \/>\nU\u010dinkovito su\u0161enje<br \/>\nDugi i uski koncentrator pove\u0107ava protok zraka i cilja \u0161ire dijelove kose od obi\u010dnog koncentratora. Obuzdava neposlu\u0161nu kosu, pobolj\u0161ava sjaj.<\/p>\n","protected":false},"excerpt":{"rendered":"<p>Tri postavke temperature i brzine<br \/>\nObuzdava neposlu\u0161nu kosu<br \/>\nBrzo su\u0161enje kose<\/p>\n","protected":false},"featured_media":32138,"template":"","meta":{"_seopress_robots_primary_cat":"","_seopress_titles_title":"","_seopress_titles_desc":"","_seopress_robots_index":"","iawp_total_views":0},"product_brand":[155],"product_cat":[192,319],"product_tag":[],"class_list":{"0":"post-32137","1":"product","2":"type-product","3":"status-publish","4":"has-post-thumbnail","6":"product_brand-revlon","7":"product_cat-aparati-za-osobnu-njegu","8":"product_cat-susila-za-kosu-pegla-i-uvijaci-192","10":"first","11":"outofstock","12":"shipping-taxable","13":"purchasable","14":"product-type-simple"},"_links":{"self":[{"href":"https:\/\/singuli.wpress.me\/index.php\/wp-json\/wp\/v2\/product\/32137","targetHints":{"allow":["GET"]}}],"collection":[{"href":"https:\/\/singuli.wpress.me\/index.php\/wp-json\/wp\/v2\/product"}],"about":[{"href":"https:\/\/singuli.wpress.me\/index.php\/wp-json\/wp\/v2\/types\/product"}],"version-history":[{"count":0,"href":"https:\/\/singuli.wpress.me\/index.php\/wp-json\/wp\/v2\/product\/32137\/revisions"}],"wp:featuredmedia":[{"embeddable":true,"href":"https:\/\/singuli.wpress.me\/index.php\/wp-json\/wp\/v2\/media\/32138"}],"wp:attachment":[{"href":"https:\/\/singuli.wpress.me\/index.php\/wp-json\/wp\/v2\/media?parent=32137"}],"wp:term":[{"taxonomy":"product_brand","embeddable":true,"href":"https:\/\/singuli.wpress.me\/index.php\/wp-json\/wp\/v2\/product_brand?post=32137"},{"taxonomy":"product_cat","embeddable":true,"href":"https:\/\/singuli.wpress.me\/index.php\/wp-json\/wp\/v2\/product_cat?post=32137"},{"taxonomy":"product_tag","embeddable":true,"href":"https:\/\/singuli.wpress.me\/index.php\/wp-json\/wp\/v2\/product_tag?post=32137"}],"curies":[{"name":"wp","href":"https:\/\/api.w.org\/{rel}","templated":true}]}}