{"id":32155,"date":"2026-04-17T00:39:47","date_gmt":"2026-04-17T00:39:47","guid":{"rendered":"https:\/\/singuli.wpress.me\/index.php\/proizvod\/borotalco-active-mandarin-deo-roll-on-50-ml\/"},"modified":"2026-04-20T12:33:07","modified_gmt":"2026-04-20T12:33:07","slug":"borotalco-active-mandarin-deo-roll-on-50-ml","status":"publish","type":"product","link":"https:\/\/singuli.wpress.me\/index.php\/proizvod\/borotalco-active-mandarin-deo-roll-on-50-ml\/","title":{"rendered":"BOROTALCO Active Mandarin, deo roll-on, 50\u00a0ml"},"content":{"rendered":"<p>Borotalco Active Mandarin deo roll-on donosi u\u010dinkovitu formulu koja se bori protiv znojenja i va\u0161em tijelu osigurava predivan miris citrusa. Inovativna formula s mikrokapsulama koje se aktiviraju kretanjem va\u0161em tijelu osigurava ugodnu i pouzdanu za\u0161titu od znoja u svakom trenutku. Borotalco Active Mandarin deo roll-on donosi predivan miris mandarine i nerolija u kojem \u0107ete u\u017eivati te mo\u017eete zaboraviti na neugodne mirise koji su vas pratili prije kori\u0161tenja ovog roll-ona. \u017delite li dugotrajnu i u\u010dinkovitu za\u0161titu od znojenja s predivnim mirisom mandarine, Borotalco deo roll-on Active Mandarin idealan je izbor.<\/p>\n","protected":false},"excerpt":{"rendered":"<p>Aktivno se bori protiv znojenja<br \/>\nInovativna formula s mikrokapsulama\u200b<br \/>\nUspje\u0161no sprje\u010dava pojavljivanje neugodnih mirisa<\/p>\n","protected":false},"featured_media":32156,"template":"","meta":{"_seopress_robots_primary_cat":"","_seopress_titles_title":"","_seopress_titles_desc":"","_seopress_robots_index":"","iawp_total_views":0},"product_brand":[484],"product_cat":[285,268],"product_tag":[],"class_list":{"0":"post-32155","1":"product","2":"type-product","3":"status-publish","4":"has-post-thumbnail","6":"product_brand-borotalco","7":"product_cat-dezodoransi-268","8":"product_cat-kozmetika-2","10":"first","11":"instock","12":"shipping-taxable","13":"purchasable","14":"product-type-simple"},"_links":{"self":[{"href":"https:\/\/singuli.wpress.me\/index.php\/wp-json\/wp\/v2\/product\/32155","targetHints":{"allow":["GET"]}}],"collection":[{"href":"https:\/\/singuli.wpress.me\/index.php\/wp-json\/wp\/v2\/product"}],"about":[{"href":"https:\/\/singuli.wpress.me\/index.php\/wp-json\/wp\/v2\/types\/product"}],"version-history":[{"count":0,"href":"https:\/\/singuli.wpress.me\/index.php\/wp-json\/wp\/v2\/product\/32155\/revisions"}],"wp:featuredmedia":[{"embeddable":true,"href":"https:\/\/singuli.wpress.me\/index.php\/wp-json\/wp\/v2\/media\/32156"}],"wp:attachment":[{"href":"https:\/\/singuli.wpress.me\/index.php\/wp-json\/wp\/v2\/media?parent=32155"}],"wp:term":[{"taxonomy":"product_brand","embeddable":true,"href":"https:\/\/singuli.wpress.me\/index.php\/wp-json\/wp\/v2\/product_brand?post=32155"},{"taxonomy":"product_cat","embeddable":true,"href":"https:\/\/singuli.wpress.me\/index.php\/wp-json\/wp\/v2\/product_cat?post=32155"},{"taxonomy":"product_tag","embeddable":true,"href":"https:\/\/singuli.wpress.me\/index.php\/wp-json\/wp\/v2\/product_tag?post=32155"}],"curies":[{"name":"wp","href":"https:\/\/api.w.org\/{rel}","templated":true}]}}