{"id":32171,"date":"2026-04-17T00:39:55","date_gmt":"2026-04-17T00:39:55","guid":{"rendered":"https:\/\/singuli.wpress.me\/index.php\/proizvod\/plantaze-vranac-bag-in-box-crno-vino-3-l\/"},"modified":"2026-04-20T12:33:07","modified_gmt":"2026-04-20T12:33:07","slug":"plantaze-vranac-bag-in-box-crno-vino-3-l","status":"publish","type":"product","link":"https:\/\/singuli.wpress.me\/index.php\/proizvod\/plantaze-vranac-bag-in-box-crno-vino-3-l\/","title":{"rendered":"PLANTA\u017dE Vranac bag in box, crno vino, 3\u00a0l"},"content":{"rendered":"<p><span style=\"font-weight: bold\">&quot;Bag in Box&quot; <\/span>kartonska je ambala\u017ea za nadaleko poznati Kvalitetni Vranac i Chardonnay tvrtke &quot;Planta\u017ee&quot;. Zbog konstantno velikog interesa potro\u0161a\u010da za ovim vinima, &quot;Planta\u017ee&quot; Vam predstavljaju prakti\u010dna pakiranja od 3 i 5 litara. Pakiranje &quot;Bag in box&quot; potvrda je da &quot;Planta\u017ee&quot; vode ra\u010duna o zahtjevima tr\u017ei\u0161ta i potro\u0161a\u010dima nude jednostavnije na\u010dine u\u017eivanja u kvalitetnim vinima u svim prilikama.<br \/>\nPrednosti<span style=\"font-weight: bold\"> na\u0161eg novog pakiranja:<\/span><br \/>\n\u2713 &quot;Bag in Box&quot; je jednostavna tehnologija punjenja, \u010duvanja i konzumiranja vina. Ova tehnologija omogu\u0107ava da organolepti\u010dka svojstva vina ostaju nepromijenjena najmanje 4 tjedna nakon otvaranja<br \/>\n\u2713 Vino se lako to\u010di slobodnim padom na \u010da\u0161u u ugostiteljskim objektima i doma\u0107instvima<br \/>\n\u2713 Lako se otvara i prakti\u010dki gdje god po\u017eelite mo\u017eete u\u017eivati u vinu jer vam ne trebaju otvara\u010di i \u010depovi<br \/>\n\u2713 Lak je za transport i no\u0161enje\u2013 nema straha da \u0107e se slomiti, jer su materijali u kojima je pakirano vino kompaktna vre\u0107ica i karton<\/p>\n<p>Kvalitetni Vranac koji se nalazi u pakiranju &quot;Bag in Box&quot; \u2013 je kvaliteno vino od istoimene autohtone sorte (Vranac) ! 70% ukupnih povr\u0161ina je pod sortom Vranac u vinogradu &quot;Planta\u017ea&quot;, koji je najve\u0107i u jednom kompleksu u cijeloj Europi. Od sorte Vranac, &quot;Planta\u017ee&quot; proizvode cijelu obitelj vina, a razlika je u tome \u0161to je Vrhunski Vranac pakiran u bocama od 0,75l i bocama 0,187l, dok je Kvalitetni Vranac u bocama od 1litre i sada u pakiranju bag in boxa od 3 i 5 litara !!<\/p>\n","protected":false},"excerpt":{"rendered":"<p>Bag in Box je jednostavna tehnologija punjenja, \u010duvanja i konzumiranja vina<br \/>\nLak je za transport i no\u0161enje<br \/>\nKvaliteno vino od istoimene autohtone sorte (Vranac)<\/p>\n","protected":false},"featured_media":32173,"template":"","meta":{"_seopress_robots_primary_cat":"","_seopress_titles_title":"","_seopress_titles_desc":"","_seopress_robots_index":"","iawp_total_views":0},"product_brand":[508],"product_cat":[298,261],"product_tag":[],"class_list":{"0":"post-32171","1":"product","2":"type-product","3":"status-publish","4":"has-post-thumbnail","6":"product_brand-plantaze","7":"product_cat-alkoholna-pica-261","8":"product_cat-hrana-i-pice","10":"first","11":"instock","12":"shipping-taxable","13":"purchasable","14":"product-type-simple"},"_links":{"self":[{"href":"https:\/\/singuli.wpress.me\/index.php\/wp-json\/wp\/v2\/product\/32171","targetHints":{"allow":["GET"]}}],"collection":[{"href":"https:\/\/singuli.wpress.me\/index.php\/wp-json\/wp\/v2\/product"}],"about":[{"href":"https:\/\/singuli.wpress.me\/index.php\/wp-json\/wp\/v2\/types\/product"}],"version-history":[{"count":0,"href":"https:\/\/singuli.wpress.me\/index.php\/wp-json\/wp\/v2\/product\/32171\/revisions"}],"wp:featuredmedia":[{"embeddable":true,"href":"https:\/\/singuli.wpress.me\/index.php\/wp-json\/wp\/v2\/media\/32173"}],"wp:attachment":[{"href":"https:\/\/singuli.wpress.me\/index.php\/wp-json\/wp\/v2\/media?parent=32171"}],"wp:term":[{"taxonomy":"product_brand","embeddable":true,"href":"https:\/\/singuli.wpress.me\/index.php\/wp-json\/wp\/v2\/product_brand?post=32171"},{"taxonomy":"product_cat","embeddable":true,"href":"https:\/\/singuli.wpress.me\/index.php\/wp-json\/wp\/v2\/product_cat?post=32171"},{"taxonomy":"product_tag","embeddable":true,"href":"https:\/\/singuli.wpress.me\/index.php\/wp-json\/wp\/v2\/product_tag?post=32171"}],"curies":[{"name":"wp","href":"https:\/\/api.w.org\/{rel}","templated":true}]}}