{"id":32229,"date":"2026-04-17T00:40:19","date_gmt":"2026-04-17T00:40:19","guid":{"rendered":"https:\/\/singuli.wpress.me\/index.php\/proizvod\/borotalco-men-invisible-musk-deo-roll-on-50-ml\/"},"modified":"2026-04-20T12:33:07","modified_gmt":"2026-04-20T12:33:07","slug":"borotalco-men-invisible-musk-deo-roll-on-50-ml","status":"publish","type":"product","link":"https:\/\/singuli.wpress.me\/index.php\/proizvod\/borotalco-men-invisible-musk-deo-roll-on-50-ml\/","title":{"rendered":"BOROTALCO Men Invisible Musk, deo roll-on, 50\u00a0ml"},"content":{"rendered":"<p>Do\u017eivite novo iskustvo s Borotalco Men Absolute Invisible Dry dezodoransom. Ovaj deo roll-on namijenjen je mu\u0161karcima koji tra\u017ee za\u0161titu od znoja i mrlja. Zarazan i samopouzdan foug\u00e8re Musk miris na bazi mo\u0161usa isti\u010de dugotrajne drvene amber note uz svje\u017ee arome. Borotalco Men Absolute Invisible Dry sadr\u017ei ekskluzivnu formulu koja kombinira u\u010dinkovitost talka s mre\u017eom nevidljivih molekula koje ne ostavljaju tragove, mirise i mrlje. Za za\u0161titu od mrlja na odje\u0107i i ekstra suhi u\u010dinak na ko\u017ei.<\/p>\n","protected":false},"excerpt":{"rendered":"<p>Ne ostavlja tragove<br \/>\nU\u010dinkovit do 72 h<br \/>\n0 % alkohola<\/p>\n","protected":false},"featured_media":32230,"template":"","meta":{"_seopress_robots_primary_cat":"","_seopress_titles_title":"","_seopress_titles_desc":"","_seopress_robots_index":"","iawp_total_views":0},"product_brand":[484],"product_cat":[285,268],"product_tag":[],"class_list":{"0":"post-32229","1":"product","2":"type-product","3":"status-publish","4":"has-post-thumbnail","6":"product_brand-borotalco","7":"product_cat-dezodoransi-268","8":"product_cat-kozmetika-2","10":"first","11":"instock","12":"shipping-taxable","13":"purchasable","14":"product-type-simple"},"_links":{"self":[{"href":"https:\/\/singuli.wpress.me\/index.php\/wp-json\/wp\/v2\/product\/32229","targetHints":{"allow":["GET"]}}],"collection":[{"href":"https:\/\/singuli.wpress.me\/index.php\/wp-json\/wp\/v2\/product"}],"about":[{"href":"https:\/\/singuli.wpress.me\/index.php\/wp-json\/wp\/v2\/types\/product"}],"version-history":[{"count":0,"href":"https:\/\/singuli.wpress.me\/index.php\/wp-json\/wp\/v2\/product\/32229\/revisions"}],"wp:featuredmedia":[{"embeddable":true,"href":"https:\/\/singuli.wpress.me\/index.php\/wp-json\/wp\/v2\/media\/32230"}],"wp:attachment":[{"href":"https:\/\/singuli.wpress.me\/index.php\/wp-json\/wp\/v2\/media?parent=32229"}],"wp:term":[{"taxonomy":"product_brand","embeddable":true,"href":"https:\/\/singuli.wpress.me\/index.php\/wp-json\/wp\/v2\/product_brand?post=32229"},{"taxonomy":"product_cat","embeddable":true,"href":"https:\/\/singuli.wpress.me\/index.php\/wp-json\/wp\/v2\/product_cat?post=32229"},{"taxonomy":"product_tag","embeddable":true,"href":"https:\/\/singuli.wpress.me\/index.php\/wp-json\/wp\/v2\/product_tag?post=32229"}],"curies":[{"name":"wp","href":"https:\/\/api.w.org\/{rel}","templated":true}]}}