{"id":32249,"date":"2026-04-17T00:40:27","date_gmt":"2026-04-17T00:40:27","guid":{"rendered":"https:\/\/singuli.wpress.me\/index.php\/proizvod\/barbie-pop-reveal-lutka-mango-bubble-tea\/"},"modified":"2026-04-20T12:33:07","modified_gmt":"2026-04-20T12:33:07","slug":"barbie-pop-reveal-lutka-mango-bubble-tea","status":"publish","type":"product","link":"https:\/\/singuli.wpress.me\/index.php\/proizvod\/barbie-pop-reveal-lutka-mango-bubble-tea\/","title":{"rendered":"BARBIE Pop Reveal, lutka, mango bubble tea"},"content":{"rendered":"<p>Barbie lutka s iznena\u0111enjima i osjetilnim do\u017eivljajem &#8211; pakiranje otkriva mirisnu Barbiku s mirisom bubble tea Mango Mochi, uz dodatne igra\u010dke poput slime pjene i kockica leda. Lutke imaju svijetlu kosu i 9 pokretnih zglobova. Svaka Pop Reveal Barbie dolazi s 8 iznena\u0111enja, uklju\u010duju\u0107i 2 aktivacije promjene boje. Pakiranje je dizajnirano tako da se skine za\u0161titni omot, a ostaje \u010da\u0161a za pi\u0107e u kojoj se skriva lutka i dodaci.<\/p>\n","protected":false},"excerpt":{"rendered":"<p>Lutka s mirisom mango bubble tea i 8 iznena\u0111enja, uklju\u010duju\u0107i aktivacije promjene boje<br \/>\nMogu\u0107nost aktivacije promjene boje<br \/>\nDob: 3+ god<\/p>\n","protected":false},"featured_media":32250,"template":"","meta":{"_seopress_robots_primary_cat":"","_seopress_titles_title":"","_seopress_titles_desc":"","_seopress_robots_index":"","iawp_total_views":0},"product_brand":[324],"product_cat":[221,291],"product_tag":[],"class_list":{"0":"post-32249","1":"product","2":"type-product","3":"status-publish","4":"has-post-thumbnail","6":"product_brand-barbie","7":"product_cat-igracke","8":"product_cat-igracke-za-djecu-221","10":"first","11":"instock","12":"shipping-taxable","13":"purchasable","14":"product-type-simple"},"_links":{"self":[{"href":"https:\/\/singuli.wpress.me\/index.php\/wp-json\/wp\/v2\/product\/32249","targetHints":{"allow":["GET"]}}],"collection":[{"href":"https:\/\/singuli.wpress.me\/index.php\/wp-json\/wp\/v2\/product"}],"about":[{"href":"https:\/\/singuli.wpress.me\/index.php\/wp-json\/wp\/v2\/types\/product"}],"version-history":[{"count":0,"href":"https:\/\/singuli.wpress.me\/index.php\/wp-json\/wp\/v2\/product\/32249\/revisions"}],"wp:featuredmedia":[{"embeddable":true,"href":"https:\/\/singuli.wpress.me\/index.php\/wp-json\/wp\/v2\/media\/32250"}],"wp:attachment":[{"href":"https:\/\/singuli.wpress.me\/index.php\/wp-json\/wp\/v2\/media?parent=32249"}],"wp:term":[{"taxonomy":"product_brand","embeddable":true,"href":"https:\/\/singuli.wpress.me\/index.php\/wp-json\/wp\/v2\/product_brand?post=32249"},{"taxonomy":"product_cat","embeddable":true,"href":"https:\/\/singuli.wpress.me\/index.php\/wp-json\/wp\/v2\/product_cat?post=32249"},{"taxonomy":"product_tag","embeddable":true,"href":"https:\/\/singuli.wpress.me\/index.php\/wp-json\/wp\/v2\/product_tag?post=32249"}],"curies":[{"name":"wp","href":"https:\/\/api.w.org\/{rel}","templated":true}]}}