{"id":32256,"date":"2026-04-17T00:40:30","date_gmt":"2026-04-17T00:40:30","guid":{"rendered":"https:\/\/singuli.wpress.me\/index.php\/proizvod\/hot-wheels-neonska-dvostruka-petlja-set-za-igru\/"},"modified":"2026-04-20T12:33:07","modified_gmt":"2026-04-20T12:33:07","slug":"hot-wheels-neonska-dvostruka-petlja-set-za-igru","status":"publish","type":"product","link":"https:\/\/singuli.wpress.me\/index.php\/proizvod\/hot-wheels-neonska-dvostruka-petlja-set-za-igru\/","title":{"rendered":"HOT WHEELS neonska dvostruka petlja, set za igru"},"content":{"rendered":"<p>\n    Hot Wheels\u00ae Neonska staza s dvostrukom petljom<\/p>\n<p>\n    Hot Wheels\u00ae neonska staza s dvostrukom petljom donosi uzbudljive utrke i vratolomije s posebnom neon tematikom!<\/p>\n<p>\n    Djeca lansiraju svoj Hot Wheels\u00ae auti\u0107 kroz obrnuti dvostruki loop na posebnoj trobojnoj stazi. Auti\u0107i izlaze iz loopa i prolaze kroz cilj kod kojeg se okre\u0107e neon reklamni pano.<\/p>\n<p>\n    Set se lako sklapa za prakti\u010dno spremanje, s predvi\u0111enim prostorima za spremanje svih dijelova i Hot Wheels\u00ae auti\u0107a, \u010duvaju\u0107i sve na jednom sigurnom mjestu. Staza se mo\u017ee kombinirati s drugim stazama i setovima za igru, omogu\u0107uju\u0107i beskrajnu zabavu.<\/p>\n","protected":false},"excerpt":{"rendered":"<p>Uzbudljiva neon tematika i obrnuti dvostruki loop<br \/>\nLako se sklapa za prakti\u010dno skladi\u0161tenje i spremanje svih dijelova i auti\u0107a<br \/>\nMogu\u0107nost kombiniranja s drugim stazama i setovima.<\/p>\n","protected":false},"featured_media":32257,"template":"","meta":{"_seopress_robots_primary_cat":"","_seopress_titles_title":"","_seopress_titles_desc":"","_seopress_robots_index":"","iawp_total_views":0},"product_brand":[429],"product_cat":[221,263],"product_tag":[],"class_list":{"0":"post-32256","1":"product","2":"type-product","3":"status-publish","4":"has-post-thumbnail","6":"product_brand-hot-wheels","7":"product_cat-igracke","8":"product_cat-tematske-igracke-221","10":"first","11":"instock","12":"shipping-taxable","13":"purchasable","14":"product-type-simple"},"_links":{"self":[{"href":"https:\/\/singuli.wpress.me\/index.php\/wp-json\/wp\/v2\/product\/32256","targetHints":{"allow":["GET"]}}],"collection":[{"href":"https:\/\/singuli.wpress.me\/index.php\/wp-json\/wp\/v2\/product"}],"about":[{"href":"https:\/\/singuli.wpress.me\/index.php\/wp-json\/wp\/v2\/types\/product"}],"version-history":[{"count":0,"href":"https:\/\/singuli.wpress.me\/index.php\/wp-json\/wp\/v2\/product\/32256\/revisions"}],"wp:featuredmedia":[{"embeddable":true,"href":"https:\/\/singuli.wpress.me\/index.php\/wp-json\/wp\/v2\/media\/32257"}],"wp:attachment":[{"href":"https:\/\/singuli.wpress.me\/index.php\/wp-json\/wp\/v2\/media?parent=32256"}],"wp:term":[{"taxonomy":"product_brand","embeddable":true,"href":"https:\/\/singuli.wpress.me\/index.php\/wp-json\/wp\/v2\/product_brand?post=32256"},{"taxonomy":"product_cat","embeddable":true,"href":"https:\/\/singuli.wpress.me\/index.php\/wp-json\/wp\/v2\/product_cat?post=32256"},{"taxonomy":"product_tag","embeddable":true,"href":"https:\/\/singuli.wpress.me\/index.php\/wp-json\/wp\/v2\/product_tag?post=32256"}],"curies":[{"name":"wp","href":"https:\/\/api.w.org\/{rel}","templated":true}]}}