{"id":32405,"date":"2026-04-17T00:42:00","date_gmt":"2026-04-17T00:42:00","guid":{"rendered":"https:\/\/singuli.wpress.me\/index.php\/proizvod\/somersby-cider-marakuja-i-naranca-24x0-5l\/"},"modified":"2026-04-20T12:33:08","modified_gmt":"2026-04-20T12:33:08","slug":"somersby-cider-marakuja-i-naranca-24x0-5l","status":"publish","type":"product","link":"https:\/\/singuli.wpress.me\/index.php\/proizvod\/somersby-cider-marakuja-i-naranca-24x0-5l\/","title":{"rendered":"SOMERSBY, cider, marakuja i naran\u010da, 24&#215;0.5l"},"content":{"rendered":"<p>Somersby marakuja&amp;naran\u010da je osvje\u017eavaju\u0107i vo\u0107ni cider koji spaja slatko-kiseli okus marakuje s citrusnom svje\u017einom naran\u010de. Savr\u0161en je izbor za ljetne dane ili opu\u0161tena dru\u017eenja s prijateljima, pru\u017eaju\u0107i laganu i vo\u0107nu alternativu klasi\u010dnim napitcima. S njegovim bogatim aromama i uravnote\u017eenim okusom, Somersby Marakuja Naran\u010da idealan je za sve koji tra\u017ee ne\u0161to novo i neodoljivo vo\u0107no. Poslu\u017euje se ohla\u0111en za najbolji do\u017eivljaj.<\/p>\n","protected":false},"excerpt":{"rendered":"<p>Razbla\u017eeno vo\u0107no vino od jabuke<br \/>\nPravo osvje\u017eenje s mjehuri\u0107ima<br \/>\nAlk. 4,5% vol.<\/p>\n","protected":false},"featured_media":32406,"template":"","meta":{"_seopress_robots_primary_cat":"","_seopress_titles_title":"","_seopress_titles_desc":"","_seopress_robots_index":"","iawp_total_views":0},"product_brand":[517],"product_cat":[298,261],"product_tag":[],"class_list":{"0":"post-32405","1":"product","2":"type-product","3":"status-publish","4":"has-post-thumbnail","6":"product_brand-somersby","7":"product_cat-alkoholna-pica-261","8":"product_cat-hrana-i-pice","10":"first","11":"outofstock","12":"shipping-taxable","13":"purchasable","14":"product-type-simple"},"_links":{"self":[{"href":"https:\/\/singuli.wpress.me\/index.php\/wp-json\/wp\/v2\/product\/32405","targetHints":{"allow":["GET"]}}],"collection":[{"href":"https:\/\/singuli.wpress.me\/index.php\/wp-json\/wp\/v2\/product"}],"about":[{"href":"https:\/\/singuli.wpress.me\/index.php\/wp-json\/wp\/v2\/types\/product"}],"version-history":[{"count":0,"href":"https:\/\/singuli.wpress.me\/index.php\/wp-json\/wp\/v2\/product\/32405\/revisions"}],"wp:featuredmedia":[{"embeddable":true,"href":"https:\/\/singuli.wpress.me\/index.php\/wp-json\/wp\/v2\/media\/32406"}],"wp:attachment":[{"href":"https:\/\/singuli.wpress.me\/index.php\/wp-json\/wp\/v2\/media?parent=32405"}],"wp:term":[{"taxonomy":"product_brand","embeddable":true,"href":"https:\/\/singuli.wpress.me\/index.php\/wp-json\/wp\/v2\/product_brand?post=32405"},{"taxonomy":"product_cat","embeddable":true,"href":"https:\/\/singuli.wpress.me\/index.php\/wp-json\/wp\/v2\/product_cat?post=32405"},{"taxonomy":"product_tag","embeddable":true,"href":"https:\/\/singuli.wpress.me\/index.php\/wp-json\/wp\/v2\/product_tag?post=32405"}],"curies":[{"name":"wp","href":"https:\/\/api.w.org\/{rel}","templated":true}]}}