{"id":32434,"date":"2026-04-17T00:42:15","date_gmt":"2026-04-17T00:42:15","guid":{"rendered":"https:\/\/singuli.wpress.me\/index.php\/proizvod\/barbie-igracka-mini-svijet-kuce\/"},"modified":"2026-04-21T00:26:38","modified_gmt":"2026-04-21T00:26:38","slug":"barbie-igracka-mini-svijet-kuce","status":"publish","type":"product","link":"https:\/\/singuli.wpress.me\/index.php\/proizvod\/barbie-igracka-mini-svijet-kuce\/","title":{"rendered":"BARBIE, igra\u010dka, Mini Svijet kuce"},"content":{"rendered":"<p>Ovi kompleti mini ku\u0107a za lutke spremni su za igru \u200b\u200bili izlaganje. Raspolo\u017eive su tri vrste Barbie ku\u0107a (svaka se prodaje pojedina\u010dno). Smanjena replike kultne Barbie ku\u0107e iz snova dolazi s kutijom ispunjenom mini Barbie iznena\u0111enjima &#8211; mini ljubimcem i dodatkom za ku\u0107ne ljubimce \u2013 i naravno, svaka ku\u0107a ima lift, tobogan i bazen koji radi. Lutka od 3.8 cm uklju\u010dena je u set. Lutkice su razli\u010dite i savijaju se u struku. Prilo\u017eena baza u obliku srca odgovara setovima za igru (svaki se prodaje pojedina\u010dno). Uklju\u010duje 1 mini lutku Barbie, 1 mini ku\u0107u iz snova, 1 ku\u0107nog ljubimca i misteriozne dodatke koji \u0107e vas ostaviti bez daha.<\/p>\n","protected":false},"excerpt":{"rendered":"<p>Kompleti mini ku\u0107a za lutke spremni su za igru \u200b\u200bili izlaganje<br \/>\nLutkice su razli\u010dite i savijaju se u struku<br \/>\nDob: 3+ god<\/p>\n","protected":false},"featured_media":32436,"template":"","meta":{"_seopress_robots_primary_cat":"","_seopress_titles_title":"","_seopress_titles_desc":"","_seopress_robots_index":"","iawp_total_views":0},"product_brand":[324],"product_cat":[274,238],"product_tag":[],"class_list":{"0":"post-32434","1":"product","2":"type-product","3":"status-publish","4":"has-post-thumbnail","6":"product_brand-barbie","7":"product_cat-kucanski-pribor-238","8":"product_cat-sve-za-dom","10":"first","11":"instock","12":"shipping-taxable","13":"purchasable","14":"product-type-simple"},"_links":{"self":[{"href":"https:\/\/singuli.wpress.me\/index.php\/wp-json\/wp\/v2\/product\/32434","targetHints":{"allow":["GET"]}}],"collection":[{"href":"https:\/\/singuli.wpress.me\/index.php\/wp-json\/wp\/v2\/product"}],"about":[{"href":"https:\/\/singuli.wpress.me\/index.php\/wp-json\/wp\/v2\/types\/product"}],"version-history":[{"count":0,"href":"https:\/\/singuli.wpress.me\/index.php\/wp-json\/wp\/v2\/product\/32434\/revisions"}],"wp:featuredmedia":[{"embeddable":true,"href":"https:\/\/singuli.wpress.me\/index.php\/wp-json\/wp\/v2\/media\/32436"}],"wp:attachment":[{"href":"https:\/\/singuli.wpress.me\/index.php\/wp-json\/wp\/v2\/media?parent=32434"}],"wp:term":[{"taxonomy":"product_brand","embeddable":true,"href":"https:\/\/singuli.wpress.me\/index.php\/wp-json\/wp\/v2\/product_brand?post=32434"},{"taxonomy":"product_cat","embeddable":true,"href":"https:\/\/singuli.wpress.me\/index.php\/wp-json\/wp\/v2\/product_cat?post=32434"},{"taxonomy":"product_tag","embeddable":true,"href":"https:\/\/singuli.wpress.me\/index.php\/wp-json\/wp\/v2\/product_tag?post=32434"}],"curies":[{"name":"wp","href":"https:\/\/api.w.org\/{rel}","templated":true}]}}