{"id":32481,"date":"2026-04-17T00:42:48","date_gmt":"2026-04-17T00:42:48","guid":{"rendered":"https:\/\/singuli.wpress.me\/index.php\/proizvod\/illy-classic-kapsule-10-kom\/"},"modified":"2026-04-21T00:26:38","modified_gmt":"2026-04-21T00:26:38","slug":"illy-classic-kapsule-10-kom","status":"publish","type":"product","link":"https:\/\/singuli.wpress.me\/index.php\/proizvod\/illy-classic-kapsule-10-kom\/","title":{"rendered":"ILLY Classic, kapsule, 10\u00a0kom"},"content":{"rendered":"<p><span style=\"font-weight: bold\">ILLY kapsule Classic<\/span> donose vam savr\u0161eno uravnote\u017een espresso s bogatom aromom i punim okusom. Ove kapsule sadr\u017ee pa\u017eljivo odabranu 100% arabicu, koja osigurava glatko\u0107u i postojanost okusa u svakoj \u0161alici kave. Pakiranje od 10 kapsula savr\u0161eno je za ljubitelje kave koji \u017eele brzu i prakti\u010dnu pripremu, a da pritom ne kompromitiraju kvalitetu. Kompatibilne su s ILLY aparatima za kavu te su idealne za svaki trenutak kada vam je potrebna doza vrhunske talijanske kave.<\/p>\n","protected":false},"excerpt":{"rendered":"<p>Klasi\u010dno pr\u017eena kava<br \/>\n100% Arabica<br \/>\nIntenzitet 5\/9<\/p>\n","protected":false},"featured_media":32482,"template":"","meta":{"_seopress_robots_primary_cat":"","_seopress_titles_title":"","_seopress_titles_desc":"","_seopress_robots_index":"","iawp_total_views":0},"product_brand":[527],"product_cat":[211,289],"product_tag":[],"class_list":{"0":"post-32481","1":"product","2":"type-product","3":"status-publish","4":"has-post-thumbnail","6":"product_brand-illy","7":"product_cat-njega-majke-i-djeteta","8":"product_cat-trudnoca-i-vitamini-211","10":"first","11":"outofstock","12":"shipping-taxable","13":"purchasable","14":"product-type-simple"},"_links":{"self":[{"href":"https:\/\/singuli.wpress.me\/index.php\/wp-json\/wp\/v2\/product\/32481","targetHints":{"allow":["GET"]}}],"collection":[{"href":"https:\/\/singuli.wpress.me\/index.php\/wp-json\/wp\/v2\/product"}],"about":[{"href":"https:\/\/singuli.wpress.me\/index.php\/wp-json\/wp\/v2\/types\/product"}],"version-history":[{"count":0,"href":"https:\/\/singuli.wpress.me\/index.php\/wp-json\/wp\/v2\/product\/32481\/revisions"}],"wp:featuredmedia":[{"embeddable":true,"href":"https:\/\/singuli.wpress.me\/index.php\/wp-json\/wp\/v2\/media\/32482"}],"wp:attachment":[{"href":"https:\/\/singuli.wpress.me\/index.php\/wp-json\/wp\/v2\/media?parent=32481"}],"wp:term":[{"taxonomy":"product_brand","embeddable":true,"href":"https:\/\/singuli.wpress.me\/index.php\/wp-json\/wp\/v2\/product_brand?post=32481"},{"taxonomy":"product_cat","embeddable":true,"href":"https:\/\/singuli.wpress.me\/index.php\/wp-json\/wp\/v2\/product_cat?post=32481"},{"taxonomy":"product_tag","embeddable":true,"href":"https:\/\/singuli.wpress.me\/index.php\/wp-json\/wp\/v2\/product_tag?post=32481"}],"curies":[{"name":"wp","href":"https:\/\/api.w.org\/{rel}","templated":true}]}}