{"id":32622,"date":"2026-04-17T00:43:42","date_gmt":"2026-04-17T00:43:42","guid":{"rendered":"https:\/\/singuli.wpress.me\/index.php\/proizvod\/lavazza-a-modo-mio-intenso-kapsule-16-kom\/"},"modified":"2026-04-20T12:33:09","modified_gmt":"2026-04-20T12:33:09","slug":"lavazza-a-modo-mio-intenso-kapsule-16-kom","status":"publish","type":"product","link":"https:\/\/singuli.wpress.me\/index.php\/proizvod\/lavazza-a-modo-mio-intenso-kapsule-16-kom\/","title":{"rendered":"LAVAZZA A Modo Mio Intenso, kapsule, 16\u00a0kom"},"content":{"rendered":"<p>Intenso: Miris Istoka u jednoj \u0161alici<\/p>\n<p>U\u017eivajte u zavodljivo intenzivnom do\u017eivljaju kave s na\u0161om Intenso mje\u0161avinom. Iz savr\u0161enog spoja ju\u017enoameri\u010dke Arabice te azijske i afri\u010dke Robuste nastaje odva\u017ean, puni espresso. Svaki gutljaj otkrit \u0107e vam miris Istoka i jedinstvene za\u010dinske note koje ovoj kavi daju poseban, sna\u017ean karakter. Intenso je idealan izbor za sve koji tra\u017ee bogat i energi\u010dan po\u010detak dana.<\/p>\n","protected":false},"excerpt":{"rendered":"<p>Espresso je odva\u017ean i punog tijela, savr\u0161en za ljubitelje jake kave<br \/>\nOkus je oboga\u0107en jedinstvenim za\u010dinskim notama<br \/>\nJedinstvena aroma koja podsje\u0107a na daleke krajeve i egzoti\u010dne za\u010dine.<\/p>\n","protected":false},"featured_media":32624,"template":"","meta":{"_seopress_robots_primary_cat":"","_seopress_titles_title":"","_seopress_titles_desc":"","_seopress_robots_index":"","iawp_total_views":0},"product_brand":[393],"product_cat":[211,289],"product_tag":[],"class_list":{"0":"post-32622","1":"product","2":"type-product","3":"status-publish","4":"has-post-thumbnail","6":"product_brand-lavazza","7":"product_cat-njega-majke-i-djeteta","8":"product_cat-trudnoca-i-vitamini-211","10":"first","11":"instock","12":"shipping-taxable","13":"purchasable","14":"product-type-simple"},"_links":{"self":[{"href":"https:\/\/singuli.wpress.me\/index.php\/wp-json\/wp\/v2\/product\/32622","targetHints":{"allow":["GET"]}}],"collection":[{"href":"https:\/\/singuli.wpress.me\/index.php\/wp-json\/wp\/v2\/product"}],"about":[{"href":"https:\/\/singuli.wpress.me\/index.php\/wp-json\/wp\/v2\/types\/product"}],"version-history":[{"count":0,"href":"https:\/\/singuli.wpress.me\/index.php\/wp-json\/wp\/v2\/product\/32622\/revisions"}],"wp:featuredmedia":[{"embeddable":true,"href":"https:\/\/singuli.wpress.me\/index.php\/wp-json\/wp\/v2\/media\/32624"}],"wp:attachment":[{"href":"https:\/\/singuli.wpress.me\/index.php\/wp-json\/wp\/v2\/media?parent=32622"}],"wp:term":[{"taxonomy":"product_brand","embeddable":true,"href":"https:\/\/singuli.wpress.me\/index.php\/wp-json\/wp\/v2\/product_brand?post=32622"},{"taxonomy":"product_cat","embeddable":true,"href":"https:\/\/singuli.wpress.me\/index.php\/wp-json\/wp\/v2\/product_cat?post=32622"},{"taxonomy":"product_tag","embeddable":true,"href":"https:\/\/singuli.wpress.me\/index.php\/wp-json\/wp\/v2\/product_tag?post=32622"}],"curies":[{"name":"wp","href":"https:\/\/api.w.org\/{rel}","templated":true}]}}