{"id":32642,"date":"2026-04-17T00:43:48","date_gmt":"2026-04-17T00:43:48","guid":{"rendered":"https:\/\/singuli.wpress.me\/index.php\/proizvod\/pantene-pro-v-color-protect-balzam-za-kosu-275-ml\/"},"modified":"2026-04-20T12:33:09","modified_gmt":"2026-04-20T12:33:09","slug":"pantene-pro-v-color-protect-balzam-za-kosu-275-ml","status":"publish","type":"product","link":"https:\/\/singuli.wpress.me\/index.php\/proizvod\/pantene-pro-v-color-protect-balzam-za-kosu-275-ml\/","title":{"rendered":"PANTENE Pro-V Color Protect, balzam za kosu, 275\u00a0ml"},"content":{"rendered":"<p>Otkrijte <span style=\"font-weight: bold\">balzam Pantene Color Protect<\/span>, svog neizostavnog saveznika u svakodnevnoj njezi kose. Balzam za svakodnevnu upotrebu za obojenu kosu ili kosu s pramenovima blistavog i zdravog izgleda. <br \/>\nNahranite kosu na\u0161om jedinstvenom formulom PRO-V, sna\u017enom kombinacijom PRO-vitamina B5, lipida za ja\u010danje kose i za\u0161titnih antioksidansa. Osna\u017eena tehnologijom ACTIVE NUTRI-PLEX, na\u0161a napredna formula oboga\u0107ena s 50 % vi\u0161e sastojaka za za\u0161titu veza u vlasima kose poma\u017ee obnoviti i za\u0161tititi obojenu kosu ili kosu s pramenovima od o\u0161te\u0107enja uzrokovanih oblikovanjem.<br \/>\nTestirao Swiss Vitamin Institute. Iskusite vrhunsku njegu kose uz balzam Pro-V Active Nutri-Plex Color Protect i usvojite rutinu koja va\u0161u kosu \u010dini sjajnom i zdravom. <\/p>\n<p>Na\u010din primjene:<br \/>\nNanesite na \u010ditavu duljinu kose, od vrhova prema korijenima. Temeljito isperite.<\/p>\n","protected":false},"excerpt":{"rendered":"<p>Balzam sadr\u017ei formulu Pro-V i tehnologiju Active Nutri-Plex<br \/>\nBalzam Color Protect hrani kosu jedinstvenom formulom s 50 % vi\u0161e sastojaka za za\u0161titu veza u vlasima kose<br \/>\nHrani kosu jedinstvenom formulom Pro-V za sjajnu boju i vidljivo zdravu kosu<\/p>\n","protected":false},"featured_media":32643,"template":"","meta":{"_seopress_robots_primary_cat":"","_seopress_titles_title":"","_seopress_titles_desc":"","_seopress_robots_index":"","iawp_total_views":0},"product_brand":[411],"product_cat":[268,300],"product_tag":[],"class_list":{"0":"post-32642","1":"product","2":"type-product","3":"status-publish","4":"has-post-thumbnail","6":"product_brand-pantene","7":"product_cat-kozmetika-2","8":"product_cat-njega-kose-268","10":"first","11":"instock","12":"shipping-taxable","13":"purchasable","14":"product-type-simple"},"_links":{"self":[{"href":"https:\/\/singuli.wpress.me\/index.php\/wp-json\/wp\/v2\/product\/32642","targetHints":{"allow":["GET"]}}],"collection":[{"href":"https:\/\/singuli.wpress.me\/index.php\/wp-json\/wp\/v2\/product"}],"about":[{"href":"https:\/\/singuli.wpress.me\/index.php\/wp-json\/wp\/v2\/types\/product"}],"version-history":[{"count":0,"href":"https:\/\/singuli.wpress.me\/index.php\/wp-json\/wp\/v2\/product\/32642\/revisions"}],"wp:featuredmedia":[{"embeddable":true,"href":"https:\/\/singuli.wpress.me\/index.php\/wp-json\/wp\/v2\/media\/32643"}],"wp:attachment":[{"href":"https:\/\/singuli.wpress.me\/index.php\/wp-json\/wp\/v2\/media?parent=32642"}],"wp:term":[{"taxonomy":"product_brand","embeddable":true,"href":"https:\/\/singuli.wpress.me\/index.php\/wp-json\/wp\/v2\/product_brand?post=32642"},{"taxonomy":"product_cat","embeddable":true,"href":"https:\/\/singuli.wpress.me\/index.php\/wp-json\/wp\/v2\/product_cat?post=32642"},{"taxonomy":"product_tag","embeddable":true,"href":"https:\/\/singuli.wpress.me\/index.php\/wp-json\/wp\/v2\/product_tag?post=32642"}],"curies":[{"name":"wp","href":"https:\/\/api.w.org\/{rel}","templated":true}]}}