{"id":32677,"date":"2026-04-17T00:44:01","date_gmt":"2026-04-17T00:44:01","guid":{"rendered":"https:\/\/singuli.wpress.me\/index.php\/proizvod\/make-it-real-set-za-izradu-narukvica-best-day-ever-2\/"},"modified":"2026-04-17T00:44:01","modified_gmt":"2026-04-17T00:44:01","slug":"make-it-real-set-za-izradu-narukvica-best-day-ever-2","status":"publish","type":"product","link":"https:\/\/singuli.wpress.me\/index.php\/proizvod\/make-it-real-set-za-izradu-narukvica-best-day-ever-2\/","title":{"rendered":"MAKE IT REAL, set za izradu narukvica, Best Day Ever"},"content":{"rendered":"<p>Do\u017eivite vrhunac kreativnosti i mode uz luksuzni set nakita, savr\u0161en za djevoj\u010dice i njihove prijateljice! <br \/>\nOvaj ekskluzivni set omogu\u0107uje vam izradu vi\u0161e od 30 unikatnih narukvica pomo\u0107u elasti\u010dnih traka, raznovrsnih privjesaka i vi\u0161e od 2100 perli. Uz bogatu kolekciju privjesaka, heishi perli i abecednih perli, mo\u017eete izra\u0111ivati narukvice prijateljstva koje \u0107ete podijeliti sa svojim prijateljicama.<br \/>\nSet je savr\u0161en poklon za mlade modne entuzijastice, bilo da se radi o ro\u0111endanskoj zabavi, blagdanu ili jednostavno zato \u0161to \u017eelite razveseliti nekoga. Sastavljanje narukvica ne samo da razvija fine motori\u010dke vje\u0161tine kod djece, ve\u0107 im omogu\u0107uje i da izraze svoju jedinstvenu kreativnost.<br \/>\nUz uklju\u010deni organizator za perlice, kreiranje uzoraka i organizacija perlica postaju jednostavni i zabavni, omogu\u0107uju\u0107i besprijekoran proces izrade. Djevoj\u010dice \u0107e u\u017eivati u svakom trenutku dok stvaraju svoje posebne narukvice i dijele ih sa svojim najboljim prijateljicama.<br \/>\nDob: 8+<\/p>\n","protected":false},"excerpt":{"rendered":"<p>Set za izradu vi\u0161e od 30 unikatnih narukvic<br \/>\nRazvija fine motori\u010dke vje\u0161tine i kreativnost<br \/>\nDob: 8+ god<\/p>\n","protected":false},"featured_media":32679,"template":"","meta":{"_seopress_robots_primary_cat":"","_seopress_titles_title":"","_seopress_titles_desc":"","_seopress_robots_index":"","iawp_total_views":0},"product_brand":[441],"product_cat":[221,291],"product_tag":[],"class_list":{"0":"post-32677","1":"product","2":"type-product","3":"status-publish","4":"has-post-thumbnail","6":"product_brand-make-it-real","7":"product_cat-igracke","8":"product_cat-igracke-za-djecu-221","10":"first","11":"instock","12":"shipping-taxable","13":"purchasable","14":"product-type-simple"},"_links":{"self":[{"href":"https:\/\/singuli.wpress.me\/index.php\/wp-json\/wp\/v2\/product\/32677","targetHints":{"allow":["GET"]}}],"collection":[{"href":"https:\/\/singuli.wpress.me\/index.php\/wp-json\/wp\/v2\/product"}],"about":[{"href":"https:\/\/singuli.wpress.me\/index.php\/wp-json\/wp\/v2\/types\/product"}],"version-history":[{"count":0,"href":"https:\/\/singuli.wpress.me\/index.php\/wp-json\/wp\/v2\/product\/32677\/revisions"}],"wp:featuredmedia":[{"embeddable":true,"href":"https:\/\/singuli.wpress.me\/index.php\/wp-json\/wp\/v2\/media\/32679"}],"wp:attachment":[{"href":"https:\/\/singuli.wpress.me\/index.php\/wp-json\/wp\/v2\/media?parent=32677"}],"wp:term":[{"taxonomy":"product_brand","embeddable":true,"href":"https:\/\/singuli.wpress.me\/index.php\/wp-json\/wp\/v2\/product_brand?post=32677"},{"taxonomy":"product_cat","embeddable":true,"href":"https:\/\/singuli.wpress.me\/index.php\/wp-json\/wp\/v2\/product_cat?post=32677"},{"taxonomy":"product_tag","embeddable":true,"href":"https:\/\/singuli.wpress.me\/index.php\/wp-json\/wp\/v2\/product_tag?post=32677"}],"curies":[{"name":"wp","href":"https:\/\/api.w.org\/{rel}","templated":true}]}}