{"id":32731,"date":"2026-04-17T00:44:59","date_gmt":"2026-04-17T00:44:59","guid":{"rendered":"https:\/\/singuli.wpress.me\/index.php\/proizvod\/gillette-venus-comfortglide-poklon-paket\/"},"modified":"2026-04-21T00:26:38","modified_gmt":"2026-04-21T00:26:38","slug":"gillette-venus-comfortglide-poklon-paket","status":"publish","type":"product","link":"https:\/\/singuli.wpress.me\/index.php\/proizvod\/gillette-venus-comfortglide-poklon-paket\/","title":{"rendered":"GILLETTE Venus Comfortglide, poklon paket"},"content":{"rendered":"<p>Comfortglide Festival Giftbag dolazi s britvicom zajedno s dvije punjive britvice s 5 o\u0161trica. Venus \u017eenske britvice dizajnirane su imaju\u0107i na umu \u017eensko tijelo. \u017denski brija\u010di Venus Comfortglide Sugarberry plus Olay imaju 5 o\u0161trica za glatko i dugotrajno brijanje. Dodaci za o\u0161tricu britvice dolaze opremljeni Olay hidratantnim plo\u010dicama koje otpu\u0161taju maslac za tijelo s laganim mirisom \u0161e\u0107erne bobice, za klizanje i udobnost. S okretnim dizajnom koji se prilago\u0111ava konturama va\u0161eg tijela, bilo koje Venus dopunsko o\u0161trice odgovara bilo kojoj Venus dr\u0161ci britvice (osim Simply Venus i Venus Pubic Hair and skin).<\/p>\n<p>Paket sadr\u017ei: 2 o\u0161trice i toaletna torbica<\/p>\n","protected":false},"excerpt":{"rendered":"<p>Pjena, brijanje i piling: 5 o\u0161trica omogu\u0107uje glatko i temeljito brijanje, a fleksibilne vla\u017ene trakice s maslacem za tijelo Olay i mirisom Sugarberry va\u0161oj ko\u017ei pru\u017eaju njegu kakvu zaslu\u017euje<br \/>\nTehnologija Venus SkinCushion poma\u017ee za\u0161tititi ko\u017eu od nadra\u017eivanja pri svakom brijanju<br \/>\nDodir hidratacije i miris Sugarberry<\/p>\n","protected":false},"featured_media":32732,"template":"","meta":{"_seopress_robots_primary_cat":"","_seopress_titles_title":"","_seopress_titles_desc":"","_seopress_robots_index":"","iawp_total_views":0},"product_brand":[323],"product_cat":[261,277],"product_tag":[],"class_list":{"0":"post-32731","1":"product","2":"type-product","3":"status-publish","4":"has-post-thumbnail","6":"product_brand-gillette","7":"product_cat-hrana-i-pice","8":"product_cat-slatkisi-i-grickalice-261","10":"first","11":"outofstock","12":"shipping-taxable","13":"purchasable","14":"product-type-simple"},"_links":{"self":[{"href":"https:\/\/singuli.wpress.me\/index.php\/wp-json\/wp\/v2\/product\/32731","targetHints":{"allow":["GET"]}}],"collection":[{"href":"https:\/\/singuli.wpress.me\/index.php\/wp-json\/wp\/v2\/product"}],"about":[{"href":"https:\/\/singuli.wpress.me\/index.php\/wp-json\/wp\/v2\/types\/product"}],"version-history":[{"count":0,"href":"https:\/\/singuli.wpress.me\/index.php\/wp-json\/wp\/v2\/product\/32731\/revisions"}],"wp:featuredmedia":[{"embeddable":true,"href":"https:\/\/singuli.wpress.me\/index.php\/wp-json\/wp\/v2\/media\/32732"}],"wp:attachment":[{"href":"https:\/\/singuli.wpress.me\/index.php\/wp-json\/wp\/v2\/media?parent=32731"}],"wp:term":[{"taxonomy":"product_brand","embeddable":true,"href":"https:\/\/singuli.wpress.me\/index.php\/wp-json\/wp\/v2\/product_brand?post=32731"},{"taxonomy":"product_cat","embeddable":true,"href":"https:\/\/singuli.wpress.me\/index.php\/wp-json\/wp\/v2\/product_cat?post=32731"},{"taxonomy":"product_tag","embeddable":true,"href":"https:\/\/singuli.wpress.me\/index.php\/wp-json\/wp\/v2\/product_tag?post=32731"}],"curies":[{"name":"wp","href":"https:\/\/api.w.org\/{rel}","templated":true}]}}