{"id":32735,"date":"2026-04-17T00:45:02","date_gmt":"2026-04-17T00:45:02","guid":{"rendered":"https:\/\/singuli.wpress.me\/index.php\/proizvod\/gillette-mach3-poklon-paket\/"},"modified":"2026-04-20T12:33:09","modified_gmt":"2026-04-20T12:33:09","slug":"gillette-mach3-poklon-paket","status":"publish","type":"product","link":"https:\/\/singuli.wpress.me\/index.php\/proizvod\/gillette-mach3-poklon-paket\/","title":{"rendered":"GILLETTE Mach3, poklon paket"},"content":{"rendered":"<p>Poklonite mu mo\u0107an po\u010detak i impresivan zavr\u0161etak brijanja, odaberite darovni komplet Gillette Mach3! Brija\u010d za mu\u0161karce Gillette Mach3 dizajniran je za precizno, klasi\u010dno brijanje na koje se mo\u017eete osloniti. Ove izuzetno kvalitetne o\u0161trice od nehr\u0111aju\u0107eg \u010delika oja\u010dane su posebnim premazom od atomskog ugljika. To ih \u010dini ne samo sna\u017enima i o\u0161trima, nego i izdr\u017eljivima. Svakim potezom Mach3 brije svaku dla\u010dicu do 3 puta. Klasi\u010dan dizajn s 3 o\u0161trice temeljito brije, ali je i nje\u017ean za ko\u017eu.<\/p>\n<p>Paket sadr\u017ei: Brija\u010d za mu\u0161karce, 1 zamjenska britvica, gel Gillette Series 200 ml, putna torbica<\/p>\n","protected":false},"excerpt":{"rendered":"<p>Paket sadr\u017ei: brija\u010d za mu\u0161karce, 1 zamjenska britvica, gel Gillette Series 200 ml, putna torbica<br \/>\nGillette Mach3 ima jedinstvene Gilletteove o\u0161trice \u010dvr\u0161\u0107e od \u010delika koje manje priti\u0161\u0107u ko\u017eu<br \/>\nDugotrajna megalubrikantna trakica sadr\u017ei lubrikante koji osiguravaju ugodno i glatko brijanje<\/p>\n","protected":false},"featured_media":32736,"template":"","meta":{"_seopress_robots_primary_cat":"","_seopress_titles_title":"","_seopress_titles_desc":"","_seopress_robots_index":"","iawp_total_views":0},"product_brand":[323],"product_cat":[261,277],"product_tag":[],"class_list":{"0":"post-32735","1":"product","2":"type-product","3":"status-publish","4":"has-post-thumbnail","6":"product_brand-gillette","7":"product_cat-hrana-i-pice","8":"product_cat-slatkisi-i-grickalice-261","10":"first","11":"outofstock","12":"shipping-taxable","13":"purchasable","14":"product-type-simple"},"_links":{"self":[{"href":"https:\/\/singuli.wpress.me\/index.php\/wp-json\/wp\/v2\/product\/32735","targetHints":{"allow":["GET"]}}],"collection":[{"href":"https:\/\/singuli.wpress.me\/index.php\/wp-json\/wp\/v2\/product"}],"about":[{"href":"https:\/\/singuli.wpress.me\/index.php\/wp-json\/wp\/v2\/types\/product"}],"version-history":[{"count":0,"href":"https:\/\/singuli.wpress.me\/index.php\/wp-json\/wp\/v2\/product\/32735\/revisions"}],"wp:featuredmedia":[{"embeddable":true,"href":"https:\/\/singuli.wpress.me\/index.php\/wp-json\/wp\/v2\/media\/32736"}],"wp:attachment":[{"href":"https:\/\/singuli.wpress.me\/index.php\/wp-json\/wp\/v2\/media?parent=32735"}],"wp:term":[{"taxonomy":"product_brand","embeddable":true,"href":"https:\/\/singuli.wpress.me\/index.php\/wp-json\/wp\/v2\/product_brand?post=32735"},{"taxonomy":"product_cat","embeddable":true,"href":"https:\/\/singuli.wpress.me\/index.php\/wp-json\/wp\/v2\/product_cat?post=32735"},{"taxonomy":"product_tag","embeddable":true,"href":"https:\/\/singuli.wpress.me\/index.php\/wp-json\/wp\/v2\/product_tag?post=32735"}],"curies":[{"name":"wp","href":"https:\/\/api.w.org\/{rel}","templated":true}]}}