{"id":32749,"date":"2026-04-17T00:45:15","date_gmt":"2026-04-17T00:45:15","guid":{"rendered":"https:\/\/singuli.wpress.me\/index.php\/proizvod\/gillette-mach3-poklon-paket-3\/"},"modified":"2026-04-20T12:33:09","modified_gmt":"2026-04-20T12:33:09","slug":"gillette-mach3-poklon-paket-3","status":"publish","type":"product","link":"https:\/\/singuli.wpress.me\/index.php\/proizvod\/gillette-mach3-poklon-paket-3\/","title":{"rendered":"GILLETTE Mach3, poklon paket"},"content":{"rendered":"<p><span style=\"font-weight: bold\">Pjena za brijanje Gillette Series<\/span> &#8211; Kada imate osjetljivu ko\u017eu, izuzetno je va\u017eno koje preparate za brijanje koristite. Trebate odabrati one koji i olak\u0161avaju klizanje brija\u010da i umiruju ko\u017eu. Takav je gel za brijanje Gillette Series Sensitive, oboga\u0107en aloa verom. Njegova formula blagog je mirisa i ima trostruko djelovanje: poma\u017ee za\u0161tititi ko\u017eu od iritacija, pru\u017ea joj potrebnu hidrataciju i umiruje ju nakon prelaska o\u0161trica. Za svje\u017e i ugodan po\u010detak dana.<br \/>\n<span style=\"font-weight: bold\">Brija\u010d Mach3 Sport<\/span> &#8211; Zamjenski ulo\u0161ci za mu\u0161ki brija\u010d Gillette Mach3 pru\u017eaju glatko brijanje bez iritacije i bolji osje\u0107aj brijanja nakon 10 kori\u0161tenja nego s jednokratnim brija\u010dem prvi put*. Svaki zamjenski ulo\u017eak za brija\u010d opremljen je s 3 o\u0161trice DuraComfort za dugotrajnu udobnost brijanja i trakom s gelom koja \u0161titi va\u0161u ko\u017eu od crvenila. Mach3 Sport zamjenski ulo\u0161ci mogu se koristiti s bilo kojim Mach3 britvicom. *U usporedbi s jednokratnim brija\u010dem Gillette Blue II Plus.<\/p>\n","protected":false},"excerpt":{"rendered":"<p>Paket sadr\u017ei brija\u010d Mach3 Sport i pjenu za brijanje Series 200ml<br \/>\nPjena za brijanje ima formulu blagog je mirisa i ima trostruko djelovanje<br \/>\nBrija\u010d Mach3 pru\u017eaju glatko brijanje bez iritacije<\/p>\n","protected":false},"featured_media":32750,"template":"","meta":{"_seopress_robots_primary_cat":"","_seopress_titles_title":"","_seopress_titles_desc":"","_seopress_robots_index":"","iawp_total_views":0},"product_brand":[323],"product_cat":[261,277],"product_tag":[],"class_list":{"0":"post-32749","1":"product","2":"type-product","3":"status-publish","4":"has-post-thumbnail","6":"product_brand-gillette","7":"product_cat-hrana-i-pice","8":"product_cat-slatkisi-i-grickalice-261","10":"first","11":"instock","12":"shipping-taxable","13":"purchasable","14":"product-type-simple"},"_links":{"self":[{"href":"https:\/\/singuli.wpress.me\/index.php\/wp-json\/wp\/v2\/product\/32749","targetHints":{"allow":["GET"]}}],"collection":[{"href":"https:\/\/singuli.wpress.me\/index.php\/wp-json\/wp\/v2\/product"}],"about":[{"href":"https:\/\/singuli.wpress.me\/index.php\/wp-json\/wp\/v2\/types\/product"}],"version-history":[{"count":0,"href":"https:\/\/singuli.wpress.me\/index.php\/wp-json\/wp\/v2\/product\/32749\/revisions"}],"wp:featuredmedia":[{"embeddable":true,"href":"https:\/\/singuli.wpress.me\/index.php\/wp-json\/wp\/v2\/media\/32750"}],"wp:attachment":[{"href":"https:\/\/singuli.wpress.me\/index.php\/wp-json\/wp\/v2\/media?parent=32749"}],"wp:term":[{"taxonomy":"product_brand","embeddable":true,"href":"https:\/\/singuli.wpress.me\/index.php\/wp-json\/wp\/v2\/product_brand?post=32749"},{"taxonomy":"product_cat","embeddable":true,"href":"https:\/\/singuli.wpress.me\/index.php\/wp-json\/wp\/v2\/product_cat?post=32749"},{"taxonomy":"product_tag","embeddable":true,"href":"https:\/\/singuli.wpress.me\/index.php\/wp-json\/wp\/v2\/product_tag?post=32749"}],"curies":[{"name":"wp","href":"https:\/\/api.w.org\/{rel}","templated":true}]}}