{"id":32817,"date":"2026-04-17T00:46:15","date_gmt":"2026-04-17T00:46:15","guid":{"rendered":"https:\/\/singuli.wpress.me\/index.php\/proizvod\/headshoulders-gaming-legend-poklon-paket\/"},"modified":"2026-04-21T00:26:38","modified_gmt":"2026-04-21T00:26:38","slug":"headshoulders-gaming-legend-poklon-paket","status":"publish","type":"product","link":"https:\/\/singuli.wpress.me\/index.php\/proizvod\/headshoulders-gaming-legend-poklon-paket\/","title":{"rendered":"HEAD&amp;SHOULDERS Gaming Legend, poklon paket"},"content":{"rendered":"<p>Poklonite odli\u010dan set za njegu mu\u0161karaca! <span style=\"font-weight: bold\">\u0160ampon Head &amp; Shoulders ProExpert7<\/span> \u0161titi od peruti, a dezodorant Old Spice Dynamic Defence odr\u017eava svje\u017einu tijekom cijelog dana. Ovo je dinami\u010dan duo koji \u0107e svaki mu\u0161karac voljeti!<\/p>\n<p>Na\u010din primjene:<br \/>\nHead &amp; Shoulders: Nanesite na mokru kosu i vlasi\u0161te, operite i potom isperite. <br \/>\nOld Spice: Proizvod se podi\u017ee okretanjem kota\u010di\u0107a. Nanijeti ispod pazuha.<\/p>\n<p><\/p>\n","protected":false},"excerpt":{"rendered":"<p>Paket sadr\u017ei H&amp;S \u0161ampon za kosu 250ml i Old Spice Dynamic Defence dezodorans u sticku 65ml<br \/>\nVrhunski mirisi Old Spice u\u010dinit \u0107ete nezaboravnim tako \u0161to \u0107ete staviti u samo sredi\u0161te svemira<br \/>\nMaksimalna za\u0161tita od peruti<\/p>\n","protected":false},"featured_media":32818,"template":"","meta":{"_seopress_robots_primary_cat":"","_seopress_titles_title":"","_seopress_titles_desc":"","_seopress_robots_index":"","iawp_total_views":0},"product_brand":[443],"product_cat":[261,277],"product_tag":[],"class_list":{"0":"post-32817","1":"product","2":"type-product","3":"status-publish","4":"has-post-thumbnail","6":"product_brand-headshoulders","7":"product_cat-hrana-i-pice","8":"product_cat-slatkisi-i-grickalice-261","10":"first","11":"outofstock","12":"shipping-taxable","13":"purchasable","14":"product-type-simple"},"_links":{"self":[{"href":"https:\/\/singuli.wpress.me\/index.php\/wp-json\/wp\/v2\/product\/32817","targetHints":{"allow":["GET"]}}],"collection":[{"href":"https:\/\/singuli.wpress.me\/index.php\/wp-json\/wp\/v2\/product"}],"about":[{"href":"https:\/\/singuli.wpress.me\/index.php\/wp-json\/wp\/v2\/types\/product"}],"version-history":[{"count":0,"href":"https:\/\/singuli.wpress.me\/index.php\/wp-json\/wp\/v2\/product\/32817\/revisions"}],"wp:featuredmedia":[{"embeddable":true,"href":"https:\/\/singuli.wpress.me\/index.php\/wp-json\/wp\/v2\/media\/32818"}],"wp:attachment":[{"href":"https:\/\/singuli.wpress.me\/index.php\/wp-json\/wp\/v2\/media?parent=32817"}],"wp:term":[{"taxonomy":"product_brand","embeddable":true,"href":"https:\/\/singuli.wpress.me\/index.php\/wp-json\/wp\/v2\/product_brand?post=32817"},{"taxonomy":"product_cat","embeddable":true,"href":"https:\/\/singuli.wpress.me\/index.php\/wp-json\/wp\/v2\/product_cat?post=32817"},{"taxonomy":"product_tag","embeddable":true,"href":"https:\/\/singuli.wpress.me\/index.php\/wp-json\/wp\/v2\/product_tag?post=32817"}],"curies":[{"name":"wp","href":"https:\/\/api.w.org\/{rel}","templated":true}]}}