{"id":32883,"date":"2026-04-17T00:47:17","date_gmt":"2026-04-17T00:47:17","guid":{"rendered":"https:\/\/singuli.wpress.me\/index.php\/proizvod\/pantene-thick-strong-maska-za-kosu-300-ml\/"},"modified":"2026-04-21T00:26:39","modified_gmt":"2026-04-21T00:26:39","slug":"pantene-thick-strong-maska-za-kosu-300-ml","status":"publish","type":"product","link":"https:\/\/singuli.wpress.me\/index.php\/proizvod\/pantene-thick-strong-maska-za-kosu-300-ml\/","title":{"rendered":"PANTENE Thick &amp; Strong, maska za kosu, 300\u00a0ml"},"content":{"rendered":"<p>Otkrijte intenzivnu masku za kosu Pantene Thick &amp; Strong Keratin Protect, osmi\u0161ljenu kako bi va\u0161u tanku, o\u0161te\u0107enu kosu u\u010dinila otpornijom ve\u0107 u jednoj upotrebi. Rigorozno je testirao Swiss Vitamin Institute. Ova maska, oboga\u0107ena na\u0161om formulom PRO-V i oja\u010dana tehnologijom ACTIVE NUTRI-PLEX, \u0161titi proteinske veze u vlasima kose, \u010dine\u0107i ih do 100 % sna\u017enijima.* *otpornost na o\u0161te\u0107enja uzrokovana oblikovanjem; kad se zajedno koriste \u0161ampon i kremasti proizvodi u odnosu na kori\u0161tenje \u0161ampona bez ikakvog dodatnog tretmana<\/p>\n","protected":false},"excerpt":{"rendered":"<p>POBOLJ\u0160ANA ZA\u0160TITA VEZA U VLASIMA ZA TANKU, SLABU KOSU: na\u0161a maska s formulom Pro-V i tehnologijom Active Nutri-Plex osmi\u0161ljena je da za\u0161titi veze u vlasima kose i pomogne oja\u010dati* slabu i tanku kosu *otpornost na o\u0161te\u0107enja uzrokovana oblikovanjem<br \/>\nTAJNA SNA\u017dNIJE* KOSE: ovaj intenzivni tretman \u010dini va\u0161u tanku, o\u0161te\u0107enu kosu otpornijom ve\u0107 u 1 upotrebi, ostavljaju\u0107i je do 100 % sna\u017enijom* *otpornost na o\u0161te\u0107enja uzrokovana oblikovanjem<br \/>\nJO\u0160 SNA\u017dNIJA* KOSA: oja\u010dajte svoju kosu tako da ona postane do 100 % sna\u017enija* *otpornost na o\u0161te\u0107enja uzrokovana oblikovanjem u usporedbi sa \u0161amponom Aqualight\/Volume\/Clarify<\/p>\n","protected":false},"featured_media":32884,"template":"","meta":{"_seopress_robots_primary_cat":"","_seopress_titles_title":"","_seopress_titles_desc":"","_seopress_robots_index":"","iawp_total_views":0},"product_brand":[411],"product_cat":[268,300],"product_tag":[],"class_list":{"0":"post-32883","1":"product","2":"type-product","3":"status-publish","4":"has-post-thumbnail","6":"product_brand-pantene","7":"product_cat-kozmetika-2","8":"product_cat-njega-kose-268","10":"first","11":"instock","12":"shipping-taxable","13":"purchasable","14":"product-type-simple"},"_links":{"self":[{"href":"https:\/\/singuli.wpress.me\/index.php\/wp-json\/wp\/v2\/product\/32883","targetHints":{"allow":["GET"]}}],"collection":[{"href":"https:\/\/singuli.wpress.me\/index.php\/wp-json\/wp\/v2\/product"}],"about":[{"href":"https:\/\/singuli.wpress.me\/index.php\/wp-json\/wp\/v2\/types\/product"}],"version-history":[{"count":0,"href":"https:\/\/singuli.wpress.me\/index.php\/wp-json\/wp\/v2\/product\/32883\/revisions"}],"wp:featuredmedia":[{"embeddable":true,"href":"https:\/\/singuli.wpress.me\/index.php\/wp-json\/wp\/v2\/media\/32884"}],"wp:attachment":[{"href":"https:\/\/singuli.wpress.me\/index.php\/wp-json\/wp\/v2\/media?parent=32883"}],"wp:term":[{"taxonomy":"product_brand","embeddable":true,"href":"https:\/\/singuli.wpress.me\/index.php\/wp-json\/wp\/v2\/product_brand?post=32883"},{"taxonomy":"product_cat","embeddable":true,"href":"https:\/\/singuli.wpress.me\/index.php\/wp-json\/wp\/v2\/product_cat?post=32883"},{"taxonomy":"product_tag","embeddable":true,"href":"https:\/\/singuli.wpress.me\/index.php\/wp-json\/wp\/v2\/product_tag?post=32883"}],"curies":[{"name":"wp","href":"https:\/\/api.w.org\/{rel}","templated":true}]}}