{"id":32918,"date":"2026-04-17T00:47:53","date_gmt":"2026-04-17T00:47:53","guid":{"rendered":"https:\/\/singuli.wpress.me\/index.php\/proizvod\/laica-kuhalo-s-filterom-2\/"},"modified":"2026-04-20T12:33:10","modified_gmt":"2026-04-20T12:33:10","slug":"laica-kuhalo-s-filterom-2","status":"publish","type":"product","link":"https:\/\/singuli.wpress.me\/index.php\/proizvod\/laica-kuhalo-s-filterom-2\/","title":{"rendered":"LAICA, kuhalo s filterom"},"content":{"rendered":"<p>LAICA kuhalo s filterom i funkcijom odr\u017eavanja temperature savr\u0161eno je rje\u0161enje za pripremu \u010distih i ukusnih napitaka. Zahvaljuju\u0107i integriranom filteru, voda se pro\u010di\u0161\u0107ava tijekom zagrijavanja, uklanjaju\u0107i klor, kamenac i te\u0161ke metale. Kuhalo tako\u0111er nudi funkciju odr\u017eavanja temperature, omogu\u0107uju\u0107i vam da voda ostane topla dulje vrijeme bez potrebe za ponovnim zagrijavanjem. Izra\u0111eno od materijala bez BPA, kuhalo je sigurno za svakodnevnu upotrebu, a njegova inovativna tehnologija osigurava bolji okus i kvalitetu vode.<\/p>\n<p>Karakteristike:<br \/>\n\u2022 Elektri\u010dno kuhalo s filtrom za uvijek odli\u010dne napitke <br \/>\n\u2022 Opremljeno s filterom za specifi\u010dno pripremanje \u010daja i kave  <br \/>\n\u2022 Varijabilna pode\u0161avanja temperature izme\u0111u 38\u00b0C i 100\u00b0C  <br \/>\n\u2022 Opremljeno s digitalnim podsjetnikom za zamjenu filtra  <br \/>\n\u2022 Funkcija odr\u017eavanja temperature<\/p>\n<p> Dimenzije &#8211; Neto te\u017eina (uklju\u010duju\u0107i pribor)  <br \/>\n\u2022 21,8 x 22,6 x 25,3 cm \u2013 1,61 kg  <br \/>\nKapacitet  <br \/>\n\u2022 Min. 0,5 L \u2013 Max 1,5 L (1L filtrirane vode + 0,5L kapacitet spremnika)  <br \/>\nPode\u0161avanje temperature  <br \/>\n\u2022 Varijabilna pode\u0161avanja temperature izme\u0111u 38\u00b0C i 100\u00b0C \/ 100\u00b0F i 212\u00b0F  <br \/>\nOdr\u017eavanje odabrane temperature  <br \/>\n\u2022 Od 30 minuta do 2 sata  <br \/>\nVrsta zaslona  <br \/>\n\u2022 LCD zaslon s obrnutim prikazom 5,6 x 3 cm  <br \/>\nTermi\u010dka za\u0161tita  <br \/>\n\u2022 Dostupna  <br \/>\nNapajanje i snaga  <br \/>\n\u2022 220-240V 50-60Hz \u2013 2000\u20132400W  <\/p>\n","protected":false},"excerpt":{"rendered":"<p>Funkija odr\u017eavanja temperature<br \/>\nElektri\u010dno kuhalo s filtrom za uvijek odli\u010dne napitke<br \/>\nVarijabilna pode\u0161avanja temperature izme\u0111u 38\u00b0C i 100\u00b0C<\/p>\n","protected":false},"featured_media":32919,"template":"","meta":{"_seopress_robots_primary_cat":"","_seopress_titles_title":"","_seopress_titles_desc":"","_seopress_robots_index":"","iawp_total_views":0},"product_brand":[148],"product_cat":[266,265,160],"product_tag":[],"class_list":{"0":"post-32918","1":"product","2":"type-product","3":"status-publish","4":"has-post-thumbnail","6":"product_brand-laica","7":"product_cat-aparati-za-kuhanje-265","8":"product_cat-kuhinjski-aparati-160","9":"product_cat-mali-kucanski-aparati","11":"first","12":"outofstock","13":"shipping-taxable","14":"purchasable","15":"product-type-simple"},"_links":{"self":[{"href":"https:\/\/singuli.wpress.me\/index.php\/wp-json\/wp\/v2\/product\/32918","targetHints":{"allow":["GET"]}}],"collection":[{"href":"https:\/\/singuli.wpress.me\/index.php\/wp-json\/wp\/v2\/product"}],"about":[{"href":"https:\/\/singuli.wpress.me\/index.php\/wp-json\/wp\/v2\/types\/product"}],"version-history":[{"count":0,"href":"https:\/\/singuli.wpress.me\/index.php\/wp-json\/wp\/v2\/product\/32918\/revisions"}],"wp:featuredmedia":[{"embeddable":true,"href":"https:\/\/singuli.wpress.me\/index.php\/wp-json\/wp\/v2\/media\/32919"}],"wp:attachment":[{"href":"https:\/\/singuli.wpress.me\/index.php\/wp-json\/wp\/v2\/media?parent=32918"}],"wp:term":[{"taxonomy":"product_brand","embeddable":true,"href":"https:\/\/singuli.wpress.me\/index.php\/wp-json\/wp\/v2\/product_brand?post=32918"},{"taxonomy":"product_cat","embeddable":true,"href":"https:\/\/singuli.wpress.me\/index.php\/wp-json\/wp\/v2\/product_cat?post=32918"},{"taxonomy":"product_tag","embeddable":true,"href":"https:\/\/singuli.wpress.me\/index.php\/wp-json\/wp\/v2\/product_tag?post=32918"}],"curies":[{"name":"wp","href":"https:\/\/api.w.org\/{rel}","templated":true}]}}