{"id":33020,"date":"2026-04-17T00:50:18","date_gmt":"2026-04-17T00:50:18","guid":{"rendered":"https:\/\/singuli.wpress.me\/index.php\/proizvod\/barbie-lutka-zabavna-igra-s-kosom\/"},"modified":"2026-04-21T00:26:39","modified_gmt":"2026-04-21T00:26:39","slug":"barbie-lutka-zabavna-igra-s-kosom","status":"publish","type":"product","link":"https:\/\/singuli.wpress.me\/index.php\/proizvod\/barbie-lutka-zabavna-igra-s-kosom\/","title":{"rendered":"BARBIE, lutka, zabavna igra s kosom"},"content":{"rendered":"<p>Lutka s predivnom dugom kosom \u010deka na brojne frizure s trakama za kosu, ekstenzijama i priborom za kosu. Fantasti\u010dna transformacija s haljinom i trakom za glavu s motivom ma\u010dke. Uklju\u010duje 10 komada: haljinu, \u010de\u0161alj, traku za glavu s ekstenzijama za kosu, traku za glavu s pun\u0111ama, 2 ukosnice, set gumica za kosu, par nau\u0161nica, torbicu i dodatni par cipela. Djeca mogu lako promijeniti njezin izgled kombiniranjem razli\u010ditih modnih komada! Od \u0161arenih pun\u0111i do slojevitih pletenica, mogu\u0107nosti su beskrajne! Barbie lutke za zabavnu igru s kosom sjajan su poklon za djecu od 3 godine nadalje, posebno za one koji vole istra\u017eivati nove izglede, frizure i modne trendove!<\/p>\n","protected":false},"excerpt":{"rendered":"<p>Lutka s dugom kosom, set za frizure s raznim dodacima i mogu\u0107nostima kombiniranja<br \/>\nSet se sastoji od 10 dijelova<br \/>\nDob: 3+ god<\/p>\n","protected":false},"featured_media":33021,"template":"","meta":{"_seopress_robots_primary_cat":"","_seopress_titles_title":"","_seopress_titles_desc":"","_seopress_robots_index":"","iawp_total_views":0},"product_brand":[324],"product_cat":[221,291],"product_tag":[],"class_list":{"0":"post-33020","1":"product","2":"type-product","3":"status-publish","4":"has-post-thumbnail","6":"product_brand-barbie","7":"product_cat-igracke","8":"product_cat-igracke-za-djecu-221","10":"first","11":"outofstock","12":"shipping-taxable","13":"purchasable","14":"product-type-simple"},"_links":{"self":[{"href":"https:\/\/singuli.wpress.me\/index.php\/wp-json\/wp\/v2\/product\/33020","targetHints":{"allow":["GET"]}}],"collection":[{"href":"https:\/\/singuli.wpress.me\/index.php\/wp-json\/wp\/v2\/product"}],"about":[{"href":"https:\/\/singuli.wpress.me\/index.php\/wp-json\/wp\/v2\/types\/product"}],"version-history":[{"count":0,"href":"https:\/\/singuli.wpress.me\/index.php\/wp-json\/wp\/v2\/product\/33020\/revisions"}],"wp:featuredmedia":[{"embeddable":true,"href":"https:\/\/singuli.wpress.me\/index.php\/wp-json\/wp\/v2\/media\/33021"}],"wp:attachment":[{"href":"https:\/\/singuli.wpress.me\/index.php\/wp-json\/wp\/v2\/media?parent=33020"}],"wp:term":[{"taxonomy":"product_brand","embeddable":true,"href":"https:\/\/singuli.wpress.me\/index.php\/wp-json\/wp\/v2\/product_brand?post=33020"},{"taxonomy":"product_cat","embeddable":true,"href":"https:\/\/singuli.wpress.me\/index.php\/wp-json\/wp\/v2\/product_cat?post=33020"},{"taxonomy":"product_tag","embeddable":true,"href":"https:\/\/singuli.wpress.me\/index.php\/wp-json\/wp\/v2\/product_tag?post=33020"}],"curies":[{"name":"wp","href":"https:\/\/api.w.org\/{rel}","templated":true}]}}