{"id":33043,"date":"2026-04-17T00:50:36","date_gmt":"2026-04-17T00:50:36","guid":{"rendered":"https:\/\/singuli.wpress.me\/index.php\/proizvod\/pantene-pro-v-serum-150-ml\/"},"modified":"2026-04-20T12:33:10","modified_gmt":"2026-04-20T12:33:10","slug":"pantene-pro-v-serum-150-ml","status":"publish","type":"product","link":"https:\/\/singuli.wpress.me\/index.php\/proizvod\/pantene-pro-v-serum-150-ml\/","title":{"rendered":"PANTENE Pro-V, serum, 150\u00a0ml"},"content":{"rendered":"<p>Tretman za kosu u spreju, bez ispiranja, Pantene Pro-V u trenu pobolj\u0161ava sjaj kose i poma\u017ee da ona ostane sjajna dok je oblikujete. Ovaj je tretman u spreju oboga\u0107en vitaminima Pro-V i Med su\u0161i se tako brzo da u svakom trenutku mo\u017eete spasiti svoju kosu. Savr\u0161en je za tanku kosu i ne ote\u017eava je.<\/p>\n","protected":false},"excerpt":{"rendered":"<p>Hranjivi tretman za kosu u spreju, bez ispiranja, u trenu pobolj\u0161ava sjaj kose<br \/>\nPoma\u017ee da va\u0161a kosa ostane sjajna dok je oblikujete<br \/>\nOboga\u0107en Med i vitaminima Pro-V; su\u0161i se brzo tako da mo\u017eete uvijek spasiti kosu<\/p>\n","protected":false},"featured_media":33044,"template":"","meta":{"_seopress_robots_primary_cat":"","_seopress_titles_title":"","_seopress_titles_desc":"","_seopress_robots_index":"","iawp_total_views":0},"product_brand":[411],"product_cat":[268,300],"product_tag":[],"class_list":{"0":"post-33043","1":"product","2":"type-product","3":"status-publish","4":"has-post-thumbnail","6":"product_brand-pantene","7":"product_cat-kozmetika-2","8":"product_cat-njega-kose-268","10":"first","11":"outofstock","12":"shipping-taxable","13":"purchasable","14":"product-type-simple"},"_links":{"self":[{"href":"https:\/\/singuli.wpress.me\/index.php\/wp-json\/wp\/v2\/product\/33043","targetHints":{"allow":["GET"]}}],"collection":[{"href":"https:\/\/singuli.wpress.me\/index.php\/wp-json\/wp\/v2\/product"}],"about":[{"href":"https:\/\/singuli.wpress.me\/index.php\/wp-json\/wp\/v2\/types\/product"}],"version-history":[{"count":0,"href":"https:\/\/singuli.wpress.me\/index.php\/wp-json\/wp\/v2\/product\/33043\/revisions"}],"wp:featuredmedia":[{"embeddable":true,"href":"https:\/\/singuli.wpress.me\/index.php\/wp-json\/wp\/v2\/media\/33044"}],"wp:attachment":[{"href":"https:\/\/singuli.wpress.me\/index.php\/wp-json\/wp\/v2\/media?parent=33043"}],"wp:term":[{"taxonomy":"product_brand","embeddable":true,"href":"https:\/\/singuli.wpress.me\/index.php\/wp-json\/wp\/v2\/product_brand?post=33043"},{"taxonomy":"product_cat","embeddable":true,"href":"https:\/\/singuli.wpress.me\/index.php\/wp-json\/wp\/v2\/product_cat?post=33043"},{"taxonomy":"product_tag","embeddable":true,"href":"https:\/\/singuli.wpress.me\/index.php\/wp-json\/wp\/v2\/product_tag?post=33043"}],"curies":[{"name":"wp","href":"https:\/\/api.w.org\/{rel}","templated":true}]}}