{"id":33714,"date":"2026-04-17T13:37:02","date_gmt":"2026-04-17T13:37:02","guid":{"rendered":"https:\/\/singuli.wpress.me\/index.php\/proizvod\/medex-gelee-royale-junior-ampule-10-bocica-x-9-ml-20\/"},"modified":"2026-04-20T12:33:10","modified_gmt":"2026-04-20T12:33:10","slug":"medex-gelee-royale-junior-ampule-10-bocica-x-9-ml-20","status":"publish","type":"product","link":"https:\/\/singuli.wpress.me\/index.php\/proizvod\/medex-gelee-royale-junior-ampule-10-bocica-x-9-ml-20\/","title":{"rendered":"MEDEX Gel\u00e9e Royale Junior, ampule, 10 bo\u010dica x 9 ml + 20%"},"content":{"rendered":"<p>Mati\u010dna mlije\u010d s prirodnim vitaminima vi\u0161e je od samo prirodnog \u0161tita imunolo\u0161kog sustava djece. Djeca su odu\u0161evljena okusom, a roditelji njenom u\u010dinkovitom preventivnom za\u0161titom. Uz za\u0161titu nudi i vi\u0161e energije i pridonosi boljoj koncentraciji djece.  Proizvod Gel\u00e9e royale junior Medex je razvio posebno za djecu. Sadr\u017ei 250 mg mati\u010dne mlije\u010di u jednoj bo\u010dici, prirodne vitamine C i E te prirodni beta karoten. Vitamini su pa\u017eljivo izabrani i prilago\u0111eni potrebama djece. Vitamin C doprinosi normalnoj funkciji imunolo\u0161kog sustava i  smanjenju umora i iscrpljenosti, vitamin E doprinosi za\u0161titi stanica od oksidativnog stresa (djeluju kao antioksidant), vitamin A doprinosi normalnoj funkciji imunolo\u0161kog sustava te u o\u010duvanju vida. Gel\u00e9e royale junior slasnog je okusa, a zbog jake naran\u010daste boje, koja je posljedica sadr\u017eaja prirodnog beta karotena, privla\u010dan je i na pogled.Izbirljivost djece odsada ne\u0107e vi\u0161e bit razlog za uzimanje proizvoda punih bojila i umjetnih aroma, jer djeca Gel\u00e9e royale junior obo\u017eavaju. Ponudite im ga prije punovrijednog doru\u010dka, kao nagradu za pravovremeno ustajanje ili skupa s njima \u00bbnazdravite\u00ab novom danu i pri tome za sebe odaberite jedan od proizvoda Gel\u00e9e royale za odrasle. Proizvod je u bo\u010dicama koje su sigurne i jednostavne za uporabu, a istovremeno \u010duvaju i osiguravaju kvalitetu sastojaka proizvoda.<\/p>\n<p>Mati\u010dna mlije\u010d<br \/>\nMati\u010dna mlije\u010d ili gel\u00e9e royale najdragocjeniji je dar p\u010delinje ko\u0161nice. Proizvode je mlade p\u010dele hraniteljice u dobi od 5 do 12 dana i njome \u010ditav \u017eivot hrane p\u010delinju kraljicu \u2013 maticu, koja se brine za pre\u017eivljavanje vrst. Matica je genetski posve jednaka drugim p\u010delama, ali je zbog hranjenja samo mati\u010dnom mlije\u010di gotovo dva puta ve\u0107a od p\u010dela radilica, pre\u017eivi \u010dak 15 rodova p\u010dela i u ko\u0161nici je jedina spolno razvijena. Smatra se najplodnijim bi\u0107em na planetu jer na dan izle\u017ee i do 3000 jaja\u0161aca, \u010dija ukupna masa prelazi njezinu vlastitu. U starom su Egiptu mati\u010dnu mlije\u010d koristili jo\u0161 faraoni koji su je nazivali \u00bbhranom za bogove\u00ab, a danas znamo da se njezina izuzetnost temelji na sadr\u017eaju jedinstvene nezasi\u0107ene masne kiseline 10 HDA (10-hidroksi-2-decenska kiselina) koja se u prirodi nigdje drugdje ne mo\u017ee na\u0107i. Sadr\u017eaj 10 HDA va\u017eno je mjerilo kvalitete mati\u010dne mlije\u010di, stoga smo u Medexu njezinu vrijednosti u proizvodima standardizirali i tako osigurali njihovu stalnu kvalitetu.<\/p>\n<p>Vitamin C<br \/>\nVitamin C ima ulogu u funkciji imunolo\u0161kog sustava i pridonosi smanjenju umora i iscrpljenosti.<\/p>\n<p>Vitamin E<br \/>\nVitamin E ima ulogu u za\u0161titi stanica od oksidativnog stresa.<\/p>\n<p>Vitamin A<br \/>\nVitamin A ima ulogu u funkciji imunolo\u0161kog sustava te pri o\u010duvanju vida.<\/p>\n<p>Jedna bo\u010dica sadr\u017ei: 250 mg mati\u010dne mlije\u010di, 12 mg prirodnog vitamina C, 400 \u03bcg prirodnog beta-karotena (izra\u017een kao vitamin A), 6 mg prirodnog vitamina E.<\/p>\n<p>Na\u010din primjene: Preporu\u010dena dnevna doza jest sadr\u017eaj jedne bo\u010dice. Djeca neka je popiju prije doru\u010dka, samostalno ili razrije\u0111enu vodom. Preporu\u010duje se najmanje 90-dnevno uzimanje i nakon dvotjedne pauze ponovno uzimanje. Blago ljuti okus i talog na dnu bo\u010dice posljedica su prirodnih svojstava sastojaka. Prije uporabe promu\u0107kati!<\/p>\n","protected":false},"excerpt":{"rendered":"<p>Preporu\u010dujemo ga djeci od 3. godine nadalje<br \/>\nPreporu\u010dena dnevna koli\u010dina jest sadr\u017eaj 1 bo\u010dice. 1 bo\u010dica sadr\u017ei 250 mg svje\u017ee mati\u010dne mlije\u010di te prirodne vitamine za djecu.<br \/>\nStandardiziran sadr\u017eaj nezasi\u0107enih masnih kiselina 10 HDA u mati\u010dnoj mlije\u010di.<\/p>\n","protected":false},"featured_media":33715,"template":"","meta":{"_seopress_robots_primary_cat":"","_seopress_titles_title":"","_seopress_titles_desc":"","_seopress_robots_index":"","iawp_total_views":0},"product_brand":[415],"product_cat":[268,269],"product_tag":[],"class_list":{"0":"post-33714","1":"product","2":"type-product","3":"status-publish","4":"has-post-thumbnail","6":"product_brand-medex","7":"product_cat-kozmetika-2","8":"product_cat-zastita-koze-268","10":"first","11":"instock","12":"shipping-taxable","13":"purchasable","14":"product-type-simple"},"_links":{"self":[{"href":"https:\/\/singuli.wpress.me\/index.php\/wp-json\/wp\/v2\/product\/33714","targetHints":{"allow":["GET"]}}],"collection":[{"href":"https:\/\/singuli.wpress.me\/index.php\/wp-json\/wp\/v2\/product"}],"about":[{"href":"https:\/\/singuli.wpress.me\/index.php\/wp-json\/wp\/v2\/types\/product"}],"version-history":[{"count":0,"href":"https:\/\/singuli.wpress.me\/index.php\/wp-json\/wp\/v2\/product\/33714\/revisions"}],"wp:featuredmedia":[{"embeddable":true,"href":"https:\/\/singuli.wpress.me\/index.php\/wp-json\/wp\/v2\/media\/33715"}],"wp:attachment":[{"href":"https:\/\/singuli.wpress.me\/index.php\/wp-json\/wp\/v2\/media?parent=33714"}],"wp:term":[{"taxonomy":"product_brand","embeddable":true,"href":"https:\/\/singuli.wpress.me\/index.php\/wp-json\/wp\/v2\/product_brand?post=33714"},{"taxonomy":"product_cat","embeddable":true,"href":"https:\/\/singuli.wpress.me\/index.php\/wp-json\/wp\/v2\/product_cat?post=33714"},{"taxonomy":"product_tag","embeddable":true,"href":"https:\/\/singuli.wpress.me\/index.php\/wp-json\/wp\/v2\/product_tag?post=33714"}],"curies":[{"name":"wp","href":"https:\/\/api.w.org\/{rel}","templated":true}]}}