{"id":33746,"date":"2026-04-17T13:37:13","date_gmt":"2026-04-17T13:37:13","guid":{"rendered":"https:\/\/singuli.wpress.me\/index.php\/proizvod\/silverlit-igracka-pokibot\/"},"modified":"2026-04-21T00:26:39","modified_gmt":"2026-04-21T00:26:39","slug":"silverlit-igracka-pokibot","status":"publish","type":"product","link":"https:\/\/singuli.wpress.me\/index.php\/proizvod\/silverlit-igracka-pokibot\/","title":{"rendered":"SILVERLIT, igra\u010dka, Pokibot"},"content":{"rendered":"<p>Ovaj mali  robot pru\u017ea sate zabave! Mo\u017ee se kretati naprijed, okretati i plesati, \u010dine\u0107i ga savr\u0161enim  za igru.<\/p>\n<p>Zna\u010dajke:<br \/>\nSnimanje glasa: Snima sve \u0161to ka\u017eete i ponavlja s robotskim glasom (snimke do 8 sekundi).<br \/>\nSvjetlosni i zvu\u010dni efekti: Sviranje glazbe i osvijetljeno lice dodatno poja\u010davaju do\u017eivljaj.<br \/>\nPodesive ruke: Prilagodite polo\u017eaj ruku za dodatnu zabavu.<br \/>\nUpravljanje putem aplikacije: Kontrolirajte pokrete, plesne korake i pu\u0161tajte  glazbu putem aplikacije.<\/p>\n<p>Uz Pokibot, igra postaje interaktivna i zabavna \u2013 odli\u010dno za sve male ljubitelje tehnologije! <\/p>\n<p>Dob: 3+<\/p>\n","protected":false},"excerpt":{"rendered":"<p>Robotski prijatelj s kontrolom putem aplikacije<br \/>\nSvjetlosni i zvu\u010dni efekti<br \/>\nDob: 3+god<\/p>\n","protected":false},"featured_media":33747,"template":"","meta":{"_seopress_robots_primary_cat":"","_seopress_titles_title":"","_seopress_titles_desc":"","_seopress_robots_index":"","iawp_total_views":0},"product_brand":[744],"product_cat":[221,263],"product_tag":[],"class_list":{"0":"post-33746","1":"product","2":"type-product","3":"status-publish","4":"has-post-thumbnail","6":"product_brand-silverlit","7":"product_cat-igracke","8":"product_cat-tematske-igracke-221","10":"first","11":"instock","12":"shipping-taxable","13":"purchasable","14":"product-type-simple"},"_links":{"self":[{"href":"https:\/\/singuli.wpress.me\/index.php\/wp-json\/wp\/v2\/product\/33746","targetHints":{"allow":["GET"]}}],"collection":[{"href":"https:\/\/singuli.wpress.me\/index.php\/wp-json\/wp\/v2\/product"}],"about":[{"href":"https:\/\/singuli.wpress.me\/index.php\/wp-json\/wp\/v2\/types\/product"}],"version-history":[{"count":0,"href":"https:\/\/singuli.wpress.me\/index.php\/wp-json\/wp\/v2\/product\/33746\/revisions"}],"wp:featuredmedia":[{"embeddable":true,"href":"https:\/\/singuli.wpress.me\/index.php\/wp-json\/wp\/v2\/media\/33747"}],"wp:attachment":[{"href":"https:\/\/singuli.wpress.me\/index.php\/wp-json\/wp\/v2\/media?parent=33746"}],"wp:term":[{"taxonomy":"product_brand","embeddable":true,"href":"https:\/\/singuli.wpress.me\/index.php\/wp-json\/wp\/v2\/product_brand?post=33746"},{"taxonomy":"product_cat","embeddable":true,"href":"https:\/\/singuli.wpress.me\/index.php\/wp-json\/wp\/v2\/product_cat?post=33746"},{"taxonomy":"product_tag","embeddable":true,"href":"https:\/\/singuli.wpress.me\/index.php\/wp-json\/wp\/v2\/product_tag?post=33746"}],"curies":[{"name":"wp","href":"https:\/\/api.w.org\/{rel}","templated":true}]}}