{"id":33874,"date":"2026-04-17T13:37:52","date_gmt":"2026-04-17T13:37:52","guid":{"rendered":"https:\/\/singuli.wpress.me\/index.php\/proizvod\/picasso-tiles-staza-za-utrkivanje-30-kom\/"},"modified":"2026-04-20T12:33:10","modified_gmt":"2026-04-20T12:33:10","slug":"picasso-tiles-staza-za-utrkivanje-30-kom","status":"publish","type":"product","link":"https:\/\/singuli.wpress.me\/index.php\/proizvod\/picasso-tiles-staza-za-utrkivanje-30-kom\/","title":{"rendered":"PICASSO TILES, staza za utrkivanje, 30\u00a0kom"},"content":{"rendered":"<p>Do\u017eivite brzinu i uzbu\u0111enje uz <span style=\"font-weight: bold\">Picasso Tiles stazu za utrkivanje od 30 dijelova<\/span>! Ovaj inovativni set omogu\u0107uje izgradnju vi\u0161eslojnih 3D staza zahvaljuju\u0107i uklju\u010divim stupovima i nagibima, pru\u017eaju\u0107i nezaboravno iskustvo utrkivanja na razli\u010ditim razinama.<\/p>\n<p>Jednostavno povezivanje zahvaljuju\u0107i brzo-spajaju\u0107im magnetskim rubovima \u010dini slaganje zabavnim i intuitivnim, dok istovremeno poti\u010de razvoj vje\u0161tina rje\u0161avanja problema i fine motorike.<\/p>\n<p>Kompatibilan s ostalim Picasso Tiles setovima staza za utrkivanje, ovaj set otvara vrata beskrajnoj kreativnosti i zabavi. Sve igra\u010dke iz na\u0161e kolekcije izra\u0111ene su od BPA-free i netoksi\u010dnih materijala, \u010dime osiguravamo sigurno i zdravo okru\u017eenje za igru va\u0161e djece.<\/p>\n<p>Svaki magnetski dio pa\u017eljivo je oblikovan s glatkim rubovima, pru\u017eaju\u0107i dodatnu sigurnost i za\u0161titu od slu\u010dajnih ogrebotina ili udaraca.<\/p>\n<p>Uz Picasso Tiles stazu za utrkivanje, svaka igra postaje prava pustolovina \u2013 idealna za male ljubitelje utrka i kreativne graditelje! Dob: 3+<\/p>\n","protected":false},"excerpt":{"rendered":"<p>Utrka s brzim i zabavnim stazama, idealna za izazove<br \/>\nPoticanje dje\u010dje ma\u0161te i kreativnosti<br \/>\nDob: 3+god<\/p>\n","protected":false},"featured_media":33875,"template":"","meta":{"_seopress_robots_primary_cat":"","_seopress_titles_title":"","_seopress_titles_desc":"","_seopress_robots_index":"","iawp_total_views":0},"product_brand":[750],"product_cat":[221,291],"product_tag":[],"class_list":{"0":"post-33874","1":"product","2":"type-product","3":"status-publish","4":"has-post-thumbnail","6":"product_brand-picasso-tiles","7":"product_cat-igracke","8":"product_cat-igracke-za-djecu-221","10":"first","11":"outofstock","12":"shipping-taxable","13":"purchasable","14":"product-type-simple"},"_links":{"self":[{"href":"https:\/\/singuli.wpress.me\/index.php\/wp-json\/wp\/v2\/product\/33874","targetHints":{"allow":["GET"]}}],"collection":[{"href":"https:\/\/singuli.wpress.me\/index.php\/wp-json\/wp\/v2\/product"}],"about":[{"href":"https:\/\/singuli.wpress.me\/index.php\/wp-json\/wp\/v2\/types\/product"}],"version-history":[{"count":0,"href":"https:\/\/singuli.wpress.me\/index.php\/wp-json\/wp\/v2\/product\/33874\/revisions"}],"wp:featuredmedia":[{"embeddable":true,"href":"https:\/\/singuli.wpress.me\/index.php\/wp-json\/wp\/v2\/media\/33875"}],"wp:attachment":[{"href":"https:\/\/singuli.wpress.me\/index.php\/wp-json\/wp\/v2\/media?parent=33874"}],"wp:term":[{"taxonomy":"product_brand","embeddable":true,"href":"https:\/\/singuli.wpress.me\/index.php\/wp-json\/wp\/v2\/product_brand?post=33874"},{"taxonomy":"product_cat","embeddable":true,"href":"https:\/\/singuli.wpress.me\/index.php\/wp-json\/wp\/v2\/product_cat?post=33874"},{"taxonomy":"product_tag","embeddable":true,"href":"https:\/\/singuli.wpress.me\/index.php\/wp-json\/wp\/v2\/product_tag?post=33874"}],"curies":[{"name":"wp","href":"https:\/\/api.w.org\/{rel}","templated":true}]}}