{"id":33886,"date":"2026-04-17T13:37:55","date_gmt":"2026-04-17T13:37:55","guid":{"rendered":"https:\/\/singuli.wpress.me\/index.php\/proizvod\/gillette-sensitive-balzam-poslije-brijanja-100-ml\/"},"modified":"2026-04-20T12:33:10","modified_gmt":"2026-04-20T12:33:10","slug":"gillette-sensitive-balzam-poslije-brijanja-100-ml","status":"publish","type":"product","link":"https:\/\/singuli.wpress.me\/index.php\/proizvod\/gillette-sensitive-balzam-poslije-brijanja-100-ml\/","title":{"rendered":"GILLETTE Sensitive, balzam poslije brijanja, 100\u00a0ml"},"content":{"rendered":"<p>Gilletteov balzam za njegu ko\u017ee poslije brijanja savr\u0161eno zaokru\u017euje va\u0161e brijanje i poma\u017ee da osna\u017eite prirodne hidratantne barijere: za hidratiziranu ko\u017eu koja izgleda zdravo. <br \/>\nU trenu hidratizira ko\u017eu kako bi je umirio, energizirao i pomogao za\u0161tititi odmah nakon brijanja tako \u0161to spre\u010dava gubitak vla\u017enosti. <br \/>\nNanesite na lice i vrat poslije brijanja ili bilo kad drugo.<\/p>\n","protected":false},"excerpt":{"rendered":"<p>Formula s aloe verom<br \/>\nZa hidratiziranu ko\u017eu koja izgleda zdravo<br \/>\nUmiruje, hidratizira i \u0161titi ko\u017eu<\/p>\n","protected":false},"featured_media":33887,"template":"","meta":{"_seopress_robots_primary_cat":"","_seopress_titles_title":"","_seopress_titles_desc":"","_seopress_robots_index":"","iawp_total_views":0},"product_brand":[323],"product_cat":[268,278],"product_tag":[],"class_list":{"0":"post-33886","1":"product","2":"type-product","3":"status-publish","4":"has-post-thumbnail","6":"product_brand-gillette","7":"product_cat-kozmetika-2","8":"product_cat-njega-tijela-268","10":"first","11":"outofstock","12":"shipping-taxable","13":"purchasable","14":"product-type-simple"},"_links":{"self":[{"href":"https:\/\/singuli.wpress.me\/index.php\/wp-json\/wp\/v2\/product\/33886","targetHints":{"allow":["GET"]}}],"collection":[{"href":"https:\/\/singuli.wpress.me\/index.php\/wp-json\/wp\/v2\/product"}],"about":[{"href":"https:\/\/singuli.wpress.me\/index.php\/wp-json\/wp\/v2\/types\/product"}],"version-history":[{"count":0,"href":"https:\/\/singuli.wpress.me\/index.php\/wp-json\/wp\/v2\/product\/33886\/revisions"}],"wp:featuredmedia":[{"embeddable":true,"href":"https:\/\/singuli.wpress.me\/index.php\/wp-json\/wp\/v2\/media\/33887"}],"wp:attachment":[{"href":"https:\/\/singuli.wpress.me\/index.php\/wp-json\/wp\/v2\/media?parent=33886"}],"wp:term":[{"taxonomy":"product_brand","embeddable":true,"href":"https:\/\/singuli.wpress.me\/index.php\/wp-json\/wp\/v2\/product_brand?post=33886"},{"taxonomy":"product_cat","embeddable":true,"href":"https:\/\/singuli.wpress.me\/index.php\/wp-json\/wp\/v2\/product_cat?post=33886"},{"taxonomy":"product_tag","embeddable":true,"href":"https:\/\/singuli.wpress.me\/index.php\/wp-json\/wp\/v2\/product_tag?post=33886"}],"curies":[{"name":"wp","href":"https:\/\/api.w.org\/{rel}","templated":true}]}}