{"id":34022,"date":"2026-04-17T13:38:38","date_gmt":"2026-04-17T13:38:38","guid":{"rendered":"https:\/\/singuli.wpress.me\/index.php\/proizvod\/duck-aqua-pink-4u1-mango-verse-osvjezivac-za-wc-skoljku-duo-pakiranje-72-g\/"},"modified":"2026-04-20T12:33:11","modified_gmt":"2026-04-20T12:33:11","slug":"duck-aqua-pink-4u1-mango-verse-osvjezivac-za-wc-skoljku-duo-pakiranje-72-g","status":"publish","type":"product","link":"https:\/\/singuli.wpress.me\/index.php\/proizvod\/duck-aqua-pink-4u1-mango-verse-osvjezivac-za-wc-skoljku-duo-pakiranje-72-g\/","title":{"rendered":"DUCK Aqua Pink 4u1 Mango Verse, osvje\u017eiva\u010d za wc \u0161koljku, duo pakiranje, 72\u00a0g"},"content":{"rendered":"<p>Duck\u00ae Aqua Pink 4u1 &#8211; Mango Verse, osvje\u017eiva\u010d za WC \u0161koljku pru\u017ea sveobuhvatnu njegu i osvje\u017eenje za va\u0161u kupaonicu. Njegova formula boji vodu u privla\u010dnu rozu nijansu, stvaraju\u0107i dojam \u010disto\u0107e sa svakim ispiranjem. Osim \u0161to sprje\u010dava stvaranje kamenca, poma\u017ee u \u010di\u0161\u0107enju unutra\u0161njosti WC \u0161koljke i u\u010dinkovito uklanja neugodne mirise. Duck\u00ae Aqua Pink 4u1 idealan je za one koji \u017eele kombinaciju \u010disto\u0107e i egzoti\u010dnog mirisa u svojoj kupaonici svaki dan.<\/p>\n<p>Upute za upotrebu: Odmotajte kukicu i pri\u010dvrstite ko\u0161aricu uz rub WC \u0161koljke na mjesto gdje ju mlaz vode mo\u017ee aktivirati.<\/p>\n<p><\/p>\n","protected":false},"excerpt":{"rendered":"<p>Boji vodu u rozo<br \/>\nSprje\u010dava stvaranje kamenca<br \/>\nPoma\u017ee u \u010di\u0161\u0107enju, spre\u010dava neugodne mirise<\/p>\n","protected":false},"featured_media":34023,"template":"","meta":{"_seopress_robots_primary_cat":"","_seopress_titles_title":"","_seopress_titles_desc":"","_seopress_robots_index":"","iawp_total_views":0},"product_brand":[410],"product_cat":[284,238],"product_tag":[],"class_list":{"0":"post-34022","1":"product","2":"type-product","3":"status-publish","4":"has-post-thumbnail","6":"product_brand-duck","7":"product_cat-sredstva-za-ciscenje-238","8":"product_cat-sve-za-dom","10":"first","11":"instock","12":"shipping-taxable","13":"purchasable","14":"product-type-simple"},"_links":{"self":[{"href":"https:\/\/singuli.wpress.me\/index.php\/wp-json\/wp\/v2\/product\/34022","targetHints":{"allow":["GET"]}}],"collection":[{"href":"https:\/\/singuli.wpress.me\/index.php\/wp-json\/wp\/v2\/product"}],"about":[{"href":"https:\/\/singuli.wpress.me\/index.php\/wp-json\/wp\/v2\/types\/product"}],"version-history":[{"count":0,"href":"https:\/\/singuli.wpress.me\/index.php\/wp-json\/wp\/v2\/product\/34022\/revisions"}],"wp:featuredmedia":[{"embeddable":true,"href":"https:\/\/singuli.wpress.me\/index.php\/wp-json\/wp\/v2\/media\/34023"}],"wp:attachment":[{"href":"https:\/\/singuli.wpress.me\/index.php\/wp-json\/wp\/v2\/media?parent=34022"}],"wp:term":[{"taxonomy":"product_brand","embeddable":true,"href":"https:\/\/singuli.wpress.me\/index.php\/wp-json\/wp\/v2\/product_brand?post=34022"},{"taxonomy":"product_cat","embeddable":true,"href":"https:\/\/singuli.wpress.me\/index.php\/wp-json\/wp\/v2\/product_cat?post=34022"},{"taxonomy":"product_tag","embeddable":true,"href":"https:\/\/singuli.wpress.me\/index.php\/wp-json\/wp\/v2\/product_tag?post=34022"}],"curies":[{"name":"wp","href":"https:\/\/api.w.org\/{rel}","templated":true}]}}