{"id":34097,"date":"2026-04-17T13:39:03","date_gmt":"2026-04-17T13:39:03","guid":{"rendered":"https:\/\/singuli.wpress.me\/index.php\/proizvod\/lindt-luxury-selection-praline-230-g\/"},"modified":"2026-04-21T00:26:40","modified_gmt":"2026-04-21T00:26:40","slug":"lindt-luxury-selection-praline-230-g","status":"publish","type":"product","link":"https:\/\/singuli.wpress.me\/index.php\/proizvod\/lindt-luxury-selection-praline-230-g\/","title":{"rendered":"LINDT Luxury Selection, praline, 230\u00a0g"},"content":{"rendered":"<p><span style=\"font-weight: bold\">Lindt Swiss Luxury Selection<\/span> kutija sadr\u017ei luksuzni izbor od 23 vrhunskih Lindt \u010dokoladnih pralina. Lindtovi majstori \u010dokolatijeri s puno strasti, kreativnosti i pa\u017enje prema detaljima dovr\u0161avaju svoja remek-djela, s ljubavlju ih ukra\u0161avaju i pakiraju u profinjeno pakiranje.<\/p>\n<p>Iskusite umjetnost izrade \u010dokolade uz ovu izvanrednu kolekciju majstorski izra\u0111enih mlije\u010dnih, tamnih i bijelih \u010dokolada. Ova kutija \u010dokolade savr\u0161en je poklon voljenoj osobi za svaku priliku \u2013 ro\u0111endan, Bo\u017ei\u0107, Maj\u010din dan, Valentinovo \u2013 ili jednostavno kao znak zahvalnosti.<\/p>\n","protected":false},"excerpt":{"rendered":"<p>Luksuzni izbor od 19 vrhunskih Lindt \u010dokoladnih pralina<br \/>\nNajfiniji kakao<br \/>\nLindt kvaliteta najboljih sastojaka<\/p>\n","protected":false},"featured_media":34098,"template":"","meta":{"_seopress_robots_primary_cat":"","_seopress_titles_title":"","_seopress_titles_desc":"","_seopress_robots_index":"","iawp_total_views":0},"product_brand":[758],"product_cat":[261,277],"product_tag":[],"class_list":{"0":"post-34097","1":"product","2":"type-product","3":"status-publish","4":"has-post-thumbnail","6":"product_brand-lindt","7":"product_cat-hrana-i-pice","8":"product_cat-slatkisi-i-grickalice-261","10":"first","11":"outofstock","12":"shipping-taxable","13":"purchasable","14":"product-type-simple"},"_links":{"self":[{"href":"https:\/\/singuli.wpress.me\/index.php\/wp-json\/wp\/v2\/product\/34097","targetHints":{"allow":["GET"]}}],"collection":[{"href":"https:\/\/singuli.wpress.me\/index.php\/wp-json\/wp\/v2\/product"}],"about":[{"href":"https:\/\/singuli.wpress.me\/index.php\/wp-json\/wp\/v2\/types\/product"}],"version-history":[{"count":0,"href":"https:\/\/singuli.wpress.me\/index.php\/wp-json\/wp\/v2\/product\/34097\/revisions"}],"wp:featuredmedia":[{"embeddable":true,"href":"https:\/\/singuli.wpress.me\/index.php\/wp-json\/wp\/v2\/media\/34098"}],"wp:attachment":[{"href":"https:\/\/singuli.wpress.me\/index.php\/wp-json\/wp\/v2\/media?parent=34097"}],"wp:term":[{"taxonomy":"product_brand","embeddable":true,"href":"https:\/\/singuli.wpress.me\/index.php\/wp-json\/wp\/v2\/product_brand?post=34097"},{"taxonomy":"product_cat","embeddable":true,"href":"https:\/\/singuli.wpress.me\/index.php\/wp-json\/wp\/v2\/product_cat?post=34097"},{"taxonomy":"product_tag","embeddable":true,"href":"https:\/\/singuli.wpress.me\/index.php\/wp-json\/wp\/v2\/product_tag?post=34097"}],"curies":[{"name":"wp","href":"https:\/\/api.w.org\/{rel}","templated":true}]}}