{"id":34138,"date":"2026-04-17T13:39:18","date_gmt":"2026-04-17T13:39:18","guid":{"rendered":"https:\/\/singuli.wpress.me\/index.php\/proizvod\/lindt-gold-bunny-mlijecna-cokolada-50-g-2\/"},"modified":"2026-04-20T12:33:11","modified_gmt":"2026-04-20T12:33:11","slug":"lindt-gold-bunny-mlijecna-cokolada-50-g-2","status":"publish","type":"product","link":"https:\/\/singuli.wpress.me\/index.php\/proizvod\/lindt-gold-bunny-mlijecna-cokolada-50-g-2\/","title":{"rendered":"LINDT Gold Bunny, mlije\u010dna \u010dokolada, 50\u00a0g"},"content":{"rendered":"<p>Jo\u0161 od 1845. Lindt Ma\u00eetre Chocolatiers spajaju svoje neusporedivo umije\u0107e s najkvalitetnijim sastojcima iz cijelog svijeta kako bi stvorili vrhunsku \u010dokoladu. Svakog Uskrsa, na\u0161u finu \u0161vicarsku \u010dokoladu oblikuju u poseban simbol \u2013 <span style=\"font-weight: bold\">kultnog Lindt gold bunny zeca<\/span>.<\/p>\n<p>Za\u0161to ove godine ne biste isprobali najmanje \u010dlanove na\u0161e neodoljive gold bunny obitelji? Napravljeni od izuzetno glatke mlije\u010dne \u010dokolade, pa\u017eljivo omotani zlatnim omotom i ukra\u0161eni jarko crvenom vrpcom, Lindt gold bunny Milk Chocolate 5 Pack Perforation savr\u0161en je \u010dokoladni u\u017eitak za vas, va\u0161e najdra\u017ee ili djecu. Razveselite ih ovog Uskrsa s Lindt gold bunny zecom!<\/p>\n<p>Ovaj proizvod sadr\u017ei manje od 20 mg\/kg glutena i smatra se bezglutenskim prema propisima UK-a i EU-a.<\/p>\n<p>Mlije\u010dna \u010dokolada sadr\u017ei: kakaovi dijelovi 30% min. i suha tvar mlijeka 18% min.<\/p>\n","protected":false},"excerpt":{"rendered":"<p>Najfiniji kakao<br \/>\nLindt kvaliteta najboljih sastojaka<br \/>\n\u010cokolada u zlatnom omotu s vrpcom<\/p>\n","protected":false},"featured_media":34139,"template":"","meta":{"_seopress_robots_primary_cat":"","_seopress_titles_title":"","_seopress_titles_desc":"","_seopress_robots_index":"","iawp_total_views":0},"product_brand":[758],"product_cat":[261,277],"product_tag":[],"class_list":{"0":"post-34138","1":"product","2":"type-product","3":"status-publish","4":"has-post-thumbnail","6":"product_brand-lindt","7":"product_cat-hrana-i-pice","8":"product_cat-slatkisi-i-grickalice-261","10":"first","11":"instock","12":"shipping-taxable","13":"purchasable","14":"product-type-simple"},"_links":{"self":[{"href":"https:\/\/singuli.wpress.me\/index.php\/wp-json\/wp\/v2\/product\/34138","targetHints":{"allow":["GET"]}}],"collection":[{"href":"https:\/\/singuli.wpress.me\/index.php\/wp-json\/wp\/v2\/product"}],"about":[{"href":"https:\/\/singuli.wpress.me\/index.php\/wp-json\/wp\/v2\/types\/product"}],"version-history":[{"count":0,"href":"https:\/\/singuli.wpress.me\/index.php\/wp-json\/wp\/v2\/product\/34138\/revisions"}],"wp:featuredmedia":[{"embeddable":true,"href":"https:\/\/singuli.wpress.me\/index.php\/wp-json\/wp\/v2\/media\/34139"}],"wp:attachment":[{"href":"https:\/\/singuli.wpress.me\/index.php\/wp-json\/wp\/v2\/media?parent=34138"}],"wp:term":[{"taxonomy":"product_brand","embeddable":true,"href":"https:\/\/singuli.wpress.me\/index.php\/wp-json\/wp\/v2\/product_brand?post=34138"},{"taxonomy":"product_cat","embeddable":true,"href":"https:\/\/singuli.wpress.me\/index.php\/wp-json\/wp\/v2\/product_cat?post=34138"},{"taxonomy":"product_tag","embeddable":true,"href":"https:\/\/singuli.wpress.me\/index.php\/wp-json\/wp\/v2\/product_tag?post=34138"}],"curies":[{"name":"wp","href":"https:\/\/api.w.org\/{rel}","templated":true}]}}