{"id":34153,"date":"2026-04-17T13:39:23","date_gmt":"2026-04-17T13:39:23","guid":{"rendered":"https:\/\/singuli.wpress.me\/index.php\/proizvod\/pringles-green-curry-cips-165-g\/"},"modified":"2026-04-20T12:33:11","modified_gmt":"2026-04-20T12:33:11","slug":"pringles-green-curry-cips-165-g","status":"publish","type":"product","link":"https:\/\/singuli.wpress.me\/index.php\/proizvod\/pringles-green-curry-cips-165-g\/","title":{"rendered":"PRINGLES Green Curry, \u010dips, 165\u00a0g"},"content":{"rendered":"<p>Hrskavi \u010dips s egzoti\u010dnim okusom: Pringles Passport Flavours Thai Style Green Curry donosi savr\u0161enu mje\u0161avinu aromati\u010dnog za\u010dinskog bilja, kokosa i blage pikantnosti \u2013 u stilu omiljenog tajlandskog klasika. Ova harmoni\u010dna kombinacija za\u010dina i kremaste note pru\u017ea autenti\u010dno gastronomsko iskustvo. Idealan za sve ljubitelje egzoti\u010dnih okusa koji \u017eele okusima otputovati u Tajland.<\/p>\n","protected":false},"excerpt":{"rendered":"<p>Pringles je doprinos \u010dipsu<br \/>\nPrepoznatljivi Pringles oblik koji garantira ravnomjernu hrskavost u svakom zalogaju<br \/>\nSavr\u0161ena mje\u0161avinu aromati\u010dnog za\u010dinskog bilja, kokosa i blage pikantnosti<\/p>\n","protected":false},"featured_media":34154,"template":"","meta":{"_seopress_robots_primary_cat":"","_seopress_titles_title":"","_seopress_titles_desc":"","_seopress_robots_index":"","iawp_total_views":0},"product_brand":[462],"product_cat":[261,277],"product_tag":[],"class_list":{"0":"post-34153","1":"product","2":"type-product","3":"status-publish","4":"has-post-thumbnail","6":"product_brand-pringles","7":"product_cat-hrana-i-pice","8":"product_cat-slatkisi-i-grickalice-261","10":"first","11":"outofstock","12":"shipping-taxable","13":"purchasable","14":"product-type-simple"},"_links":{"self":[{"href":"https:\/\/singuli.wpress.me\/index.php\/wp-json\/wp\/v2\/product\/34153","targetHints":{"allow":["GET"]}}],"collection":[{"href":"https:\/\/singuli.wpress.me\/index.php\/wp-json\/wp\/v2\/product"}],"about":[{"href":"https:\/\/singuli.wpress.me\/index.php\/wp-json\/wp\/v2\/types\/product"}],"version-history":[{"count":0,"href":"https:\/\/singuli.wpress.me\/index.php\/wp-json\/wp\/v2\/product\/34153\/revisions"}],"wp:featuredmedia":[{"embeddable":true,"href":"https:\/\/singuli.wpress.me\/index.php\/wp-json\/wp\/v2\/media\/34154"}],"wp:attachment":[{"href":"https:\/\/singuli.wpress.me\/index.php\/wp-json\/wp\/v2\/media?parent=34153"}],"wp:term":[{"taxonomy":"product_brand","embeddable":true,"href":"https:\/\/singuli.wpress.me\/index.php\/wp-json\/wp\/v2\/product_brand?post=34153"},{"taxonomy":"product_cat","embeddable":true,"href":"https:\/\/singuli.wpress.me\/index.php\/wp-json\/wp\/v2\/product_cat?post=34153"},{"taxonomy":"product_tag","embeddable":true,"href":"https:\/\/singuli.wpress.me\/index.php\/wp-json\/wp\/v2\/product_tag?post=34153"}],"curies":[{"name":"wp","href":"https:\/\/api.w.org\/{rel}","templated":true}]}}