{"id":34170,"date":"2026-04-17T13:39:30","date_gmt":"2026-04-17T13:39:30","guid":{"rendered":"https:\/\/singuli.wpress.me\/index.php\/proizvod\/revlon-wave-master-pegla-za-kosu-rvir3056uke\/"},"modified":"2026-04-21T00:26:40","modified_gmt":"2026-04-21T00:26:40","slug":"revlon-wave-master-pegla-za-kosu-rvir3056uke","status":"publish","type":"product","link":"https:\/\/singuli.wpress.me\/index.php\/proizvod\/revlon-wave-master-pegla-za-kosu-rvir3056uke\/","title":{"rendered":"REVLON Wave Master, pegla za kosu, RVIR3056UKE"},"content":{"rendered":"<p>\u017delite li istaknuti svoj izgled i ljepotu? Ure\u0111aj za valove <b>Revlon Jumbo Wave Master<\/b> poma\u017ee vam u postizanju tog cilja!<\/p>\n<h3>Turmalinski kerami\u010dki premaz<\/h3>\n<\/p>\n<p>Turmalinski kerami\u010dki premaz poma\u017ee za\u0161tititi kosu od o\u0161te\u0107enja uzrokovanih pretjeranim oblikovanjem, uz ravnomjernu raspodjelu topline koja br\u017ee prodire u kosu i oblikuje je iznutra prema van. Tako\u0111er, poma\u017ee zatvoriti kutikulu vlasi i naglasiti sjaj.<\/p>\n<\/p>\n<h3>3 valjka za grijanje<\/h3>\n<\/p>\n<p>Stvorite duboke, rasko\u0161ne valove koji traju od ranog jutra do kasne no\u0107i s <b>trocijevnim turmalinskim kerami\u010dkim ure\u0111ajem za valove Revlon Jumbo Waver<\/b>. Ure\u0111aj Revlon Jumbo Waver ima jedinstven dizajn s tri valjka i posebno \u0161irok srednji valjak, kako bi stvorio prekrasne, glatke valove u stilu &#8220;beachy waves&#8221;. Valjci s tri sloja kerami\u010dkog premaza emitiraju dugovalno infracrveno zra\u010denje za sjajne, glatke frizure koje su postojane cijeli dan.<\/p>\n<\/p>\n<h3>30 postavki topline &#8211; za sve tipove kose<\/h3>\n<\/p>\n<p>Precizna kontrola za sve vrste kose. Odaberite idealnu razinu oblikovanja za svoju kosu me\u0111u 30 postavki topline za preciznu kontrolu svih vrsta kose.<\/p>\n","protected":false},"excerpt":{"rendered":"<p>Turmalinski kerami\u010dki premaz poma\u017ee za\u0161tititi kosu od o\u0161te\u0107enja.<br \/>\nJedinstveni dizajn s tri valjka stvara prekrasne, glatke valove u stilu &#8220;beachy waves&#8221;.<br \/>\nS 30 postavki temperature za preciznu kontrolu svih vrsta kose.<\/p>\n","protected":false},"featured_media":34171,"template":"","meta":{"_seopress_robots_primary_cat":"","_seopress_titles_title":"","_seopress_titles_desc":"","_seopress_robots_index":"","iawp_total_views":0},"product_brand":[155],"product_cat":[192,319],"product_tag":[],"class_list":{"0":"post-34170","1":"product","2":"type-product","3":"status-publish","4":"has-post-thumbnail","6":"product_brand-revlon","7":"product_cat-aparati-za-osobnu-njegu","8":"product_cat-susila-za-kosu-pegla-i-uvijaci-192","10":"first","11":"instock","12":"shipping-taxable","13":"purchasable","14":"product-type-simple"},"_links":{"self":[{"href":"https:\/\/singuli.wpress.me\/index.php\/wp-json\/wp\/v2\/product\/34170","targetHints":{"allow":["GET"]}}],"collection":[{"href":"https:\/\/singuli.wpress.me\/index.php\/wp-json\/wp\/v2\/product"}],"about":[{"href":"https:\/\/singuli.wpress.me\/index.php\/wp-json\/wp\/v2\/types\/product"}],"version-history":[{"count":0,"href":"https:\/\/singuli.wpress.me\/index.php\/wp-json\/wp\/v2\/product\/34170\/revisions"}],"wp:featuredmedia":[{"embeddable":true,"href":"https:\/\/singuli.wpress.me\/index.php\/wp-json\/wp\/v2\/media\/34171"}],"wp:attachment":[{"href":"https:\/\/singuli.wpress.me\/index.php\/wp-json\/wp\/v2\/media?parent=34170"}],"wp:term":[{"taxonomy":"product_brand","embeddable":true,"href":"https:\/\/singuli.wpress.me\/index.php\/wp-json\/wp\/v2\/product_brand?post=34170"},{"taxonomy":"product_cat","embeddable":true,"href":"https:\/\/singuli.wpress.me\/index.php\/wp-json\/wp\/v2\/product_cat?post=34170"},{"taxonomy":"product_tag","embeddable":true,"href":"https:\/\/singuli.wpress.me\/index.php\/wp-json\/wp\/v2\/product_tag?post=34170"}],"curies":[{"name":"wp","href":"https:\/\/api.w.org\/{rel}","templated":true}]}}