{"id":34182,"date":"2026-04-17T13:39:33","date_gmt":"2026-04-17T13:39:33","guid":{"rendered":"https:\/\/singuli.wpress.me\/index.php\/proizvod\/laica-hi3020-ovlazivac-zraka-ultrazvucni\/"},"modified":"2026-04-20T12:33:11","modified_gmt":"2026-04-20T12:33:11","slug":"laica-hi3020-ovlazivac-zraka-ultrazvucni","status":"publish","type":"product","link":"https:\/\/singuli.wpress.me\/index.php\/proizvod\/laica-hi3020-ovlazivac-zraka-ultrazvucni\/","title":{"rendered":"LAICA HI3020, ovla\u017eiva\u010d zraka, ultrazvu\u010dni"},"content":{"rendered":"<p><b>Ultrazvu\u010dni ovla\u017eiva\u010d zraka Laica HI3020<\/b> u\u010dinkovito obnavlja vlagu u zraku, regulira njezinu razinu i ravnomjerno je raspore\u0111uje kako bi stvorio zdravi dom. Rije\u010d je o iznimno korisnom ure\u0111aju za odr\u017eavanje optimalne razine vlage u ku\u0107nom okru\u017eenju, \u0161to pridonosi udisanju \u010distog i kvalitetnog zraka.<\/p>\n<p>Rad je izuzetno tih, s finim, produ\u017eenim isparavanjem. Funkcija &#8220;Warm&#8221; (Toplo) omogu\u0107uje pove\u0107anje protoka raspr\u0161ivanja. Ovla\u017eiva\u010d je opremljen s tajmerom za automatsko isklju\u010divanje.<\/p>\n<h3>Glavne zna\u010dajke:<\/h3>\n<\/p>\n<ul>\n<li>\n<p>Gornji spremnik za punjenje<\/p>\n<\/li>\n<li>\n<p><b>Kapacitet spremnika:<\/b> 3 L<\/p>\n<\/li>\n<li>\n<p><b>Brzina raspr\u0161ivanja:<\/b> 3<\/p>\n<\/li>\n<li>\n<p><b>Tajmer:<\/b> 2 postavke<\/p>\n<\/li>\n<li>\n<p><b>No\u0107ni na\u010din rada<\/b><\/p>\n<\/li>\n<li>\n<p><b>Posuda za raspr\u0161ivanje eteri\u010dnog ulja<\/b><\/p>\n<\/li>\n<li>\n<p><b>Dimenzije:<\/b> 28 x 20 x 17 cm<\/p>\n<\/li>\n<li>\n<p><b>Jamstvo:<\/b> 2 godine<\/p>\n<\/li>\n<\/ul>\n","protected":false},"excerpt":{"rendered":"<p>Za odr\u017eavanje optimalne razine vlage u ku\u0107nom okru\u017eenju.<br \/>\nPridonosi udisanju \u010distog i kvalitetnog zraka.<br \/>\nRad je izuzetno tih s finim, produ\u017eenim isparavanjem.<\/p>\n","protected":false},"featured_media":34183,"template":"","meta":{"_seopress_robots_primary_cat":"","_seopress_titles_title":"","_seopress_titles_desc":"","_seopress_robots_index":"","iawp_total_views":0},"product_brand":[148],"product_cat":[184,160],"product_tag":[],"class_list":{"0":"post-34182","1":"product","2":"type-product","3":"status-publish","4":"has-post-thumbnail","6":"product_brand-laica","7":"product_cat-kvaliteta-zraka-i-grijanje","8":"product_cat-mali-kucanski-aparati","10":"first","11":"instock","12":"shipping-taxable","13":"purchasable","14":"product-type-simple"},"_links":{"self":[{"href":"https:\/\/singuli.wpress.me\/index.php\/wp-json\/wp\/v2\/product\/34182","targetHints":{"allow":["GET"]}}],"collection":[{"href":"https:\/\/singuli.wpress.me\/index.php\/wp-json\/wp\/v2\/product"}],"about":[{"href":"https:\/\/singuli.wpress.me\/index.php\/wp-json\/wp\/v2\/types\/product"}],"version-history":[{"count":0,"href":"https:\/\/singuli.wpress.me\/index.php\/wp-json\/wp\/v2\/product\/34182\/revisions"}],"wp:featuredmedia":[{"embeddable":true,"href":"https:\/\/singuli.wpress.me\/index.php\/wp-json\/wp\/v2\/media\/34183"}],"wp:attachment":[{"href":"https:\/\/singuli.wpress.me\/index.php\/wp-json\/wp\/v2\/media?parent=34182"}],"wp:term":[{"taxonomy":"product_brand","embeddable":true,"href":"https:\/\/singuli.wpress.me\/index.php\/wp-json\/wp\/v2\/product_brand?post=34182"},{"taxonomy":"product_cat","embeddable":true,"href":"https:\/\/singuli.wpress.me\/index.php\/wp-json\/wp\/v2\/product_cat?post=34182"},{"taxonomy":"product_tag","embeddable":true,"href":"https:\/\/singuli.wpress.me\/index.php\/wp-json\/wp\/v2\/product_tag?post=34182"}],"curies":[{"name":"wp","href":"https:\/\/api.w.org\/{rel}","templated":true}]}}