{"id":34211,"date":"2026-04-17T13:39:40","date_gmt":"2026-04-17T13:39:40","guid":{"rendered":"https:\/\/singuli.wpress.me\/index.php\/proizvod\/laica-apm005-stroj-za-tjesteninu\/"},"modified":"2026-04-20T12:33:11","modified_gmt":"2026-04-20T12:33:11","slug":"laica-apm005-stroj-za-tjesteninu","status":"publish","type":"product","link":"https:\/\/singuli.wpress.me\/index.php\/proizvod\/laica-apm005-stroj-za-tjesteninu\/","title":{"rendered":"LAICA APM005, stroj za tjesteninu"},"content":{"rendered":"<p>Laica APM005 nastavci za rezanje za aparate za tjesteninu, koji vam omogu\u0107uju da napravite tjesteninu po vlastitom izboru, a dostupni su u razli\u010ditim oblicima i veli\u010dinama.<\/p>\n<h3>Zna\u010dajke:<\/h3>\n<\/p>\n<ul>\n<li>\n<p>Nastavak je prikladan za aparate <b>Laica PM2000<\/b><\/p>\n<\/li>\n<li>\n<p><b>Veli\u010dine:<\/b> Nastavak za rezance 12 mm<\/p>\n<\/li>\n<li>\n<p><b>Materijal:<\/b> Aluminijski valjci<\/p>\n<\/li>\n<\/ul>\n","protected":false},"excerpt":{"rendered":"<p>Nastavak je prikladan za aparate Laica PM2000.<br \/>\nNastavak za rezance 12 mm.<br \/>\nAluminijski valjci.<\/p>\n","protected":false},"featured_media":34212,"template":"","meta":{"_seopress_robots_primary_cat":"","_seopress_titles_title":"","_seopress_titles_desc":"","_seopress_robots_index":"","iawp_total_views":0},"product_brand":[148],"product_cat":[266,265,160],"product_tag":[],"class_list":{"0":"post-34211","1":"product","2":"type-product","3":"status-publish","4":"has-post-thumbnail","6":"product_brand-laica","7":"product_cat-aparati-za-kuhanje-265","8":"product_cat-kuhinjski-aparati-160","9":"product_cat-mali-kucanski-aparati","11":"first","12":"instock","13":"shipping-taxable","14":"purchasable","15":"product-type-simple"},"_links":{"self":[{"href":"https:\/\/singuli.wpress.me\/index.php\/wp-json\/wp\/v2\/product\/34211","targetHints":{"allow":["GET"]}}],"collection":[{"href":"https:\/\/singuli.wpress.me\/index.php\/wp-json\/wp\/v2\/product"}],"about":[{"href":"https:\/\/singuli.wpress.me\/index.php\/wp-json\/wp\/v2\/types\/product"}],"version-history":[{"count":0,"href":"https:\/\/singuli.wpress.me\/index.php\/wp-json\/wp\/v2\/product\/34211\/revisions"}],"wp:featuredmedia":[{"embeddable":true,"href":"https:\/\/singuli.wpress.me\/index.php\/wp-json\/wp\/v2\/media\/34212"}],"wp:attachment":[{"href":"https:\/\/singuli.wpress.me\/index.php\/wp-json\/wp\/v2\/media?parent=34211"}],"wp:term":[{"taxonomy":"product_brand","embeddable":true,"href":"https:\/\/singuli.wpress.me\/index.php\/wp-json\/wp\/v2\/product_brand?post=34211"},{"taxonomy":"product_cat","embeddable":true,"href":"https:\/\/singuli.wpress.me\/index.php\/wp-json\/wp\/v2\/product_cat?post=34211"},{"taxonomy":"product_tag","embeddable":true,"href":"https:\/\/singuli.wpress.me\/index.php\/wp-json\/wp\/v2\/product_tag?post=34211"}],"curies":[{"name":"wp","href":"https:\/\/api.w.org\/{rel}","templated":true}]}}