{"id":34224,"date":"2026-04-17T13:39:45","date_gmt":"2026-04-17T13:39:45","guid":{"rendered":"https:\/\/singuli.wpress.me\/index.php\/proizvod\/lindor-easter-praline-mini-jaja-90-g\/"},"modified":"2026-04-23T00:27:28","modified_gmt":"2026-04-23T00:27:28","slug":"lindor-easter-praline-mini-jaja-90-g","status":"publish","type":"product","link":"https:\/\/singuli.wpress.me\/proizvod\/lindor-easter-praline-mini-jaja-90-g\/","title":{"rendered":"LINDOR Easter, praline, mini jaja, 90\u00a0g"},"content":{"rendered":"<p><span style=\"font-weight: bold\">Mini jaja &#8211; praline od mlije\u010dne \u010dokolade s kremastim punjenjem<\/span><br \/>\nLindt Ma\u00eetre Chocolatiers koristili su najfiniju \u0161vicarsku \u010dokoladu kako bi stvorili ova neodoljiva LINDOR mlije\u010dna \u010dokoladna mini jaja s delikatnom, glatkom mlije\u010dnom \u010dokoladnom ljuskom ispunjenom bla\u017eenim, topivim mlije\u010dnim \u010dokoladnim tartufom u sredini. Savr\u0161ena su za uskrsnu potragu za jajima ili kao mali poklon za prijatelje, obitelj, voljene osobe ili za sebe! Do\u017eivite u\u017eitak ovog Uskrsa s Lindt \u010dokoladama.<\/p>\n<p>Ovaj proizvod sadr\u017ei manje od 20 mg\/kg glutena i smatra se bezglutenskim prema propisima UK-a i EU-a.<\/p>\n<p>Mlije\u010dna \u010dokolada <span style=\"font-weight: bold\">sadr\u017ei<\/span>: kakaovi dijelovi 30% min. i suha tvar mlijeka 18% min<\/p>\n","protected":false},"excerpt":{"rendered":"<p>Najfiniji kakao, Lindt kvaliteta najboljih sastojaka<br \/>\nMini jaja &#8211; praline od mlije\u010dne \u010dokolade s kremastim punjenjem<br \/>\nU pakiranju je 18 pralina<\/p>\n","protected":false},"featured_media":34225,"template":"","meta":{"_seopress_robots_primary_cat":"","_seopress_titles_title":"","_seopress_titles_desc":"","_seopress_robots_index":"","iawp_total_views":0},"product_brand":[756],"product_cat":[261,277],"product_tag":[],"class_list":{"0":"post-34224","1":"product","2":"type-product","3":"status-publish","4":"has-post-thumbnail","6":"product_brand-lindor","7":"product_cat-hrana-i-pice","8":"product_cat-slatkisi-i-grickalice-261","10":"first","11":"outofstock","12":"shipping-taxable","13":"purchasable","14":"product-type-simple"},"_links":{"self":[{"href":"https:\/\/singuli.wpress.me\/wp-json\/wp\/v2\/product\/34224","targetHints":{"allow":["GET"]}}],"collection":[{"href":"https:\/\/singuli.wpress.me\/wp-json\/wp\/v2\/product"}],"about":[{"href":"https:\/\/singuli.wpress.me\/wp-json\/wp\/v2\/types\/product"}],"version-history":[{"count":0,"href":"https:\/\/singuli.wpress.me\/wp-json\/wp\/v2\/product\/34224\/revisions"}],"wp:featuredmedia":[{"embeddable":true,"href":"https:\/\/singuli.wpress.me\/wp-json\/wp\/v2\/media\/34225"}],"wp:attachment":[{"href":"https:\/\/singuli.wpress.me\/wp-json\/wp\/v2\/media?parent=34224"}],"wp:term":[{"taxonomy":"product_brand","embeddable":true,"href":"https:\/\/singuli.wpress.me\/wp-json\/wp\/v2\/product_brand?post=34224"},{"taxonomy":"product_cat","embeddable":true,"href":"https:\/\/singuli.wpress.me\/wp-json\/wp\/v2\/product_cat?post=34224"},{"taxonomy":"product_tag","embeddable":true,"href":"https:\/\/singuli.wpress.me\/wp-json\/wp\/v2\/product_tag?post=34224"}],"curies":[{"name":"wp","href":"https:\/\/api.w.org\/{rel}","templated":true}]}}