{"id":34268,"date":"2026-04-17T13:39:57","date_gmt":"2026-04-17T13:39:57","guid":{"rendered":"https:\/\/singuli.wpress.me\/index.php\/proizvod\/pantene-repair-protect-sampon-800-ml\/"},"modified":"2026-04-21T00:26:40","modified_gmt":"2026-04-21T00:26:40","slug":"pantene-repair-protect-sampon-800-ml","status":"publish","type":"product","link":"https:\/\/singuli.wpress.me\/index.php\/proizvod\/pantene-repair-protect-sampon-800-ml\/","title":{"rendered":"PANTENE Repair &amp; Protect, \u0161ampon, 800\u00a0ml"},"content":{"rendered":"<p>\u0160ampon Pantene Intensive Repair s PRO-V formulom bogatom mje\u0161avinom hranjivih tvaari. Nje\u017eno \u010disti i hrani kosu aktivnim Pro-V hranjivim tvarima da bi je oja\u010dao* iznutra. Trenutno poni\u0161tava znakove o\u0161te\u0107enja poput nedostatka glatko\u0107e i sjaja. Ovaj \u0161ampon Pantene Intensive Repair poma\u017ee: vratiti kosi snagu nakon o\u0161te\u0107enja oblikovanjem, sprije\u010diti nastanak ispucanih vrhova, podariti kosi zdravi sjaj i glatko\u0107u.* za\u0161tita od o\u0161te\u0107enja oblikovanjem<\/p>\n","protected":false},"excerpt":{"rendered":"<p>Trenutno poni\u0161tava znakove o\u0161te\u0107enja za vidljivo zdraviju kosu nakon 1 uporabe<br \/>\nHrani kosu aktivnim Pro-V hranjivim tvarima da bi je oja\u010dao iznutra<br \/>\nVra\u0107a kosi snagu nakon o\u0161te\u0107enja oblikovanjem, sprje\u010dava nastanak ispucanih vrhova, daje kosi zdravi sjaj i glatko\u0107u<\/p>\n","protected":false},"featured_media":34269,"template":"","meta":{"_seopress_robots_primary_cat":"","_seopress_titles_title":"","_seopress_titles_desc":"","_seopress_robots_index":"","iawp_total_views":0},"product_brand":[411],"product_cat":[268,300],"product_tag":[],"class_list":{"0":"post-34268","1":"product","2":"type-product","3":"status-publish","4":"has-post-thumbnail","6":"product_brand-pantene","7":"product_cat-kozmetika-2","8":"product_cat-njega-kose-268","10":"first","11":"instock","12":"shipping-taxable","13":"purchasable","14":"product-type-simple"},"_links":{"self":[{"href":"https:\/\/singuli.wpress.me\/index.php\/wp-json\/wp\/v2\/product\/34268","targetHints":{"allow":["GET"]}}],"collection":[{"href":"https:\/\/singuli.wpress.me\/index.php\/wp-json\/wp\/v2\/product"}],"about":[{"href":"https:\/\/singuli.wpress.me\/index.php\/wp-json\/wp\/v2\/types\/product"}],"version-history":[{"count":0,"href":"https:\/\/singuli.wpress.me\/index.php\/wp-json\/wp\/v2\/product\/34268\/revisions"}],"wp:featuredmedia":[{"embeddable":true,"href":"https:\/\/singuli.wpress.me\/index.php\/wp-json\/wp\/v2\/media\/34269"}],"wp:attachment":[{"href":"https:\/\/singuli.wpress.me\/index.php\/wp-json\/wp\/v2\/media?parent=34268"}],"wp:term":[{"taxonomy":"product_brand","embeddable":true,"href":"https:\/\/singuli.wpress.me\/index.php\/wp-json\/wp\/v2\/product_brand?post=34268"},{"taxonomy":"product_cat","embeddable":true,"href":"https:\/\/singuli.wpress.me\/index.php\/wp-json\/wp\/v2\/product_cat?post=34268"},{"taxonomy":"product_tag","embeddable":true,"href":"https:\/\/singuli.wpress.me\/index.php\/wp-json\/wp\/v2\/product_tag?post=34268"}],"curies":[{"name":"wp","href":"https:\/\/api.w.org\/{rel}","templated":true}]}}