{"id":34293,"date":"2026-04-17T13:40:06","date_gmt":"2026-04-17T13:40:06","guid":{"rendered":"https:\/\/singuli.wpress.me\/index.php\/proizvod\/lavazza-ncc-qualita-rossa-kapsule-10-kom\/"},"modified":"2026-04-20T12:33:12","modified_gmt":"2026-04-20T12:33:12","slug":"lavazza-ncc-qualita-rossa-kapsule-10-kom","status":"publish","type":"product","link":"https:\/\/singuli.wpress.me\/index.php\/proizvod\/lavazza-ncc-qualita-rossa-kapsule-10-kom\/","title":{"rendered":"LAVAZZA NCC Qualita Rossa, kapsule, 10\u00a0kom"},"content":{"rendered":"<p><span style=\"font-weight: bold\">NCC Qualita Rossa<\/span><\/p>\n<p>Sastav: Mje\u0161avina Arabica i Robusta<br \/>\nIntenzitet: 10\/13<br \/>\nNote: \u010cokolada i su\u0161eno vo\u0107e<br \/>\nPr\u017eenje: Medium, slow drum<\/p>\n<p>Na\u010din pripreme: kapsule su kompatibilne s Nespresso ku\u0107nim aparatima **Nescafe\u00ae,  za\u0161titni znaki tre\u0107e strane bez ikakve veze sa Luigi Lavazza S.p.A<\/p>\n","protected":false},"excerpt":{"rendered":"<p>Arabica i Robusta<br \/>\nIntenzitet 10\/13<br \/>\nPr\u017eenje medium, slow drum s notama \u010dokolade i su\u0161enog vo\u0107a<\/p>\n","protected":false},"featured_media":34294,"template":"","meta":{"_seopress_robots_primary_cat":"","_seopress_titles_title":"","_seopress_titles_desc":"","_seopress_robots_index":"","iawp_total_views":0},"product_brand":[393],"product_cat":[211,289],"product_tag":[],"class_list":{"0":"post-34293","1":"product","2":"type-product","3":"status-publish","4":"has-post-thumbnail","6":"product_brand-lavazza","7":"product_cat-njega-majke-i-djeteta","8":"product_cat-trudnoca-i-vitamini-211","10":"first","11":"instock","12":"shipping-taxable","13":"purchasable","14":"product-type-simple"},"_links":{"self":[{"href":"https:\/\/singuli.wpress.me\/index.php\/wp-json\/wp\/v2\/product\/34293","targetHints":{"allow":["GET"]}}],"collection":[{"href":"https:\/\/singuli.wpress.me\/index.php\/wp-json\/wp\/v2\/product"}],"about":[{"href":"https:\/\/singuli.wpress.me\/index.php\/wp-json\/wp\/v2\/types\/product"}],"version-history":[{"count":0,"href":"https:\/\/singuli.wpress.me\/index.php\/wp-json\/wp\/v2\/product\/34293\/revisions"}],"wp:featuredmedia":[{"embeddable":true,"href":"https:\/\/singuli.wpress.me\/index.php\/wp-json\/wp\/v2\/media\/34294"}],"wp:attachment":[{"href":"https:\/\/singuli.wpress.me\/index.php\/wp-json\/wp\/v2\/media?parent=34293"}],"wp:term":[{"taxonomy":"product_brand","embeddable":true,"href":"https:\/\/singuli.wpress.me\/index.php\/wp-json\/wp\/v2\/product_brand?post=34293"},{"taxonomy":"product_cat","embeddable":true,"href":"https:\/\/singuli.wpress.me\/index.php\/wp-json\/wp\/v2\/product_cat?post=34293"},{"taxonomy":"product_tag","embeddable":true,"href":"https:\/\/singuli.wpress.me\/index.php\/wp-json\/wp\/v2\/product_tag?post=34293"}],"curies":[{"name":"wp","href":"https:\/\/api.w.org\/{rel}","templated":true}]}}