{"id":34346,"date":"2026-04-17T13:40:24","date_gmt":"2026-04-17T13:40:24","guid":{"rendered":"https:\/\/singuli.wpress.me\/index.php\/proizvod\/make-it-real-color-reveal-narukvice\/"},"modified":"2026-04-20T12:33:12","modified_gmt":"2026-04-20T12:33:12","slug":"make-it-real-color-reveal-narukvice","status":"publish","type":"product","link":"https:\/\/singuli.wpress.me\/index.php\/proizvod\/make-it-real-color-reveal-narukvice\/","title":{"rendered":"MAKE IT REAL Color Reveal, narukvice"},"content":{"rendered":"<p>Magija boja na tvom zape\u0161\u0107u! S ovim <span style=\"font-weight: bold\">DIY setom<\/span> mo\u017ee\u0161 izraditi 5 jedinstvenih narukvica koje mijenjaju boju i prilago\u0111avaju se tvojem stilu u svakom trenutku. Boje izblijede kada si unutra, ali se vra\u0107aju u \u017eivahne nijanse \u010dim su izlo\u017eene prirodnoj sun\u010devoj svjetlosti. Uz razne perlice, cvjetne i metalne privjeske te elasti\u010dnu vrpcu, sve \u0161to ti treba za kreiranje pravih malih umjetni\u010dkih djela ve\u0107 je uklju\u010deno! <br \/>\nZa ponovno aktiviranje perlica koje mijenjaju boju, jednostavno ih spremi u zamrziva\u010d na 5 minuta prije ponovne upotrebe.<br \/>\nBez obzira je li rije\u010d o ro\u0111endanu, blagdanu ili samo posebnom trenutku, ovaj set odu\u0161evit \u0107e sve koji vole izra\u0111ivati nakit i pokazati svoj jedinstveni stil.<br \/>\nSadr\u017ei: 1 prozirna elasti\u010dna vrpca 2 m, 23 perlice koje mijenjaju boju, 49 raznih perlica, 39 zlatnih perlica, 3 cvjetna privjeska, 2 metalna privjeska, 1 upute za kori\u0161tenje, 1 PlayTray<br \/>\nDob: 8+<\/p>\n","protected":false},"excerpt":{"rendered":"<p>Omogu\u0107uje izradu 5 jedinstvenih narukvica<br \/>\nIdealno za poklone i zabavu<br \/>\nDob: 8+ god<\/p>\n","protected":false},"featured_media":34347,"template":"","meta":{"_seopress_robots_primary_cat":"","_seopress_titles_title":"","_seopress_titles_desc":"","_seopress_robots_index":"","iawp_total_views":0},"product_brand":[441],"product_cat":[221,291],"product_tag":[],"class_list":{"0":"post-34346","1":"product","2":"type-product","3":"status-publish","4":"has-post-thumbnail","6":"product_brand-make-it-real","7":"product_cat-igracke","8":"product_cat-igracke-za-djecu-221","10":"first","11":"outofstock","12":"shipping-taxable","13":"purchasable","14":"product-type-simple"},"_links":{"self":[{"href":"https:\/\/singuli.wpress.me\/index.php\/wp-json\/wp\/v2\/product\/34346","targetHints":{"allow":["GET"]}}],"collection":[{"href":"https:\/\/singuli.wpress.me\/index.php\/wp-json\/wp\/v2\/product"}],"about":[{"href":"https:\/\/singuli.wpress.me\/index.php\/wp-json\/wp\/v2\/types\/product"}],"version-history":[{"count":0,"href":"https:\/\/singuli.wpress.me\/index.php\/wp-json\/wp\/v2\/product\/34346\/revisions"}],"wp:featuredmedia":[{"embeddable":true,"href":"https:\/\/singuli.wpress.me\/index.php\/wp-json\/wp\/v2\/media\/34347"}],"wp:attachment":[{"href":"https:\/\/singuli.wpress.me\/index.php\/wp-json\/wp\/v2\/media?parent=34346"}],"wp:term":[{"taxonomy":"product_brand","embeddable":true,"href":"https:\/\/singuli.wpress.me\/index.php\/wp-json\/wp\/v2\/product_brand?post=34346"},{"taxonomy":"product_cat","embeddable":true,"href":"https:\/\/singuli.wpress.me\/index.php\/wp-json\/wp\/v2\/product_cat?post=34346"},{"taxonomy":"product_tag","embeddable":true,"href":"https:\/\/singuli.wpress.me\/index.php\/wp-json\/wp\/v2\/product_tag?post=34346"}],"curies":[{"name":"wp","href":"https:\/\/api.w.org\/{rel}","templated":true}]}}