{"id":34442,"date":"2026-04-17T13:41:02","date_gmt":"2026-04-17T13:41:02","guid":{"rendered":"https:\/\/singuli.wpress.me\/index.php\/proizvod\/headshoulders-clarifying-sampon-protiv-peruti-400-ml\/"},"modified":"2026-04-20T12:33:12","modified_gmt":"2026-04-20T12:33:12","slug":"headshoulders-clarifying-sampon-protiv-peruti-400-ml","status":"publish","type":"product","link":"https:\/\/singuli.wpress.me\/index.php\/proizvod\/headshoulders-clarifying-sampon-protiv-peruti-400-ml\/","title":{"rendered":"HEAD&amp;SHOULDERS Clarifying, \u0161ampon protiv peruti, 400\u00a0ml"},"content":{"rendered":"<p>Jeste li znali da je vra\u0107anje peruti znak neravnote\u017ee mikrobioma vlasi\u0161ta,  prirodnog sustava samoobrane na\u0161e ko\u017ee? Zato \u0161ampon protiv peruti Head &amp; Shoulders Clarify &amp; Shine nje\u017eno uklanja ne\u010disto\u0107e s vlasi\u0161ta. Ovaj \u0161ampon za dubinsko \u010di\u0161\u0107enje kose i vlasi\u0161ta, s jabu\u010dnim octom, prikladan je za \u017eene i mu\u0161karce, ima svje\u017e miris jabuke i formulu Microbiome Balance koja cilja glavni uzrok peruti, odr\u017eavaju\u0107i ravnote\u017eu mikrobioma vlasi\u0161ta. Djeluje na vidljivu i nevidljivu perut tako \u0161to otpu\u0161ta dva puta vi\u0161e za\u0161titnih sastojaka koji ulaze u pore da bi se sprije\u010dio povratak tvrdokorne peruti. Ova klini\u010dki dokazana, dermatolo\u0161ki testirana formula s uravnote\u017eenim pH \u010disti i osvje\u017eava va\u0161e vlasi\u0161te i kosu.<\/p>\n","protected":false},"excerpt":{"rendered":"<p>Nje\u017eno uklanja ne\u010disto\u0107e s vlasi\u0161ta<br \/>\nPrikladan za \u017eene i mu\u0161karce<br \/>\nDjeluje na vidljivu i nevidljivu perut<\/p>\n","protected":false},"featured_media":34443,"template":"","meta":{"_seopress_robots_primary_cat":"","_seopress_titles_title":"","_seopress_titles_desc":"","_seopress_robots_index":"","iawp_total_views":0},"product_brand":[443],"product_cat":[268,300],"product_tag":[],"class_list":{"0":"post-34442","1":"product","2":"type-product","3":"status-publish","4":"has-post-thumbnail","6":"product_brand-headshoulders","7":"product_cat-kozmetika-2","8":"product_cat-njega-kose-268","10":"first","11":"instock","12":"shipping-taxable","13":"purchasable","14":"product-type-simple"},"_links":{"self":[{"href":"https:\/\/singuli.wpress.me\/index.php\/wp-json\/wp\/v2\/product\/34442","targetHints":{"allow":["GET"]}}],"collection":[{"href":"https:\/\/singuli.wpress.me\/index.php\/wp-json\/wp\/v2\/product"}],"about":[{"href":"https:\/\/singuli.wpress.me\/index.php\/wp-json\/wp\/v2\/types\/product"}],"version-history":[{"count":0,"href":"https:\/\/singuli.wpress.me\/index.php\/wp-json\/wp\/v2\/product\/34442\/revisions"}],"wp:featuredmedia":[{"embeddable":true,"href":"https:\/\/singuli.wpress.me\/index.php\/wp-json\/wp\/v2\/media\/34443"}],"wp:attachment":[{"href":"https:\/\/singuli.wpress.me\/index.php\/wp-json\/wp\/v2\/media?parent=34442"}],"wp:term":[{"taxonomy":"product_brand","embeddable":true,"href":"https:\/\/singuli.wpress.me\/index.php\/wp-json\/wp\/v2\/product_brand?post=34442"},{"taxonomy":"product_cat","embeddable":true,"href":"https:\/\/singuli.wpress.me\/index.php\/wp-json\/wp\/v2\/product_cat?post=34442"},{"taxonomy":"product_tag","embeddable":true,"href":"https:\/\/singuli.wpress.me\/index.php\/wp-json\/wp\/v2\/product_tag?post=34442"}],"curies":[{"name":"wp","href":"https:\/\/api.w.org\/{rel}","templated":true}]}}