{"id":34525,"date":"2026-04-17T13:41:29","date_gmt":"2026-04-17T13:41:29","guid":{"rendered":"https:\/\/singuli.wpress.me\/index.php\/proizvod\/helix-hybrid-0w-20-motorno-ulje-za-osobna-vozila-12-l\/"},"modified":"2026-04-20T12:33:12","modified_gmt":"2026-04-20T12:33:12","slug":"helix-hybrid-0w-20-motorno-ulje-za-osobna-vozila-12-l","status":"publish","type":"product","link":"https:\/\/singuli.wpress.me\/index.php\/proizvod\/helix-hybrid-0w-20-motorno-ulje-za-osobna-vozila-12-l\/","title":{"rendered":"HELIX HYBRID 0W-20, motorno ulje za osobna vozila, 12\u00a0l"},"content":{"rendered":"<p>Shell Helix HYBRID posebno je formuliran za najnovije benzinske motore s niskom potro\u0161njom goriva u hibridno-elektri\u010dnim vozilima. Pogodan je za ve\u0107inu hibridnih vozila japanskih, ameri\u010dkih i drugih proizvo\u0111a\u010da. U pakiranju od 12x1L.<\/p>\n","protected":false},"excerpt":{"rendered":"<p>Posebno formulirano za hibridna vozila s niskom potro\u0161njom goriva.<br \/>\nPogodno za ve\u0107inu hibridnih modela japanskih, ameri\u010dkih i drugih proizvo\u0111a\u010da.<br \/>\nDostupno u pakiranju od 12 x 1 litre.<\/p>\n","protected":false},"featured_media":34526,"template":"","meta":{"_seopress_robots_primary_cat":"","_seopress_titles_title":"","_seopress_titles_desc":"","_seopress_robots_index":"","iawp_total_views":0},"product_brand":[398],"product_cat":[243,276],"product_tag":[],"class_list":{"0":"post-34525","1":"product","2":"type-product","3":"status-publish","4":"has-post-thumbnail","6":"product_brand-helix","7":"product_cat-automobili-i-motori","8":"product_cat-industrijska-i-specijalna-ulja-243","10":"first","11":"instock","12":"shipping-taxable","13":"purchasable","14":"product-type-simple"},"_links":{"self":[{"href":"https:\/\/singuli.wpress.me\/index.php\/wp-json\/wp\/v2\/product\/34525","targetHints":{"allow":["GET"]}}],"collection":[{"href":"https:\/\/singuli.wpress.me\/index.php\/wp-json\/wp\/v2\/product"}],"about":[{"href":"https:\/\/singuli.wpress.me\/index.php\/wp-json\/wp\/v2\/types\/product"}],"version-history":[{"count":0,"href":"https:\/\/singuli.wpress.me\/index.php\/wp-json\/wp\/v2\/product\/34525\/revisions"}],"wp:featuredmedia":[{"embeddable":true,"href":"https:\/\/singuli.wpress.me\/index.php\/wp-json\/wp\/v2\/media\/34526"}],"wp:attachment":[{"href":"https:\/\/singuli.wpress.me\/index.php\/wp-json\/wp\/v2\/media?parent=34525"}],"wp:term":[{"taxonomy":"product_brand","embeddable":true,"href":"https:\/\/singuli.wpress.me\/index.php\/wp-json\/wp\/v2\/product_brand?post=34525"},{"taxonomy":"product_cat","embeddable":true,"href":"https:\/\/singuli.wpress.me\/index.php\/wp-json\/wp\/v2\/product_cat?post=34525"},{"taxonomy":"product_tag","embeddable":true,"href":"https:\/\/singuli.wpress.me\/index.php\/wp-json\/wp\/v2\/product_tag?post=34525"}],"curies":[{"name":"wp","href":"https:\/\/api.w.org\/{rel}","templated":true}]}}