{"id":34535,"date":"2026-04-17T13:41:31","date_gmt":"2026-04-17T13:41:31","guid":{"rendered":"https:\/\/singuli.wpress.me\/index.php\/proizvod\/helix-ultra-professional-ar-l-5w30-rn17-motorno-ulje-za-osobna-vozila-3x5-l-15-l\/"},"modified":"2026-04-20T12:33:12","modified_gmt":"2026-04-20T12:33:12","slug":"helix-ultra-professional-ar-l-5w30-rn17-motorno-ulje-za-osobna-vozila-3x5-l-15-l","status":"publish","type":"product","link":"https:\/\/singuli.wpress.me\/index.php\/proizvod\/helix-ultra-professional-ar-l-5w30-rn17-motorno-ulje-za-osobna-vozila-3x5-l-15-l\/","title":{"rendered":"HELIX ULTRA PROFESSIONAL AR-L 5W30 RN17, motorno ulje za osobna vozila, 3&#215;5 l, 15\u00a0l"},"content":{"rendered":"<p>Potpuno sinteti\u010dko motorno ulje \u2013 prilago\u0111eno posebnim zahtjevima proizvo\u0111a\u010da motora .Dizajnirano da zadovolji visoke zahtjeve visokou\u010dinkovitih motora osobnih vozila marke Renault.<\/p>\n","protected":false},"excerpt":{"rendered":"<p>Potpuno sinteti\u010dko ulje prilago\u0111eno posebnim zahtjevima proizvo\u0111a\u010da motora.<br \/>\nDizajnirano za visoke performanse u motorima osobnih vozila marke Renault.<br \/>\nIspunjava stroge zahtjeve visokou\u010dinkovitih Renault motora.<\/p>\n","protected":false},"featured_media":34536,"template":"","meta":{"_seopress_robots_primary_cat":"","_seopress_titles_title":"","_seopress_titles_desc":"","_seopress_robots_index":"","iawp_total_views":0},"product_brand":[398],"product_cat":[243,272],"product_tag":[],"class_list":{"0":"post-34535","1":"product","2":"type-product","3":"status-publish","4":"has-post-thumbnail","6":"product_brand-helix","7":"product_cat-automobili-i-motori","8":"product_cat-motorna-ulja-243","10":"first","11":"outofstock","12":"shipping-taxable","13":"purchasable","14":"product-type-simple"},"_links":{"self":[{"href":"https:\/\/singuli.wpress.me\/index.php\/wp-json\/wp\/v2\/product\/34535","targetHints":{"allow":["GET"]}}],"collection":[{"href":"https:\/\/singuli.wpress.me\/index.php\/wp-json\/wp\/v2\/product"}],"about":[{"href":"https:\/\/singuli.wpress.me\/index.php\/wp-json\/wp\/v2\/types\/product"}],"version-history":[{"count":0,"href":"https:\/\/singuli.wpress.me\/index.php\/wp-json\/wp\/v2\/product\/34535\/revisions"}],"wp:featuredmedia":[{"embeddable":true,"href":"https:\/\/singuli.wpress.me\/index.php\/wp-json\/wp\/v2\/media\/34536"}],"wp:attachment":[{"href":"https:\/\/singuli.wpress.me\/index.php\/wp-json\/wp\/v2\/media?parent=34535"}],"wp:term":[{"taxonomy":"product_brand","embeddable":true,"href":"https:\/\/singuli.wpress.me\/index.php\/wp-json\/wp\/v2\/product_brand?post=34535"},{"taxonomy":"product_cat","embeddable":true,"href":"https:\/\/singuli.wpress.me\/index.php\/wp-json\/wp\/v2\/product_cat?post=34535"},{"taxonomy":"product_tag","embeddable":true,"href":"https:\/\/singuli.wpress.me\/index.php\/wp-json\/wp\/v2\/product_tag?post=34535"}],"curies":[{"name":"wp","href":"https:\/\/api.w.org\/{rel}","templated":true}]}}