{"id":34544,"date":"2026-04-17T13:41:34","date_gmt":"2026-04-17T13:41:34","guid":{"rendered":"https:\/\/singuli.wpress.me\/index.php\/proizvod\/tellus-s2-m-100-hidraulicko-ulje-209-l\/"},"modified":"2026-04-20T12:33:12","modified_gmt":"2026-04-20T12:33:12","slug":"tellus-s2-m-100-hidraulicko-ulje-209-l","status":"publish","type":"product","link":"https:\/\/singuli.wpress.me\/index.php\/proizvod\/tellus-s2-m-100-hidraulicko-ulje-209-l\/","title":{"rendered":"TELLUS S2 M 100, hidrauli\u010dko ulje, 209\u00a0l"},"content":{"rendered":"<p>Shell Tellus S2 M su hidrauli\u010dne teku\u0107ine visokih performansi koje koriste Shellovu jedinstvenu patentiranu tehnologiju kako bi pru\u017eile izvanrednu za\u0161titu i pouzdanost. Ove teku\u0107ine otporne su na propadanje uzrokovano toplinskim ili mehani\u010dkim optere\u0107enjem, te u\u010dinkovito sprje\u010davaju stvaranje \u0161tetnih naslaga koje mogu smanjiti u\u010dinkovitost va\u0161eg hidrauli\u010dkog sustava. Idealne su za ve\u0107inu industrijskih i mobilnih aplikacija, osiguravaju\u0107i dugotrajan i nesmetan rad opreme.<\/p>\n","protected":false},"excerpt":{"rendered":"<p>Patentirana tehnologija pru\u017ea pouzdanu za\u0161titu hidrauli\u010dkim sustavima<br \/>\nFormulacija otporna na toplinsko i mehani\u010dko optere\u0107enje<br \/>\nPoma\u017ee u odr\u017eavanju \u010disto\u0107e i u\u010dinkovitosti sustava<\/p>\n","protected":false},"featured_media":34545,"template":"","meta":{"_seopress_robots_primary_cat":"","_seopress_titles_title":"","_seopress_titles_desc":"","_seopress_robots_index":"","iawp_total_views":0},"product_brand":[414],"product_cat":[243,276],"product_tag":[],"class_list":{"0":"post-34544","1":"product","2":"type-product","3":"status-publish","4":"has-post-thumbnail","6":"product_brand-tellus","7":"product_cat-automobili-i-motori","8":"product_cat-industrijska-i-specijalna-ulja-243","10":"first","11":"outofstock","12":"shipping-taxable","13":"purchasable","14":"product-type-simple"},"_links":{"self":[{"href":"https:\/\/singuli.wpress.me\/index.php\/wp-json\/wp\/v2\/product\/34544","targetHints":{"allow":["GET"]}}],"collection":[{"href":"https:\/\/singuli.wpress.me\/index.php\/wp-json\/wp\/v2\/product"}],"about":[{"href":"https:\/\/singuli.wpress.me\/index.php\/wp-json\/wp\/v2\/types\/product"}],"version-history":[{"count":0,"href":"https:\/\/singuli.wpress.me\/index.php\/wp-json\/wp\/v2\/product\/34544\/revisions"}],"wp:featuredmedia":[{"embeddable":true,"href":"https:\/\/singuli.wpress.me\/index.php\/wp-json\/wp\/v2\/media\/34545"}],"wp:attachment":[{"href":"https:\/\/singuli.wpress.me\/index.php\/wp-json\/wp\/v2\/media?parent=34544"}],"wp:term":[{"taxonomy":"product_brand","embeddable":true,"href":"https:\/\/singuli.wpress.me\/index.php\/wp-json\/wp\/v2\/product_brand?post=34544"},{"taxonomy":"product_cat","embeddable":true,"href":"https:\/\/singuli.wpress.me\/index.php\/wp-json\/wp\/v2\/product_cat?post=34544"},{"taxonomy":"product_tag","embeddable":true,"href":"https:\/\/singuli.wpress.me\/index.php\/wp-json\/wp\/v2\/product_tag?post=34544"}],"curies":[{"name":"wp","href":"https:\/\/api.w.org\/{rel}","templated":true}]}}