{"id":34555,"date":"2026-04-17T13:41:38","date_gmt":"2026-04-17T13:41:38","guid":{"rendered":"https:\/\/singuli.wpress.me\/index.php\/proizvod\/glade-pet-osvjezivac-zraka-u-spreju-refreshing-air-300-ml\/"},"modified":"2026-04-20T12:33:12","modified_gmt":"2026-04-20T12:33:12","slug":"glade-pet-osvjezivac-zraka-u-spreju-refreshing-air-300-ml","status":"publish","type":"product","link":"https:\/\/singuli.wpress.me\/index.php\/proizvod\/glade-pet-osvjezivac-zraka-u-spreju-refreshing-air-300-ml\/","title":{"rendered":"GLADE Pet, osvje\u017eiva\u010d zraka u spreju, Refreshing Air, 300\u00a0ml"},"content":{"rendered":"<p>Glade\u00ae Automatic Spray &#8211; Refreshing Air\u2122, punjenje za automatski osvje\u017eiva\u010d zraka &#8211; protiv neugodnihmirisa ku\u0107nih ljubimaca punjenje za automatski osvje\u017eiva\u010d zraka pru\u017ea osvje\u017eavaju\u0107i miris i u\u010dinkovito neutralizira neugodne mirise ku\u0107nih ljubimaca, ostavljaju\u0107i va\u0161 dom mirisnim i ugodnim. Zahvaljuju\u0107i posebno formuliranoj tehnologiji, brzo uklanja \u010dak i neugodne mirise, pru\u017eaju\u0107i dugotrajnu svje\u017einu. Jednostavan je za upotrebu i savr\u0161eno se uklapa u va\u0161 dom. Ovaj proizvod preporu\u010duje 97% vlasnika ku\u0107nih ljubimaca, \u010dine\u0107i ga pouzdanim izborom. <\/p>\n","protected":false},"excerpt":{"rendered":"<p>Neutralizira neugodne mirise ku\u0107nih ljubimaca, preporu\u010duje ga 97% vlasnika ku\u0107nih ljubimaca<br \/>\nDugotrajna i kontinuirana svje\u017eina<br \/>\nLako se koristi i brzo djeluje<\/p>\n","protected":false},"featured_media":34556,"template":"","meta":{"_seopress_robots_primary_cat":"","_seopress_titles_title":"","_seopress_titles_desc":"","_seopress_robots_index":"","iawp_total_views":0},"product_brand":[405],"product_cat":[268,300],"product_tag":[],"class_list":{"0":"post-34555","1":"product","2":"type-product","3":"status-publish","4":"has-post-thumbnail","6":"product_brand-glade","7":"product_cat-kozmetika-2","8":"product_cat-njega-kose-268","10":"first","11":"instock","12":"shipping-taxable","13":"purchasable","14":"product-type-simple"},"_links":{"self":[{"href":"https:\/\/singuli.wpress.me\/index.php\/wp-json\/wp\/v2\/product\/34555","targetHints":{"allow":["GET"]}}],"collection":[{"href":"https:\/\/singuli.wpress.me\/index.php\/wp-json\/wp\/v2\/product"}],"about":[{"href":"https:\/\/singuli.wpress.me\/index.php\/wp-json\/wp\/v2\/types\/product"}],"version-history":[{"count":0,"href":"https:\/\/singuli.wpress.me\/index.php\/wp-json\/wp\/v2\/product\/34555\/revisions"}],"wp:featuredmedia":[{"embeddable":true,"href":"https:\/\/singuli.wpress.me\/index.php\/wp-json\/wp\/v2\/media\/34556"}],"wp:attachment":[{"href":"https:\/\/singuli.wpress.me\/index.php\/wp-json\/wp\/v2\/media?parent=34555"}],"wp:term":[{"taxonomy":"product_brand","embeddable":true,"href":"https:\/\/singuli.wpress.me\/index.php\/wp-json\/wp\/v2\/product_brand?post=34555"},{"taxonomy":"product_cat","embeddable":true,"href":"https:\/\/singuli.wpress.me\/index.php\/wp-json\/wp\/v2\/product_cat?post=34555"},{"taxonomy":"product_tag","embeddable":true,"href":"https:\/\/singuli.wpress.me\/index.php\/wp-json\/wp\/v2\/product_tag?post=34555"}],"curies":[{"name":"wp","href":"https:\/\/api.w.org\/{rel}","templated":true}]}}