{"id":34602,"date":"2026-04-17T13:41:51","date_gmt":"2026-04-17T13:41:51","guid":{"rendered":"https:\/\/singuli.wpress.me\/index.php\/proizvod\/dana-koktel-mojito-4-5-0-33-l-2\/"},"modified":"2026-04-20T12:33:12","modified_gmt":"2026-04-20T12:33:12","slug":"dana-koktel-mojito-4-5-0-33-l-2","status":"publish","type":"product","link":"https:\/\/singuli.wpress.me\/index.php\/proizvod\/dana-koktel-mojito-4-5-0-33-l-2\/","title":{"rendered":"DANA, koktel, Mojito 4.5%, 0.33\u00a0l"},"content":{"rendered":"<p>Dana predstavlja nove limenke gina &amp; tonika za vrhunsko koktel iskustvo.<\/p>\n<p>Za sve one koji \u017eele u\u017eivati u omiljenom koktelu na dru\u017eenjima  na otvorenom ili \u010dak u udobnosti vlastitog doma, kokteli u limenkama dovesti \u0107e u\u017euvanje na  potpuno novu razinu. <\/p>\n<p>Dana je pripremila vlastiti gin &amp; tonik, u dva okusa, Classic Gin &amp; Tonic i Pink.<\/p>\n<p>Citrusni okusi ili okusi \u0161umskog vo\u0107a nje\u017eno se mije\u0161aju s Dana ginom, napravljenim od svje\u017ee arome smreke. U kombinaciji s tonikom stvara klasi\u010dan i \u017eivopisan okus.<\/p>\n","protected":false},"excerpt":{"rendered":"<p>Vrhunsko koktel iskustvo<br \/>\nCitrusni okus<br \/>\n4.5% alkohola<\/p>\n","protected":false},"featured_media":34603,"template":"","meta":{"_seopress_robots_primary_cat":"","_seopress_titles_title":"","_seopress_titles_desc":"","_seopress_robots_index":"","iawp_total_views":0},"product_brand":[485],"product_cat":[298,261],"product_tag":[],"class_list":{"0":"post-34602","1":"product","2":"type-product","3":"status-publish","4":"has-post-thumbnail","6":"product_brand-dana","7":"product_cat-alkoholna-pica-261","8":"product_cat-hrana-i-pice","10":"first","11":"instock","12":"shipping-taxable","13":"purchasable","14":"product-type-simple"},"_links":{"self":[{"href":"https:\/\/singuli.wpress.me\/index.php\/wp-json\/wp\/v2\/product\/34602","targetHints":{"allow":["GET"]}}],"collection":[{"href":"https:\/\/singuli.wpress.me\/index.php\/wp-json\/wp\/v2\/product"}],"about":[{"href":"https:\/\/singuli.wpress.me\/index.php\/wp-json\/wp\/v2\/types\/product"}],"version-history":[{"count":0,"href":"https:\/\/singuli.wpress.me\/index.php\/wp-json\/wp\/v2\/product\/34602\/revisions"}],"wp:featuredmedia":[{"embeddable":true,"href":"https:\/\/singuli.wpress.me\/index.php\/wp-json\/wp\/v2\/media\/34603"}],"wp:attachment":[{"href":"https:\/\/singuli.wpress.me\/index.php\/wp-json\/wp\/v2\/media?parent=34602"}],"wp:term":[{"taxonomy":"product_brand","embeddable":true,"href":"https:\/\/singuli.wpress.me\/index.php\/wp-json\/wp\/v2\/product_brand?post=34602"},{"taxonomy":"product_cat","embeddable":true,"href":"https:\/\/singuli.wpress.me\/index.php\/wp-json\/wp\/v2\/product_cat?post=34602"},{"taxonomy":"product_tag","embeddable":true,"href":"https:\/\/singuli.wpress.me\/index.php\/wp-json\/wp\/v2\/product_tag?post=34602"}],"curies":[{"name":"wp","href":"https:\/\/api.w.org\/{rel}","templated":true}]}}