{"id":34618,"date":"2026-04-17T13:41:55","date_gmt":"2026-04-17T13:41:55","guid":{"rendered":"https:\/\/singuli.wpress.me\/index.php\/proizvod\/laica-set-uredaj-za-aerosolnu-terapiju-md6026-tlakomjer-za-nadlakticu-bm2302\/"},"modified":"2026-04-20T12:33:12","modified_gmt":"2026-04-20T12:33:12","slug":"laica-set-uredaj-za-aerosolnu-terapiju-md6026-tlakomjer-za-nadlakticu-bm2302","status":"publish","type":"product","link":"https:\/\/singuli.wpress.me\/index.php\/proizvod\/laica-set-uredaj-za-aerosolnu-terapiju-md6026-tlakomjer-za-nadlakticu-bm2302\/","title":{"rendered":"LAICA, set, ure\u0111aj za aerosolnu terapiju MD6026 + tlakomjer za nadlakticu BM2302"},"content":{"rendered":"<p>Ure\u0111aj za ultrazvu\u010dnu aerosolnu terapiju jam\u010di brzo i izuzetno tiho raspr\u0161ivanje.<br \/>\nJednostavan za upotrebu, njegov tihi rad \u010dini ga savr\u0161enim rje\u0161enjem za djecu.<br \/>\nUltrazvu\u010dni ure\u0111aj pretvara elektri\u010dnu energiju u visokofrekventne vibracije; ove se vibracije prenose na povr\u0161inu otopine.<br \/>\nUgra\u0111en timer inhalatora, automatsko ga\u0161enje nakon 13 minuta.<br \/>\nPakiranje uklju\u010duje: masku za odrasle, dje\u010dju masku, dio za usta i zra\u010dna cijev, 60 medicinskih \u010da\u0161ica, adapter<\/p>\n<p>Tlakomjer za nadlakticu potpuno je automatski medicinski ure\u0111aj za ku\u0107nu upotrebu.<br \/>\nOmogu\u0107uje brzo mjerenje arterijskog krvnog tlaka (sistoli\u010dkog i dijastoli\u010dkog), te otkucaja srca i ukazuje na bilo kakve aritmije.<br \/>\n30 memorija za 4 osobe (120 memorija), kompaktan i opremljen korisnim ku\u010di\u0161tem.<br \/>\nPakiranje uklju\u010duje: tlakomjer, 4 x 1.5V baterije AAA (uklju\u010deno), man\u017eeta za tlakomjer<\/p>\n","protected":false},"excerpt":{"rendered":"<p>Set sadr\u017ei ure\u0111aj za aerosolnu terapiju MD6026  i tlakomjer za nadlakticu BM2302<br \/>\nUre\u0111aj za aerosolnu terapiju jam\u010di brzo i izuzetno tiho raspr\u0161ivanje<br \/>\nTlakomjer za nadlakticu automatski je medicinski ure\u0111aj za ku\u0107nu upotrebu<\/p>\n","protected":false},"featured_media":34619,"template":"","meta":{"_seopress_robots_primary_cat":"","_seopress_titles_title":"","_seopress_titles_desc":"","_seopress_robots_index":"","iawp_total_views":0},"product_brand":[148],"product_cat":[192,267],"product_tag":[],"class_list":{"0":"post-34618","1":"product","2":"type-product","3":"status-publish","4":"has-post-thumbnail","6":"product_brand-laica","7":"product_cat-aparati-za-osobnu-njegu","8":"product_cat-zdravstveni-uredaji-192","10":"first","11":"instock","12":"shipping-taxable","13":"purchasable","14":"product-type-simple"},"_links":{"self":[{"href":"https:\/\/singuli.wpress.me\/index.php\/wp-json\/wp\/v2\/product\/34618","targetHints":{"allow":["GET"]}}],"collection":[{"href":"https:\/\/singuli.wpress.me\/index.php\/wp-json\/wp\/v2\/product"}],"about":[{"href":"https:\/\/singuli.wpress.me\/index.php\/wp-json\/wp\/v2\/types\/product"}],"version-history":[{"count":0,"href":"https:\/\/singuli.wpress.me\/index.php\/wp-json\/wp\/v2\/product\/34618\/revisions"}],"wp:featuredmedia":[{"embeddable":true,"href":"https:\/\/singuli.wpress.me\/index.php\/wp-json\/wp\/v2\/media\/34619"}],"wp:attachment":[{"href":"https:\/\/singuli.wpress.me\/index.php\/wp-json\/wp\/v2\/media?parent=34618"}],"wp:term":[{"taxonomy":"product_brand","embeddable":true,"href":"https:\/\/singuli.wpress.me\/index.php\/wp-json\/wp\/v2\/product_brand?post=34618"},{"taxonomy":"product_cat","embeddable":true,"href":"https:\/\/singuli.wpress.me\/index.php\/wp-json\/wp\/v2\/product_cat?post=34618"},{"taxonomy":"product_tag","embeddable":true,"href":"https:\/\/singuli.wpress.me\/index.php\/wp-json\/wp\/v2\/product_tag?post=34618"}],"curies":[{"name":"wp","href":"https:\/\/api.w.org\/{rel}","templated":true}]}}