{"id":34688,"date":"2026-04-17T13:42:14","date_gmt":"2026-04-17T13:42:14","guid":{"rendered":"https:\/\/singuli.wpress.me\/index.php\/proizvod\/ariel-all-in-1-touch-of-lenor-fresh-air-kapsule-za-pranje-rublja-38-pranja\/"},"modified":"2026-04-20T12:33:13","modified_gmt":"2026-04-20T12:33:13","slug":"ariel-all-in-1-touch-of-lenor-fresh-air-kapsule-za-pranje-rublja-38-pranja","status":"publish","type":"product","link":"https:\/\/singuli.wpress.me\/index.php\/proizvod\/ariel-all-in-1-touch-of-lenor-fresh-air-kapsule-za-pranje-rublja-38-pranja\/","title":{"rendered":"ARIEL All-in-1 Touch of Lenor Fresh Air, kapsule za pranje rublja, 38 pranja"},"content":{"rendered":"<p>Ariel, marka koju preporu\u010duju Whirlpool, Electrolux, Candy i Beko, predstavlja <span style=\"font-weight: bold\">kapsule teku\u0107eg deterd\u017eenta za pranje rublja Ariel Allin1 PODS\u00ae+ Touch of Lenor Fresh Air<\/span>! Imaju dodatnu plavu komoru te pru\u017eaju dubinsku \u010disto\u0107u i sedmodnevnu dugotrajnu svje\u017einu (u ormaru). Osmi\u0161ljene su za izvanredno \u010di\u0161\u0107enje \u010dak i na programima s ni\u017eim temperaturama pranja, brzo se otapaju \u010dak i u hladnoj vodi te pru\u017eaju besprijekorne rezultate. Za najbolje rezultate, u bubanj perilice prvo stavite kapsulu, a zatim rublje na nju. <\/p>\n<p><\/p>\n","protected":false},"excerpt":{"rendered":"<p>Kapsule dolaze s dodatnom plavom komorom i pru\u017eaju dugotrajnu svje\u017einu do 2 tjedna<br \/>\nUklanjajuju mrlje, donose blistavost, osvjwe\u017eavaju i \u0161tite boju<br \/>\nOsmi\u0161ljene za pranje na ni\u017eim temperaturama<\/p>\n","protected":false},"featured_media":34689,"template":"","meta":{"_seopress_robots_primary_cat":"","_seopress_titles_title":"","_seopress_titles_desc":"","_seopress_robots_index":"","iawp_total_views":0},"product_brand":[427],"product_cat":[283,238],"product_tag":[],"class_list":{"0":"post-34688","1":"product","2":"type-product","3":"status-publish","4":"has-post-thumbnail","6":"product_brand-ariel","7":"product_cat-pranje-rublja-238","8":"product_cat-sve-za-dom","10":"first","11":"instock","12":"shipping-taxable","13":"purchasable","14":"product-type-simple"},"_links":{"self":[{"href":"https:\/\/singuli.wpress.me\/index.php\/wp-json\/wp\/v2\/product\/34688","targetHints":{"allow":["GET"]}}],"collection":[{"href":"https:\/\/singuli.wpress.me\/index.php\/wp-json\/wp\/v2\/product"}],"about":[{"href":"https:\/\/singuli.wpress.me\/index.php\/wp-json\/wp\/v2\/types\/product"}],"version-history":[{"count":0,"href":"https:\/\/singuli.wpress.me\/index.php\/wp-json\/wp\/v2\/product\/34688\/revisions"}],"wp:featuredmedia":[{"embeddable":true,"href":"https:\/\/singuli.wpress.me\/index.php\/wp-json\/wp\/v2\/media\/34689"}],"wp:attachment":[{"href":"https:\/\/singuli.wpress.me\/index.php\/wp-json\/wp\/v2\/media?parent=34688"}],"wp:term":[{"taxonomy":"product_brand","embeddable":true,"href":"https:\/\/singuli.wpress.me\/index.php\/wp-json\/wp\/v2\/product_brand?post=34688"},{"taxonomy":"product_cat","embeddable":true,"href":"https:\/\/singuli.wpress.me\/index.php\/wp-json\/wp\/v2\/product_cat?post=34688"},{"taxonomy":"product_tag","embeddable":true,"href":"https:\/\/singuli.wpress.me\/index.php\/wp-json\/wp\/v2\/product_tag?post=34688"}],"curies":[{"name":"wp","href":"https:\/\/api.w.org\/{rel}","templated":true}]}}